{"version":"1.0","provider_name":"COSTA BLANCA UP","provider_url":"https:\/\/costablancaup.com\/es\/","title":"BenidormExpone: \"La guerra del bikini: Fotograf\u00eda y turismo\" - COSTA BLANCA UP","type":"rich","width":600,"height":338,"html":"<blockquote class=\"wp-embedded-content\" data-secret=\"BGfcUPvObc\"><a href=\"https:\/\/costablancaup.com\/es\/class\/benidormexpone-la-guerra-del-bikini-fotografia-y-turismo\/\">BenidormExpone: \u00abLa guerra del bikini: Fotograf\u00eda y turismo\u00bb<\/a><\/blockquote><iframe sandbox=\"allow-scripts\" security=\"restricted\" src=\"https:\/\/costablancaup.com\/es\/class\/benidormexpone-la-guerra-del-bikini-fotografia-y-turismo\/embed\/#?secret=BGfcUPvObc\" width=\"600\" height=\"338\" title=\"\u00abBenidormExpone: \u00abLa guerra del bikini: Fotograf\u00eda y turismo\u00bb\u00bb \u2014 COSTA BLANCA UP\" data-secret=\"BGfcUPvObc\" frameborder=\"0\" marginwidth=\"0\" marginheight=\"0\" scrolling=\"no\" class=\"wp-embedded-content\"><\/iframe><script type=\"text\/javascript\">\n\/* <![CDATA[ *\/\n\/*! This file is auto-generated *\/\n!function(d,l){\"use strict\";l.querySelector&&d.addEventListener&&\"undefined\"!=typeof URL&&(d.wp=d.wp||{},d.wp.receiveEmbedMessage||(d.wp.receiveEmbedMessage=function(e){var t=e.data;if((t||t.secret||t.message||t.value)&&!\/[^a-zA-Z0-9]\/.test(t.secret)){for(var s,r,n,a=l.querySelectorAll('iframe[data-secret=\"'+t.secret+'\"]'),o=l.querySelectorAll('blockquote[data-secret=\"'+t.secret+'\"]'),c=new RegExp(\"^https?:$\",\"i\"),i=0;i<o.length;i++)o[i].style.display=\"none\";for(i=0;i<a.length;i++)s=a[i],e.source===s.contentWindow&&(s.removeAttribute(\"style\"),\"height\"===t.message?(1e3<(r=parseInt(t.value,10))?r=1e3:~~r<200&&(r=200),s.height=r):\"link\"===t.message&&(r=new URL(s.getAttribute(\"src\")),n=new URL(t.value),c.test(n.protocol))&&n.host===r.host&&l.activeElement===s&&(d.top.location.href=t.value))}},d.addEventListener(\"message\",d.wp.receiveEmbedMessage,!1),l.addEventListener(\"DOMContentLoaded\",function(){for(var e,t,s=l.querySelectorAll(\"iframe.wp-embedded-content\"),r=0;r<s.length;r++)(t=(e=s[r]).getAttribute(\"data-secret\"))||(t=Math.random().toString(36).substring(2,12),e.src+=\"#?secret=\"+t,e.setAttribute(\"data-secret\",t)),e.contentWindow.postMessage({message:\"ready\",secret:t},\"*\")},!1)))}(window,document);\n\/\/# sourceURL=https:\/\/costablancaup.com\/wp-includes\/js\/wp-embed.min.js\n\/* ]]> *\/\n<\/script>\n","description":"BenidormExpone nos propone una muestra colectiva de fotograf\u00eda que tendr\u00e1n al turista como \u00fanico protagonista En las diferentes exposiciones varios autores de la provincia compartir\u00e1n su mirada sobre los visitantes. La ruta de espacios seleccionados para seguir las siete exposiciones son los Jardines del Ayuntamiento (Valiente Verde), el Puente (Mar\u00eda Moldes), la calle Dr. P\u00e9rez Llorca (Rafa Arjones), la Oficina de Turismo (Iv\u00e1n Carbonell), el Museu Boca del Calvari (Sime\u00f3n Nogueroles), la plaza de la Hispanidad (Cayetano Navarro) y el Paseo de los Carrascos (Jaume Fuster)."}

BenidormExpone: "La guerra del bikini: Fotografía y turismo" - COSTA BLANCA UP

<blockquote class="wp-embedded-content" data-secret="BGfcUPvObc"><a href="https://costablancaup.com/es/class/benidormexpone-la-guerra-del-bikini-fotografia-y-turismo/">BenidormExpone: «La guerra del bikini: Fotografía y turismo»</a></blockquote><iframe sandbox="allow-scripts" security="restricted" src="https://costablancaup.com/es/class/benidormexpone-la-guerra-del-bikini-fotografia-y-turismo/embed/#?secret=BGfcUPvObc" width="600" height="338" title="«BenidormExpone: «La guerra del bikini: Fotografía y turismo»» — COSTA BLANCA UP" data-secret="BGfcUPvObc" frameborder="0" marginwidth="0" marginheight="0" scrolling="no" class="wp-embedded-content"></iframe><script type="text/javascript">
/* <![CDATA[ */
/*! This file is auto-generated */
!function(d,l){"use strict";l.querySelector&&d.addEventListener&&"undefined"!=typeof URL&&(d.wp=d.wp||{},d.wp.receiveEmbedMessage||(d.wp.receiveEmbedMessage=function(e){var t=e.data;if((t||t.secret||t.message||t.value)&&!/[^a-zA-Z0-9]/.test(t.secret)){for(var s,r,n,a=l.querySelectorAll('iframe[data-secret="'+t.secret+'"]'),o=l.querySelectorAll('blockquote[data-secret="'+t.secret+'"]'),c=new RegExp("^https?:$","i"),i=0;i<o.length;i++)o[i].style.display="none";for(i=0;i<a.length;i++)s=a[i],e.source===s.contentWindow&&(s.removeAttribute("style"),"height"===t.message?(1e3<(r=parseInt(t.value,10))?r=1e3:~~r<200&&(r=200),s.height=r):"link"===t.message&&(r=new URL(s.getAttribute("src")),n=new URL(t.value),c.test(n.protocol))&&n.host===r.host&&l.activeElement===s&&(d.top.location.href=t.value))}},d.addEventListener("message",d.wp.receiveEmbedMessage,!1),l.addEventListener("DOMContentLoaded",function(){for(var e,t,s=l.querySelectorAll("iframe.wp-embedded-content"),r=0;r<s.length;r++)(t=(e=s[r]).getAttribute("data-secret"))||(t=Math.random().toString(36).substring(2,12),e.src+="#?secret="+t,e.setAttribute("data-secret",t)),e.contentWindow.postMessage({message:"ready",secret:t},"*")},!1)))}(window,document);
//# sourceURL=https://costablancaup.com/wp-includes/js/wp-embed.min.js
/* ]]> */
</script>

BenidormExpone nos propone una muestra colectiva de fotografía que tendrán al turista como único protagonista En las diferentes exposiciones varios autores de la provincia compartirán su mirada sobre los visitantes. La ruta de espacios seleccionados para seguir las siete exposiciones son los Jardines del Ayuntamiento (Valiente Verde), el Puente (María Moldes), la calle Dr. Pérez Llorca (Rafa Arjones), la Oficina de Turismo (Iván Carbonell), el Museu Boca del Calvari (Simeón Nogueroles), la plaza de la Hispanidad (Cayetano Navarro) y el Paseo de los Carrascos (Jaume Fuster).
