{"version":"1.0","provider_name":"COSTA BLANCA UP","provider_url":"https:\/\/costablancaup.com\/es\/","title":"Concurso de Paella de Cullera: Final Nacional - COSTA BLANCA UP","type":"rich","width":600,"height":338,"html":"<blockquote class=\"wp-embedded-content\" data-secret=\"X439B7z4YR\"><a href=\"https:\/\/costablancaup.com\/es\/class\/concurso-de-paella-de-cullera-final-nacional\/\">Concurso de Paella de Cullera: Final Nacional<\/a><\/blockquote><iframe sandbox=\"allow-scripts\" security=\"restricted\" src=\"https:\/\/costablancaup.com\/es\/class\/concurso-de-paella-de-cullera-final-nacional\/embed\/#?secret=X439B7z4YR\" width=\"600\" height=\"338\" title=\"\u00abConcurso de Paella de Cullera: Final Nacional\u00bb \u2014 COSTA BLANCA UP\" data-secret=\"X439B7z4YR\" frameborder=\"0\" marginwidth=\"0\" marginheight=\"0\" scrolling=\"no\" class=\"wp-embedded-content\"><\/iframe><script type=\"text\/javascript\">\n\/* <![CDATA[ *\/\n\/*! This file is auto-generated *\/\n!function(d,l){\"use strict\";l.querySelector&&d.addEventListener&&\"undefined\"!=typeof URL&&(d.wp=d.wp||{},d.wp.receiveEmbedMessage||(d.wp.receiveEmbedMessage=function(e){var t=e.data;if((t||t.secret||t.message||t.value)&&!\/[^a-zA-Z0-9]\/.test(t.secret)){for(var s,r,n,a=l.querySelectorAll('iframe[data-secret=\"'+t.secret+'\"]'),o=l.querySelectorAll('blockquote[data-secret=\"'+t.secret+'\"]'),c=new RegExp(\"^https?:$\",\"i\"),i=0;i<o.length;i++)o[i].style.display=\"none\";for(i=0;i<a.length;i++)s=a[i],e.source===s.contentWindow&&(s.removeAttribute(\"style\"),\"height\"===t.message?(1e3<(r=parseInt(t.value,10))?r=1e3:~~r<200&&(r=200),s.height=r):\"link\"===t.message&&(r=new URL(s.getAttribute(\"src\")),n=new URL(t.value),c.test(n.protocol))&&n.host===r.host&&l.activeElement===s&&(d.top.location.href=t.value))}},d.addEventListener(\"message\",d.wp.receiveEmbedMessage,!1),l.addEventListener(\"DOMContentLoaded\",function(){for(var e,t,s=l.querySelectorAll(\"iframe.wp-embedded-content\"),r=0;r<s.length;r++)(t=(e=s[r]).getAttribute(\"data-secret\"))||(t=Math.random().toString(36).substring(2,12),e.src+=\"#?secret=\"+t,e.setAttribute(\"data-secret\",t)),e.contentWindow.postMessage({message:\"ready\",secret:t},\"*\")},!1)))}(window,document);\n\/\/# sourceURL=https:\/\/costablancaup.com\/wp-includes\/js\/wp-embed.min.js\n\/* ]]> *\/\n<\/script>\n","description":"La iniciativa pretende promocionar tanto la gastronom\u00eda y productos locales como la riqueza del patrimonio hist\u00f3rico, cultural y natural del municipio. La competici\u00f3n gastron\u00f3mica local tendr\u00e1 lugar el martes 12 de febrero en los Jardines del Mercado y, de la misma saldr\u00e1n los tres ganadores que competir\u00e1n en la Final Nacional el martes, 26 de febrero en la plaza de la Constituci\u00f3n. El certamen gastron\u00f3mico re\u00fane a importantes figuras de la cocina de la Costa Blanca y, en esta edici\u00f3n rinde homenaje a Salvador Gasc\u00f3n, prestigioso gastr\u00f3nomo creador de la receta de la paella de Cullera. Horarios Martes, 26 de [&hellip;]"}

La iniciativa pretende promocionar tanto la gastronomía y productos locales como la riqueza del patrimonio histórico, cultural y natural del municipio. La competición gastronómica local tendrá lugar el martes 12 de febrero en los Jardines del Mercado y, de la misma saldrán los tres ganadores que competirán en la Final Nacional el martes, 26 de febrero en la plaza de la Constitución. El certamen gastronómico reúne a importantes figuras de la cocina de la Costa Blanca y, en esta edición rinde homenaje a Salvador Gascón, prestigioso gastrónomo creador de la receta de la paella de Cullera. Horarios Martes, 26 de [&hellip;]
