{"version":"1.0","provider_name":"COSTA BLANCA UP","provider_url":"https:\/\/costablancaup.com\/es\/","title":"COSTA BLANCA UP - \"Feria de muestras de Villena 2019\"","type":"rich","width":600,"height":338,"html":"<blockquote class=\"wp-embedded-content\" data-secret=\"glAZFhPjjS\"><a href=\"https:\/\/costablancaup.com\/es\/feria-de-muestras-de-villena-2019\/\">\u00abFeria de muestras de Villena 2019\u00bb<\/a><\/blockquote><iframe sandbox=\"allow-scripts\" security=\"restricted\" src=\"https:\/\/costablancaup.com\/es\/feria-de-muestras-de-villena-2019\/embed\/#?secret=glAZFhPjjS\" width=\"600\" height=\"338\" title=\"\u00ab\u00abFeria de muestras de Villena 2019\u00bb\u00bb \u2014 COSTA BLANCA UP\" data-secret=\"glAZFhPjjS\" frameborder=\"0\" marginwidth=\"0\" marginheight=\"0\" scrolling=\"no\" class=\"wp-embedded-content\"><\/iframe><script type=\"text\/javascript\">\n\/* <![CDATA[ *\/\n\/*! This file is auto-generated *\/\n!function(d,l){\"use strict\";l.querySelector&&d.addEventListener&&\"undefined\"!=typeof URL&&(d.wp=d.wp||{},d.wp.receiveEmbedMessage||(d.wp.receiveEmbedMessage=function(e){var t=e.data;if((t||t.secret||t.message||t.value)&&!\/[^a-zA-Z0-9]\/.test(t.secret)){for(var s,r,n,a=l.querySelectorAll('iframe[data-secret=\"'+t.secret+'\"]'),o=l.querySelectorAll('blockquote[data-secret=\"'+t.secret+'\"]'),c=new RegExp(\"^https?:$\",\"i\"),i=0;i<o.length;i++)o[i].style.display=\"none\";for(i=0;i<a.length;i++)s=a[i],e.source===s.contentWindow&&(s.removeAttribute(\"style\"),\"height\"===t.message?(1e3<(r=parseInt(t.value,10))?r=1e3:~~r<200&&(r=200),s.height=r):\"link\"===t.message&&(r=new URL(s.getAttribute(\"src\")),n=new URL(t.value),c.test(n.protocol))&&n.host===r.host&&l.activeElement===s&&(d.top.location.href=t.value))}},d.addEventListener(\"message\",d.wp.receiveEmbedMessage,!1),l.addEventListener(\"DOMContentLoaded\",function(){for(var e,t,s=l.querySelectorAll(\"iframe.wp-embedded-content\"),r=0;r<s.length;r++)(t=(e=s[r]).getAttribute(\"data-secret\"))||(t=Math.random().toString(36).substring(2,12),e.src+=\"#?secret=\"+t,e.setAttribute(\"data-secret\",t)),e.contentWindow.postMessage({message:\"ready\",secret:t},\"*\")},!1)))}(window,document);\n\/\/# sourceURL=https:\/\/costablancaup.com\/wp-includes\/js\/wp-embed.min.js\n\/* ]]> *\/\n<\/script>\n","thumbnail_url":"https:\/\/costablancaup.com\/wp-content\/uploads\/2019\/09\/feria-muestras-villena-2019.jpg","thumbnail_width":800,"thumbnail_height":373,"description":"La feria tendr\u00e1 lugar del 27 al 29 de septiembre en el Recinto Ferial de Villena. Se trata de un espacio experiencial, que funciona como un escaparate de todo el potencial del comercio, la agricultura, el motor, la promoci\u00f3n, el ocio y el turismo de Villena y de otras poblaciones de la comarca. A trav\u00e9s de expositores, degustaciones, charlas, m\u00fasica, exhibiciones, actividades y talleres se mostrar\u00e1 al p\u00fablico los productos y servicios que ofrecen las instituciones, empresas y asociaciones locales y comarcales. Programa Ver el programa de actividades &nbsp; Localizaci\u00f3n"}

La feria tendrá lugar del 27 al 29 de septiembre en el Recinto Ferial de Villena. Se trata de un espacio experiencial, que funciona como un escaparate de todo el potencial del comercio, la agricultura, el motor, la promoción, el ocio y el turismo de Villena y de otras poblaciones de la comarca. A través de expositores, degustaciones, charlas, música, exhibiciones, actividades y talleres se mostrará al público los productos y servicios que ofrecen las instituciones, empresas y asociaciones locales y comarcales. Programa Ver el programa de actividades &nbsp; Localización
