{"version":"1.0","provider_name":"COSTA BLANCA UP","provider_url":"https:\/\/costablancaup.com\/es\/","title":"\"Feria de San Isidro\" - COSTA BLANCA UP","type":"rich","width":600,"height":338,"html":"<blockquote class=\"wp-embedded-content\" data-secret=\"CU2xth8i6X\"><a href=\"https:\/\/costablancaup.com\/es\/class\/feria-de-san-isidro\/\">\u00abFeria de San Isidro\u00bb<\/a><\/blockquote><iframe sandbox=\"allow-scripts\" security=\"restricted\" src=\"https:\/\/costablancaup.com\/es\/class\/feria-de-san-isidro\/embed\/#?secret=CU2xth8i6X\" width=\"600\" height=\"338\" title=\"\u00ab\u00abFeria de San Isidro\u00bb\u00bb \u2014 COSTA BLANCA UP\" data-secret=\"CU2xth8i6X\" frameborder=\"0\" marginwidth=\"0\" marginheight=\"0\" scrolling=\"no\" class=\"wp-embedded-content\"><\/iframe><script type=\"text\/javascript\">\n\/* <![CDATA[ *\/\n\/*! This file is auto-generated *\/\n!function(d,l){\"use strict\";l.querySelector&&d.addEventListener&&\"undefined\"!=typeof URL&&(d.wp=d.wp||{},d.wp.receiveEmbedMessage||(d.wp.receiveEmbedMessage=function(e){var t=e.data;if((t||t.secret||t.message||t.value)&&!\/[^a-zA-Z0-9]\/.test(t.secret)){for(var s,r,n,a=l.querySelectorAll('iframe[data-secret=\"'+t.secret+'\"]'),o=l.querySelectorAll('blockquote[data-secret=\"'+t.secret+'\"]'),c=new RegExp(\"^https?:$\",\"i\"),i=0;i<o.length;i++)o[i].style.display=\"none\";for(i=0;i<a.length;i++)s=a[i],e.source===s.contentWindow&&(s.removeAttribute(\"style\"),\"height\"===t.message?(1e3<(r=parseInt(t.value,10))?r=1e3:~~r<200&&(r=200),s.height=r):\"link\"===t.message&&(r=new URL(s.getAttribute(\"src\")),n=new URL(t.value),c.test(n.protocol))&&n.host===r.host&&l.activeElement===s&&(d.top.location.href=t.value))}},d.addEventListener(\"message\",d.wp.receiveEmbedMessage,!1),l.addEventListener(\"DOMContentLoaded\",function(){for(var e,t,s=l.querySelectorAll(\"iframe.wp-embedded-content\"),r=0;r<s.length;r++)(t=(e=s[r]).getAttribute(\"data-secret\"))||(t=Math.random().toString(36).substring(2,12),e.src+=\"#?secret=\"+t,e.setAttribute(\"data-secret\",t)),e.contentWindow.postMessage({message:\"ready\",secret:t},\"*\")},!1)))}(window,document);\n\/\/# sourceURL=https:\/\/costablancaup.com\/wp-includes\/js\/wp-embed.min.js\n\/* ]]> *\/\n<\/script>\n","description":"Del 17 al 19 de mayo la localidad alicantina de Castalla celebrar\u00e1 la XXVII edici\u00f3n de este tradicional evento. Esta edici\u00f3n de la feria contar\u00e1 con m\u00e1s de 200 expositores situados en el casco urbano y en el centro hist\u00f3rico de Castalla, as\u00ed como una enorme oferta de ocio, comercio, cultura, gastronom\u00eda y turismo para todas las edades. En las diferentes zonas en las que se divide la feria se organizar\u00e1n un sinf\u00edn de actividades: exposiciones, actividades infantiles y juveniles, m\u00fasica, bailes, correfocs y muchas m\u00e1s cosas. Programa Localizaci\u00f3n","thumbnail_url":"https:\/\/costablancaup.com\/wp-content\/uploads\/2019\/05\/feria-san-isidro-castalla-2019-programa.jpg"}

Del 17 al 19 de mayo la localidad alicantina de Castalla celebrará la XXVII edición de este tradicional evento. Esta edición de la feria contará con más de 200 expositores situados en el casco urbano y en el centro histórico de Castalla, así como una enorme oferta de ocio, comercio, cultura, gastronomía y turismo para todas las edades. En las diferentes zonas en las que se divide la feria se organizarán un sinfín de actividades: exposiciones, actividades infantiles y juveniles, música, bailes, correfocs y muchas más cosas. Programa Localización
