{"version":"1.0","provider_name":"COSTA BLANCA UP","provider_url":"https:\/\/costablancaup.com\/es\/","title":"Feria del Cava Valenciano - COSTA BLANCA UP","type":"rich","width":600,"height":338,"html":"<blockquote class=\"wp-embedded-content\" data-secret=\"ihjqZ49ki9\"><a href=\"https:\/\/costablancaup.com\/es\/class\/feria-del-cava-valenciano-2\/\">Feria del Cava Valenciano<\/a><\/blockquote><iframe sandbox=\"allow-scripts\" security=\"restricted\" src=\"https:\/\/costablancaup.com\/es\/class\/feria-del-cava-valenciano-2\/embed\/#?secret=ihjqZ49ki9\" width=\"600\" height=\"338\" title=\"\u00abFeria del Cava Valenciano\u00bb \u2014 COSTA BLANCA UP\" data-secret=\"ihjqZ49ki9\" frameborder=\"0\" marginwidth=\"0\" marginheight=\"0\" scrolling=\"no\" class=\"wp-embedded-content\"><\/iframe><script type=\"text\/javascript\">\n\/* <![CDATA[ *\/\n\/*! This file is auto-generated *\/\n!function(d,l){\"use strict\";l.querySelector&&d.addEventListener&&\"undefined\"!=typeof URL&&(d.wp=d.wp||{},d.wp.receiveEmbedMessage||(d.wp.receiveEmbedMessage=function(e){var t=e.data;if((t||t.secret||t.message||t.value)&&!\/[^a-zA-Z0-9]\/.test(t.secret)){for(var s,r,n,a=l.querySelectorAll('iframe[data-secret=\"'+t.secret+'\"]'),o=l.querySelectorAll('blockquote[data-secret=\"'+t.secret+'\"]'),c=new RegExp(\"^https?:$\",\"i\"),i=0;i<o.length;i++)o[i].style.display=\"none\";for(i=0;i<a.length;i++)s=a[i],e.source===s.contentWindow&&(s.removeAttribute(\"style\"),\"height\"===t.message?(1e3<(r=parseInt(t.value,10))?r=1e3:~~r<200&&(r=200),s.height=r):\"link\"===t.message&&(r=new URL(s.getAttribute(\"src\")),n=new URL(t.value),c.test(n.protocol))&&n.host===r.host&&l.activeElement===s&&(d.top.location.href=t.value))}},d.addEventListener(\"message\",d.wp.receiveEmbedMessage,!1),l.addEventListener(\"DOMContentLoaded\",function(){for(var e,t,s=l.querySelectorAll(\"iframe.wp-embedded-content\"),r=0;r<s.length;r++)(t=(e=s[r]).getAttribute(\"data-secret\"))||(t=Math.random().toString(36).substring(2,12),e.src+=\"#?secret=\"+t,e.setAttribute(\"data-secret\",t)),e.contentWindow.postMessage({message:\"ready\",secret:t},\"*\")},!1)))}(window,document);\n\/\/# sourceURL=https:\/\/costablancaup.com\/wp-includes\/js\/wp-embed.min.js\n\/* ]]> *\/\n<\/script>\n","description":"El evento tendr\u00e1 lugar del 23 al 25 de noviembre en el Mercado Col\u00f3n de Valencia. La sexta edici\u00f3n de esta feria re\u00fane un total de nueve firmas valencianas con el objetivo dar a conocer y degustar el cava valenciano, elaborado en algunas bodegas de Requena. En la feria se expondr\u00e1n los excelentes cavas de las bodegas valencianas junto a la mejor gastronom\u00eda de la tierra por parte de los locales del Mercado de Col\u00f3n, dando especial protagonismo al maridaje con los cavas. Adem\u00e1s se realizar\u00e1n actividades pararelas entre las que destacan diversos sorteos y talleres de catas a ciegas [&hellip;]"}

El evento tendrá lugar del 23 al 25 de noviembre en el Mercado Colón de Valencia. La sexta edición de esta feria reúne un total de nueve firmas valencianas con el objetivo dar a conocer y degustar el cava valenciano, elaborado en algunas bodegas de Requena. En la feria se expondrán los excelentes cavas de las bodegas valencianas junto a la mejor gastronomía de la tierra por parte de los locales del Mercado de Colón, dando especial protagonismo al maridaje con los cavas. Además se realizarán actividades pararelas entre las que destacan diversos sorteos y talleres de catas a ciegas [&hellip;]
