{"version":"1.0","provider_name":"COSTA BLANCA UP","provider_url":"https:\/\/costablancaup.com\/es\/","title":"Feria Modernista de Petrer - COSTA BLANCA UP","type":"rich","width":600,"height":338,"html":"<blockquote class=\"wp-embedded-content\" data-secret=\"8IwesFGxSw\"><a href=\"https:\/\/costablancaup.com\/es\/class\/feria-modernista-de-petrer\/\">Feria Modernista de Petrer<\/a><\/blockquote><iframe sandbox=\"allow-scripts\" security=\"restricted\" src=\"https:\/\/costablancaup.com\/es\/class\/feria-modernista-de-petrer\/embed\/#?secret=8IwesFGxSw\" width=\"600\" height=\"338\" title=\"\u00abFeria Modernista de Petrer\u00bb \u2014 COSTA BLANCA UP\" data-secret=\"8IwesFGxSw\" frameborder=\"0\" marginwidth=\"0\" marginheight=\"0\" scrolling=\"no\" class=\"wp-embedded-content\"><\/iframe><script type=\"text\/javascript\">\n\/* <![CDATA[ *\/\n\/*! This file is auto-generated *\/\n!function(d,l){\"use strict\";l.querySelector&&d.addEventListener&&\"undefined\"!=typeof URL&&(d.wp=d.wp||{},d.wp.receiveEmbedMessage||(d.wp.receiveEmbedMessage=function(e){var t=e.data;if((t||t.secret||t.message||t.value)&&!\/[^a-zA-Z0-9]\/.test(t.secret)){for(var s,r,n,a=l.querySelectorAll('iframe[data-secret=\"'+t.secret+'\"]'),o=l.querySelectorAll('blockquote[data-secret=\"'+t.secret+'\"]'),c=new RegExp(\"^https?:$\",\"i\"),i=0;i<o.length;i++)o[i].style.display=\"none\";for(i=0;i<a.length;i++)s=a[i],e.source===s.contentWindow&&(s.removeAttribute(\"style\"),\"height\"===t.message?(1e3<(r=parseInt(t.value,10))?r=1e3:~~r<200&&(r=200),s.height=r):\"link\"===t.message&&(r=new URL(s.getAttribute(\"src\")),n=new URL(t.value),c.test(n.protocol))&&n.host===r.host&&l.activeElement===s&&(d.top.location.href=t.value))}},d.addEventListener(\"message\",d.wp.receiveEmbedMessage,!1),l.addEventListener(\"DOMContentLoaded\",function(){for(var e,t,s=l.querySelectorAll(\"iframe.wp-embedded-content\"),r=0;r<s.length;r++)(t=(e=s[r]).getAttribute(\"data-secret\"))||(t=Math.random().toString(36).substring(2,12),e.src+=\"#?secret=\"+t,e.setAttribute(\"data-secret\",t)),e.contentWindow.postMessage({message:\"ready\",secret:t},\"*\")},!1)))}(window,document);\n\/\/# sourceURL=https:\/\/costablancaup.com\/wp-includes\/js\/wp-embed.min.js\n\/* ]]> *\/\n<\/script>\n","description":"Del 15 al 17 de febrero las calles y plazas del casco hist\u00f3rico de Petrer acogen la primera edici\u00f3n de este evento. La Feria montar\u00e1 un mercado de oficios con unos 60 puestos de artesan\u00eda, adem\u00e1s de programar numerosas actividades relacionadas con la tem\u00e1tica modernista, como bailes con figurantes, visitas guiadas y exposiciones. Adem\u00e1s, para los m\u00e1s peque\u00f1os la Feria contar\u00e1 con diversos talleres infantiles y atracciones como tiovivo, noria y camas el\u00e1sticas. Programa Viernes, 15 de febrero 17:00 horas \u2013 Apertura del mercado. 17:00 a 18:30 horas \u2013 Camas el\u00e1sticas gratuitas. 19:00 horas \u2013 Talleres. S\u00e1bado, 16 de febrero [&hellip;]"}

Del 15 al 17 de febrero las calles y plazas del casco histórico de Petrer acogen la primera edición de este evento. La Feria montará un mercado de oficios con unos 60 puestos de artesanía, además de programar numerosas actividades relacionadas con la temática modernista, como bailes con figurantes, visitas guiadas y exposiciones. Además, para los más pequeños la Feria contará con diversos talleres infantiles y atracciones como tiovivo, noria y camas elásticas. Programa Viernes, 15 de febrero 17:00 horas – Apertura del mercado. 17:00 a 18:30 horas – Camas elásticas gratuitas. 19:00 horas – Talleres. Sábado, 16 de febrero [&hellip;]
