{"version":"1.0","provider_name":"COSTA BLANCA UP","provider_url":"https:\/\/costablancaup.com\/es\/","title":"Feria y Fiesta de la Vendimia de Requena - COSTA BLANCA UP","type":"rich","width":600,"height":338,"html":"<blockquote class=\"wp-embedded-content\" data-secret=\"EaPNbJK0sV\"><a href=\"https:\/\/costablancaup.com\/es\/class\/feria-y-fiesta-de-la-vendimia-de-requena\/\">Feria y Fiesta de la Vendimia de Requena<\/a><\/blockquote><iframe sandbox=\"allow-scripts\" security=\"restricted\" src=\"https:\/\/costablancaup.com\/es\/class\/feria-y-fiesta-de-la-vendimia-de-requena\/embed\/#?secret=EaPNbJK0sV\" width=\"600\" height=\"338\" title=\"\u00abFeria y Fiesta de la Vendimia de Requena\u00bb \u2014 COSTA BLANCA UP\" data-secret=\"EaPNbJK0sV\" frameborder=\"0\" marginwidth=\"0\" marginheight=\"0\" scrolling=\"no\" class=\"wp-embedded-content\"><\/iframe><script type=\"text\/javascript\">\n\/* <![CDATA[ *\/\n\/*! This file is auto-generated *\/\n!function(d,l){\"use strict\";l.querySelector&&d.addEventListener&&\"undefined\"!=typeof URL&&(d.wp=d.wp||{},d.wp.receiveEmbedMessage||(d.wp.receiveEmbedMessage=function(e){var t=e.data;if((t||t.secret||t.message||t.value)&&!\/[^a-zA-Z0-9]\/.test(t.secret)){for(var s,r,n,a=l.querySelectorAll('iframe[data-secret=\"'+t.secret+'\"]'),o=l.querySelectorAll('blockquote[data-secret=\"'+t.secret+'\"]'),c=new RegExp(\"^https?:$\",\"i\"),i=0;i<o.length;i++)o[i].style.display=\"none\";for(i=0;i<a.length;i++)s=a[i],e.source===s.contentWindow&&(s.removeAttribute(\"style\"),\"height\"===t.message?(1e3<(r=parseInt(t.value,10))?r=1e3:~~r<200&&(r=200),s.height=r):\"link\"===t.message&&(r=new URL(s.getAttribute(\"src\")),n=new URL(t.value),c.test(n.protocol))&&n.host===r.host&&l.activeElement===s&&(d.top.location.href=t.value))}},d.addEventListener(\"message\",d.wp.receiveEmbedMessage,!1),l.addEventListener(\"DOMContentLoaded\",function(){for(var e,t,s=l.querySelectorAll(\"iframe.wp-embedded-content\"),r=0;r<s.length;r++)(t=(e=s[r]).getAttribute(\"data-secret\"))||(t=Math.random().toString(36).substring(2,12),e.src+=\"#?secret=\"+t,e.setAttribute(\"data-secret\",t)),e.contentWindow.postMessage({message:\"ready\",secret:t},\"*\")},!1)))}(window,document);\n\/\/# sourceURL=https:\/\/costablancaup.com\/wp-includes\/js\/wp-embed.min.js\n\/* ]]> *\/\n<\/script>\n","description":"Del 22 de agosto al 2 de septiembre de 2018, Requena celebra su \u00abFeria y Fiesta de la Vendimia\u00bb Este a\u00f1o se celebra la edici\u00f3n LXXI de la \u00abFiesta de la Vendimia\u00bb declarada de Inter\u00e9s Tur\u00edstico en 1966 y considerada como la m\u00e1s antigua y una de las m\u00e1s importantes de Espa\u00f1a, en la que se demuestra la alegr\u00eda colectiva que se siente al contemplar el pisado de los primeros racimos de uva. Esta fiesta que tiene a la uva y el vino como sus m\u00e1ximos protagonistas, cuenta con una completa agenda de eventos que van desde pasacalles, desfiles, masclet\u00e1s [&hellip;]","thumbnail_url":"https:\/\/costablancaup.com\/wp-content\/uploads\/2018\/08\/feriavendimiarequena-cartelv.jpg"}

Del 22 de agosto al 2 de septiembre de 2018, Requena celebra su «Feria y Fiesta de la Vendimia» Este año se celebra la edición LXXI de la «Fiesta de la Vendimia» declarada de Interés Turístico en 1966 y considerada como la más antigua y una de las más importantes de España, en la que se demuestra la alegría colectiva que se siente al contemplar el pisado de los primeros racimos de uva. Esta fiesta que tiene a la uva y el vino como sus máximos protagonistas, cuenta con una completa agenda de eventos que van desde pasacalles, desfiles, mascletás [&hellip;]
