{"version":"1.0","provider_name":"COSTA BLANCA UP","provider_url":"https:\/\/costablancaup.com\/es\/","title":"COSTA BLANCA UP - \"Festival Mar\u00edtimo V Centenario\" en Valencia","type":"rich","width":600,"height":338,"html":"<blockquote class=\"wp-embedded-content\" data-secret=\"aDxO28ndp1\"><a href=\"https:\/\/costablancaup.com\/es\/festival-maritimo-v-centenario-en-valencia\/\">\u00abFestival Mar\u00edtimo V Centenario\u00bb en Valencia<\/a><\/blockquote><iframe sandbox=\"allow-scripts\" security=\"restricted\" src=\"https:\/\/costablancaup.com\/es\/festival-maritimo-v-centenario-en-valencia\/embed\/#?secret=aDxO28ndp1\" width=\"600\" height=\"338\" title=\"\u00ab\u00abFestival Mar\u00edtimo V Centenario\u00bb en Valencia\u00bb \u2014 COSTA BLANCA UP\" data-secret=\"aDxO28ndp1\" frameborder=\"0\" marginwidth=\"0\" marginheight=\"0\" scrolling=\"no\" class=\"wp-embedded-content\"><\/iframe><script type=\"text\/javascript\">\n\/* <![CDATA[ *\/\n\/*! This file is auto-generated *\/\n!function(d,l){\"use strict\";l.querySelector&&d.addEventListener&&\"undefined\"!=typeof URL&&(d.wp=d.wp||{},d.wp.receiveEmbedMessage||(d.wp.receiveEmbedMessage=function(e){var t=e.data;if((t||t.secret||t.message||t.value)&&!\/[^a-zA-Z0-9]\/.test(t.secret)){for(var s,r,n,a=l.querySelectorAll('iframe[data-secret=\"'+t.secret+'\"]'),o=l.querySelectorAll('blockquote[data-secret=\"'+t.secret+'\"]'),c=new RegExp(\"^https?:$\",\"i\"),i=0;i<o.length;i++)o[i].style.display=\"none\";for(i=0;i<a.length;i++)s=a[i],e.source===s.contentWindow&&(s.removeAttribute(\"style\"),\"height\"===t.message?(1e3<(r=parseInt(t.value,10))?r=1e3:~~r<200&&(r=200),s.height=r):\"link\"===t.message&&(r=new URL(s.getAttribute(\"src\")),n=new URL(t.value),c.test(n.protocol))&&n.host===r.host&&l.activeElement===s&&(d.top.location.href=t.value))}},d.addEventListener(\"message\",d.wp.receiveEmbedMessage,!1),l.addEventListener(\"DOMContentLoaded\",function(){for(var e,t,s=l.querySelectorAll(\"iframe.wp-embedded-content\"),r=0;r<s.length;r++)(t=(e=s[r]).getAttribute(\"data-secret\"))||(t=Math.random().toString(36).substring(2,12),e.src+=\"#?secret=\"+t,e.setAttribute(\"data-secret\",t)),e.contentWindow.postMessage({message:\"ready\",secret:t},\"*\")},!1)))}(window,document);\n\/\/# sourceURL=https:\/\/costablancaup.com\/wp-includes\/js\/wp-embed.min.js\n\/* ]]> *\/\n<\/script>\n","thumbnail_url":"https:\/\/costablancaup.com\/wp-content\/uploads\/2020\/03\/festival-v-centenario-valencia.jpg","thumbnail_width":800,"thumbnail_height":476,"description":"El festival mar\u00edtimo, que conmemora el quinto centenario de la primera Vuelta al Mundo, tendr\u00e1 lugar del 11 al 22 de marzo en La Marina de Valencia. Para la ocasi\u00f3n podr\u00e1n ser visitados dos hist\u00f3ricos nav\u00edos, obras maestras de la cultura mar\u00edtima espa\u00f1ola de los siglos XVI y XVII: el Gale\u00f3n Andaluc\u00eda, r\u00e9plica de los nav\u00edos espa\u00f1oles que realizaban las rutas comerciales entre Espa\u00f1a y Am\u00e9rica; y la Nao Victoria, protagonista de la primera Vuelta al Mundo. Se trata de una oportunidad \u00fanica de realizar un viaje en el tiempo y conocer c\u00f3mo era la vida de los marineros de [&hellip;]"}

COSTA BLANCA UP - "Festival Marítimo V Centenario" en Valencia

<blockquote class="wp-embedded-content" data-secret="aDxO28ndp1"><a href="https://costablancaup.com/es/festival-maritimo-v-centenario-en-valencia/">«Festival Marítimo V Centenario» en Valencia</a></blockquote><iframe sandbox="allow-scripts" security="restricted" src="https://costablancaup.com/es/festival-maritimo-v-centenario-en-valencia/embed/#?secret=aDxO28ndp1" width="600" height="338" title="««Festival Marítimo V Centenario» en Valencia» — COSTA BLANCA UP" data-secret="aDxO28ndp1" frameborder="0" marginwidth="0" marginheight="0" scrolling="no" class="wp-embedded-content"></iframe><script type="text/javascript">
/* <![CDATA[ */
/*! This file is auto-generated */
!function(d,l){"use strict";l.querySelector&&d.addEventListener&&"undefined"!=typeof URL&&(d.wp=d.wp||{},d.wp.receiveEmbedMessage||(d.wp.receiveEmbedMessage=function(e){var t=e.data;if((t||t.secret||t.message||t.value)&&!/[^a-zA-Z0-9]/.test(t.secret)){for(var s,r,n,a=l.querySelectorAll('iframe[data-secret="'+t.secret+'"]'),o=l.querySelectorAll('blockquote[data-secret="'+t.secret+'"]'),c=new RegExp("^https?:$","i"),i=0;i<o.length;i++)o[i].style.display="none";for(i=0;i<a.length;i++)s=a[i],e.source===s.contentWindow&&(s.removeAttribute("style"),"height"===t.message?(1e3<(r=parseInt(t.value,10))?r=1e3:~~r<200&&(r=200),s.height=r):"link"===t.message&&(r=new URL(s.getAttribute("src")),n=new URL(t.value),c.test(n.protocol))&&n.host===r.host&&l.activeElement===s&&(d.top.location.href=t.value))}},d.addEventListener("message",d.wp.receiveEmbedMessage,!1),l.addEventListener("DOMContentLoaded",function(){for(var e,t,s=l.querySelectorAll("iframe.wp-embedded-content"),r=0;r<s.length;r++)(t=(e=s[r]).getAttribute("data-secret"))||(t=Math.random().toString(36).substring(2,12),e.src+="#?secret="+t,e.setAttribute("data-secret",t)),e.contentWindow.postMessage({message:"ready",secret:t},"*")},!1)))}(window,document);
//# sourceURL=https://costablancaup.com/wp-includes/js/wp-embed.min.js
/* ]]> */
</script>

El festival marítimo, que conmemora el quinto centenario de la primera Vuelta al Mundo, tendrá lugar del 11 al 22 de marzo en La Marina de Valencia. Para la ocasión podrán ser visitados dos históricos navíos, obras maestras de la cultura marítima española de los siglos XVI y XVII: el Galeón Andalucía, réplica de los navíos españoles que realizaban las rutas comerciales entre España y América; y la Nao Victoria, protagonista de la primera Vuelta al Mundo. Se trata de una oportunidad única de realizar un viaje en el tiempo y conocer cómo era la vida de los marineros de [&hellip;]
