{"version":"1.0","provider_name":"COSTA BLANCA UP","provider_url":"https:\/\/costablancaup.com\/es\/","title":"Fiestas Patronales de Elche - COSTA BLANCA UP","type":"rich","width":600,"height":338,"html":"<blockquote class=\"wp-embedded-content\" data-secret=\"Rt4TwzNrk4\"><a href=\"https:\/\/costablancaup.com\/es\/class\/fiestas-patronales-de-elche-8\/\">Fiestas Patronales de Elche<\/a><\/blockquote><iframe sandbox=\"allow-scripts\" security=\"restricted\" src=\"https:\/\/costablancaup.com\/es\/class\/fiestas-patronales-de-elche-8\/embed\/#?secret=Rt4TwzNrk4\" width=\"600\" height=\"338\" title=\"\u00abFiestas Patronales de Elche\u00bb \u2014 COSTA BLANCA UP\" data-secret=\"Rt4TwzNrk4\" frameborder=\"0\" marginwidth=\"0\" marginheight=\"0\" scrolling=\"no\" class=\"wp-embedded-content\"><\/iframe><script type=\"text\/javascript\">\n\/* <![CDATA[ *\/\n\/*! This file is auto-generated *\/\n!function(d,l){\"use strict\";l.querySelector&&d.addEventListener&&\"undefined\"!=typeof URL&&(d.wp=d.wp||{},d.wp.receiveEmbedMessage||(d.wp.receiveEmbedMessage=function(e){var t=e.data;if((t||t.secret||t.message||t.value)&&!\/[^a-zA-Z0-9]\/.test(t.secret)){for(var s,r,n,a=l.querySelectorAll('iframe[data-secret=\"'+t.secret+'\"]'),o=l.querySelectorAll('blockquote[data-secret=\"'+t.secret+'\"]'),c=new RegExp(\"^https?:$\",\"i\"),i=0;i<o.length;i++)o[i].style.display=\"none\";for(i=0;i<a.length;i++)s=a[i],e.source===s.contentWindow&&(s.removeAttribute(\"style\"),\"height\"===t.message?(1e3<(r=parseInt(t.value,10))?r=1e3:~~r<200&&(r=200),s.height=r):\"link\"===t.message&&(r=new URL(s.getAttribute(\"src\")),n=new URL(t.value),c.test(n.protocol))&&n.host===r.host&&l.activeElement===s&&(d.top.location.href=t.value))}},d.addEventListener(\"message\",d.wp.receiveEmbedMessage,!1),l.addEventListener(\"DOMContentLoaded\",function(){for(var e,t,s=l.querySelectorAll(\"iframe.wp-embedded-content\"),r=0;r<s.length;r++)(t=(e=s[r]).getAttribute(\"data-secret\"))||(t=Math.random().toString(36).substring(2,12),e.src+=\"#?secret=\"+t,e.setAttribute(\"data-secret\",t)),e.contentWindow.postMessage({message:\"ready\",secret:t},\"*\")},!1)))}(window,document);\n\/\/# sourceURL=https:\/\/costablancaup.com\/wp-includes\/js\/wp-embed.min.js\n\/* ]]> *\/\n<\/script>\n","description":"Del 5 al 15 de agosto, Elche celebra sus Fiestas Patronales de agosto Cientos de eventos se desarrollar\u00e1n durante estos d\u00edas en la ciudad, destacando el Misteri d&#8217;Elx y las tradicionales celebraciones de la Nit d l&#8217;Alb\u00e0 y La Nit de la Ro\u00e0. Programa MI\u00c9RCOLES 8 DE AGOSTO 9:00 DIANA OFICIAL desde la Plaza del Raval, Carrer Sant Joan, Juan Ram\u00f3n Jim\u00e9nez, Alfonso XII, Pla\u00e7a de Baix, Mare de D\u00e9u dels Dessamparats, Troneta, Salvador hasta la Iglesia del Salvador. 12:00 Inauguraci\u00f3n Oficial de la XI \u00c1gora Heliketana de Pobladores de Elche en la Rotonda del Parque Municipal. 12:15 Espect\u00e1culo de [&hellip;]","thumbnail_url":"https:\/\/costablancaup.com\/wp-content\/uploads\/2018\/08\/fiestas-de-agosto-2018-Elche-Elx-cartel.jpg"}

Del 5 al 15 de agosto, Elche celebra sus Fiestas Patronales de agosto Cientos de eventos se desarrollarán durante estos días en la ciudad, destacando el Misteri d&#8217;Elx y las tradicionales celebraciones de la Nit d l&#8217;Albà y La Nit de la Roà. Programa MIÉRCOLES 8 DE AGOSTO 9:00 DIANA OFICIAL desde la Plaza del Raval, Carrer Sant Joan, Juan Ramón Jiménez, Alfonso XII, Plaça de Baix, Mare de Déu dels Dessamparats, Troneta, Salvador hasta la Iglesia del Salvador. 12:00 Inauguración Oficial de la XI Ágora Heliketana de Pobladores de Elche en la Rotonda del Parque Municipal. 12:15 Espectáculo de [&hellip;]
