{"version":"1.0","provider_name":"COSTA BLANCA UP","provider_url":"https:\/\/costablancaup.com\/es\/","title":"Jornadas internacionales sobre el Legado Andalus\u00ed en Orihuela - COSTA BLANCA UP","type":"rich","width":600,"height":338,"html":"<blockquote class=\"wp-embedded-content\" data-secret=\"qpcRflneww\"><a href=\"https:\/\/costablancaup.com\/es\/class\/jornadas-internacionales-sobre-el-legado-andalusi-en-orihuela\/\">Jornadas internacionales sobre el Legado Andalus\u00ed en Orihuela<\/a><\/blockquote><iframe sandbox=\"allow-scripts\" security=\"restricted\" src=\"https:\/\/costablancaup.com\/es\/class\/jornadas-internacionales-sobre-el-legado-andalusi-en-orihuela\/embed\/#?secret=qpcRflneww\" width=\"600\" height=\"338\" title=\"\u00abJornadas internacionales sobre el Legado Andalus\u00ed en Orihuela\u00bb \u2014 COSTA BLANCA UP\" data-secret=\"qpcRflneww\" frameborder=\"0\" marginwidth=\"0\" marginheight=\"0\" scrolling=\"no\" class=\"wp-embedded-content\"><\/iframe><script type=\"text\/javascript\">\n\/* <![CDATA[ *\/\n\/*! This file is auto-generated *\/\n!function(d,l){\"use strict\";l.querySelector&&d.addEventListener&&\"undefined\"!=typeof URL&&(d.wp=d.wp||{},d.wp.receiveEmbedMessage||(d.wp.receiveEmbedMessage=function(e){var t=e.data;if((t||t.secret||t.message||t.value)&&!\/[^a-zA-Z0-9]\/.test(t.secret)){for(var s,r,n,a=l.querySelectorAll('iframe[data-secret=\"'+t.secret+'\"]'),o=l.querySelectorAll('blockquote[data-secret=\"'+t.secret+'\"]'),c=new RegExp(\"^https?:$\",\"i\"),i=0;i<o.length;i++)o[i].style.display=\"none\";for(i=0;i<a.length;i++)s=a[i],e.source===s.contentWindow&&(s.removeAttribute(\"style\"),\"height\"===t.message?(1e3<(r=parseInt(t.value,10))?r=1e3:~~r<200&&(r=200),s.height=r):\"link\"===t.message&&(r=new URL(s.getAttribute(\"src\")),n=new URL(t.value),c.test(n.protocol))&&n.host===r.host&&l.activeElement===s&&(d.top.location.href=t.value))}},d.addEventListener(\"message\",d.wp.receiveEmbedMessage,!1),l.addEventListener(\"DOMContentLoaded\",function(){for(var e,t,s=l.querySelectorAll(\"iframe.wp-embedded-content\"),r=0;r<s.length;r++)(t=(e=s[r]).getAttribute(\"data-secret\"))||(t=Math.random().toString(36).substring(2,12),e.src+=\"#?secret=\"+t,e.setAttribute(\"data-secret\",t)),e.contentWindow.postMessage({message:\"ready\",secret:t},\"*\")},!1)))}(window,document);\n\/\/# sourceURL=https:\/\/costablancaup.com\/wp-includes\/js\/wp-embed.min.js\n\/* ]]> *\/\n<\/script>\n","description":"El evento se celebrar\u00e1 los d\u00edas 29 y 30 de enero en el Aula de Cultura de la Fundaci\u00f3n CAM. Orihuela justifica su condici\u00f3n de anfitriona de estas jornadas por su pasado isl\u00e1mico, as\u00ed como su denso Palmeral (el segundo de Europa) como exponente vivo de la huella andalus\u00ed. Las jornadas, a las que asistir\u00e1n importantes representantes \u00e1rabes, tienen el objetivo de difundir y poner en valor el legado Andalus\u00ed as\u00ed como concienciar sobre las posibilidades que ofrece como eje de diplomacia cultural en el Mediterr\u00e1neo. El programa incluye conferencias, recitales de poes\u00eda, exposiciones, visitas guiadas y conciertos de m\u00fasica. [&hellip;]","thumbnail_url":"https:\/\/costablancaup.com\/wp-content\/uploads\/2019\/01\/jornadas-andalusi-orihuela-programa.jpg"}

Jornadas internacionales sobre el Legado Andalusí en Orihuela - COSTA BLANCA UP

<blockquote class="wp-embedded-content" data-secret="qpcRflneww"><a href="https://costablancaup.com/es/class/jornadas-internacionales-sobre-el-legado-andalusi-en-orihuela/">Jornadas internacionales sobre el Legado Andalusí en Orihuela</a></blockquote><iframe sandbox="allow-scripts" security="restricted" src="https://costablancaup.com/es/class/jornadas-internacionales-sobre-el-legado-andalusi-en-orihuela/embed/#?secret=qpcRflneww" width="600" height="338" title="«Jornadas internacionales sobre el Legado Andalusí en Orihuela» — COSTA BLANCA UP" data-secret="qpcRflneww" frameborder="0" marginwidth="0" marginheight="0" scrolling="no" class="wp-embedded-content"></iframe><script type="text/javascript">
/* <![CDATA[ */
/*! This file is auto-generated */
!function(d,l){"use strict";l.querySelector&&d.addEventListener&&"undefined"!=typeof URL&&(d.wp=d.wp||{},d.wp.receiveEmbedMessage||(d.wp.receiveEmbedMessage=function(e){var t=e.data;if((t||t.secret||t.message||t.value)&&!/[^a-zA-Z0-9]/.test(t.secret)){for(var s,r,n,a=l.querySelectorAll('iframe[data-secret="'+t.secret+'"]'),o=l.querySelectorAll('blockquote[data-secret="'+t.secret+'"]'),c=new RegExp("^https?:$","i"),i=0;i<o.length;i++)o[i].style.display="none";for(i=0;i<a.length;i++)s=a[i],e.source===s.contentWindow&&(s.removeAttribute("style"),"height"===t.message?(1e3<(r=parseInt(t.value,10))?r=1e3:~~r<200&&(r=200),s.height=r):"link"===t.message&&(r=new URL(s.getAttribute("src")),n=new URL(t.value),c.test(n.protocol))&&n.host===r.host&&l.activeElement===s&&(d.top.location.href=t.value))}},d.addEventListener("message",d.wp.receiveEmbedMessage,!1),l.addEventListener("DOMContentLoaded",function(){for(var e,t,s=l.querySelectorAll("iframe.wp-embedded-content"),r=0;r<s.length;r++)(t=(e=s[r]).getAttribute("data-secret"))||(t=Math.random().toString(36).substring(2,12),e.src+="#?secret="+t,e.setAttribute("data-secret",t)),e.contentWindow.postMessage({message:"ready",secret:t},"*")},!1)))}(window,document);
//# sourceURL=https://costablancaup.com/wp-includes/js/wp-embed.min.js
/* ]]> */
</script>

El evento se celebrará los días 29 y 30 de enero en el Aula de Cultura de la Fundación CAM. Orihuela justifica su condición de anfitriona de estas jornadas por su pasado islámico, así como su denso Palmeral (el segundo de Europa) como exponente vivo de la huella andalusí. Las jornadas, a las que asistirán importantes representantes árabes, tienen el objetivo de difundir y poner en valor el legado Andalusí así como concienciar sobre las posibilidades que ofrece como eje de diplomacia cultural en el Mediterráneo. El programa incluye conferencias, recitales de poesía, exposiciones, visitas guiadas y conciertos de música. [&hellip;]
