{"version":"1.0","provider_name":"COSTA BLANCA UP","provider_url":"https:\/\/costablancaup.com\/es\/","title":"\"Las Fallas\" de Valencia - COSTA BLANCA UP","type":"rich","width":600,"height":338,"html":"<blockquote class=\"wp-embedded-content\" data-secret=\"mkjqzDk0js\"><a href=\"https:\/\/costablancaup.com\/es\/class\/las-fallas-de-valencia-3\/\">\u00abLas Fallas\u00bb de Valencia<\/a><\/blockquote><iframe sandbox=\"allow-scripts\" security=\"restricted\" src=\"https:\/\/costablancaup.com\/es\/class\/las-fallas-de-valencia-3\/embed\/#?secret=mkjqzDk0js\" width=\"600\" height=\"338\" title=\"\u00ab\u00abLas Fallas\u00bb de Valencia\u00bb \u2014 COSTA BLANCA UP\" data-secret=\"mkjqzDk0js\" frameborder=\"0\" marginwidth=\"0\" marginheight=\"0\" scrolling=\"no\" class=\"wp-embedded-content\"><\/iframe><script type=\"text\/javascript\">\n\/* <![CDATA[ *\/\n\/*! This file is auto-generated *\/\n!function(d,l){\"use strict\";l.querySelector&&d.addEventListener&&\"undefined\"!=typeof URL&&(d.wp=d.wp||{},d.wp.receiveEmbedMessage||(d.wp.receiveEmbedMessage=function(e){var t=e.data;if((t||t.secret||t.message||t.value)&&!\/[^a-zA-Z0-9]\/.test(t.secret)){for(var s,r,n,a=l.querySelectorAll('iframe[data-secret=\"'+t.secret+'\"]'),o=l.querySelectorAll('blockquote[data-secret=\"'+t.secret+'\"]'),c=new RegExp(\"^https?:$\",\"i\"),i=0;i<o.length;i++)o[i].style.display=\"none\";for(i=0;i<a.length;i++)s=a[i],e.source===s.contentWindow&&(s.removeAttribute(\"style\"),\"height\"===t.message?(1e3<(r=parseInt(t.value,10))?r=1e3:~~r<200&&(r=200),s.height=r):\"link\"===t.message&&(r=new URL(s.getAttribute(\"src\")),n=new URL(t.value),c.test(n.protocol))&&n.host===r.host&&l.activeElement===s&&(d.top.location.href=t.value))}},d.addEventListener(\"message\",d.wp.receiveEmbedMessage,!1),l.addEventListener(\"DOMContentLoaded\",function(){for(var e,t,s=l.querySelectorAll(\"iframe.wp-embedded-content\"),r=0;r<s.length;r++)(t=(e=s[r]).getAttribute(\"data-secret\"))||(t=Math.random().toString(36).substring(2,12),e.src+=\"#?secret=\"+t,e.setAttribute(\"data-secret\",t)),e.contentWindow.postMessage({message:\"ready\",secret:t},\"*\")},!1)))}(window,document);\n\/\/# sourceURL=https:\/\/costablancaup.com\/wp-includes\/js\/wp-embed.min.js\n\/* ]]> *\/\n<\/script>\n","description":"Del 15 al 19 de marzo, no te pierdas los mejores eventos de la fiesta de \u00abLas Fallas\u00bb. Durante estos d\u00edas la ciudad de Valencia se vuelca con la celebraci\u00f3n de esta fiesta protagonizada por el fuego y la p\u00f3lvora. La fiesta, declarada de Inter\u00e9s Tur\u00edstico Internacional y Patrimonio Cultural Inmaterial de la Unesco, combina la s\u00e1tira y el arte de los monumentos con la tradici\u00f3n, la religi\u00f3n, la m\u00fasica, los espect\u00e1culos y la gastronom\u00eda. \u00abLas Fallas\u00bb empiezan oficialmente el viernes con la \u00abPlant\u00e0\u00bb de los monumentos y terminan el martes siguiente con \u00abLa Crem\u00e0\u00bb de los mismos. Programa Domingo [&hellip;]"}

Del 15 al 19 de marzo, no te pierdas los mejores eventos de la fiesta de «Las Fallas». Durante estos días la ciudad de Valencia se vuelca con la celebración de esta fiesta protagonizada por el fuego y la pólvora. La fiesta, declarada de Interés Turístico Internacional y Patrimonio Cultural Inmaterial de la Unesco, combina la sátira y el arte de los monumentos con la tradición, la religión, la música, los espectáculos y la gastronomía. «Las Fallas» empiezan oficialmente el viernes con la «Plantà» de los monumentos y terminan el martes siguiente con «La Cremà» de los mismos. Programa Domingo [&hellip;]
