{"version":"1.0","provider_name":"COSTA BLANCA UP","provider_url":"https:\/\/costablancaup.com\/es\/","title":"Ni\u00f1a Pastori: \"Gira bajo tus alas 2019\" - COSTA BLANCA UP","type":"rich","width":600,"height":338,"html":"<blockquote class=\"wp-embedded-content\" data-secret=\"aQTBPdXWje\"><a href=\"https:\/\/costablancaup.com\/es\/class\/nina-pastori-gira-bajo-tus-alas-2019-2\/\">Ni\u00f1a Pastori: \u00abGira bajo tus alas 2019\u00bb<\/a><\/blockquote><iframe sandbox=\"allow-scripts\" security=\"restricted\" src=\"https:\/\/costablancaup.com\/es\/class\/nina-pastori-gira-bajo-tus-alas-2019-2\/embed\/#?secret=aQTBPdXWje\" width=\"600\" height=\"338\" title=\"\u00abNi\u00f1a Pastori: \u00abGira bajo tus alas 2019\u00bb\u00bb \u2014 COSTA BLANCA UP\" data-secret=\"aQTBPdXWje\" frameborder=\"0\" marginwidth=\"0\" marginheight=\"0\" scrolling=\"no\" class=\"wp-embedded-content\"><\/iframe><script type=\"text\/javascript\">\n\/* <![CDATA[ *\/\n\/*! This file is auto-generated *\/\n!function(d,l){\"use strict\";l.querySelector&&d.addEventListener&&\"undefined\"!=typeof URL&&(d.wp=d.wp||{},d.wp.receiveEmbedMessage||(d.wp.receiveEmbedMessage=function(e){var t=e.data;if((t||t.secret||t.message||t.value)&&!\/[^a-zA-Z0-9]\/.test(t.secret)){for(var s,r,n,a=l.querySelectorAll('iframe[data-secret=\"'+t.secret+'\"]'),o=l.querySelectorAll('blockquote[data-secret=\"'+t.secret+'\"]'),c=new RegExp(\"^https?:$\",\"i\"),i=0;i<o.length;i++)o[i].style.display=\"none\";for(i=0;i<a.length;i++)s=a[i],e.source===s.contentWindow&&(s.removeAttribute(\"style\"),\"height\"===t.message?(1e3<(r=parseInt(t.value,10))?r=1e3:~~r<200&&(r=200),s.height=r):\"link\"===t.message&&(r=new URL(s.getAttribute(\"src\")),n=new URL(t.value),c.test(n.protocol))&&n.host===r.host&&l.activeElement===s&&(d.top.location.href=t.value))}},d.addEventListener(\"message\",d.wp.receiveEmbedMessage,!1),l.addEventListener(\"DOMContentLoaded\",function(){for(var e,t,s=l.querySelectorAll(\"iframe.wp-embedded-content\"),r=0;r<s.length;r++)(t=(e=s[r]).getAttribute(\"data-secret\"))||(t=Math.random().toString(36).substring(2,12),e.src+=\"#?secret=\"+t,e.setAttribute(\"data-secret\",t)),e.contentWindow.postMessage({message:\"ready\",secret:t},\"*\")},!1)))}(window,document);\n\/\/# sourceURL=https:\/\/costablancaup.com\/wp-includes\/js\/wp-embed.min.js\n\/* ]]> *\/\n<\/script>\n","description":"Ni\u00f1a Pastori Benidorm &#8211; Auditorio Julio IglesiasPl. de SS. MM. los Reyes de Espaa, 03501 Benidorm, Alicante, Espa\u00f1a02\/08\/201922:30 Ni\u00f1a Pastori, la cantaora se ha convertido en la pionera del actual movimiento de j\u00f3venes flamencas. Su m\u00fasica mantiene sus ra\u00edces m\u00e1s flamencas sin perder la fusi\u00f3n con el pop, a\u00f1adido a una voz capaz de explorar registros muy distintos."}

Niña Pastori: "Gira bajo tus alas 2019" - COSTA BLANCA UP

<blockquote class="wp-embedded-content" data-secret="aQTBPdXWje"><a href="https://costablancaup.com/es/class/nina-pastori-gira-bajo-tus-alas-2019-2/">Niña Pastori: «Gira bajo tus alas 2019»</a></blockquote><iframe sandbox="allow-scripts" security="restricted" src="https://costablancaup.com/es/class/nina-pastori-gira-bajo-tus-alas-2019-2/embed/#?secret=aQTBPdXWje" width="600" height="338" title="«Niña Pastori: «Gira bajo tus alas 2019»» — COSTA BLANCA UP" data-secret="aQTBPdXWje" frameborder="0" marginwidth="0" marginheight="0" scrolling="no" class="wp-embedded-content"></iframe><script type="text/javascript">
/* <![CDATA[ */
/*! This file is auto-generated */
!function(d,l){"use strict";l.querySelector&&d.addEventListener&&"undefined"!=typeof URL&&(d.wp=d.wp||{},d.wp.receiveEmbedMessage||(d.wp.receiveEmbedMessage=function(e){var t=e.data;if((t||t.secret||t.message||t.value)&&!/[^a-zA-Z0-9]/.test(t.secret)){for(var s,r,n,a=l.querySelectorAll('iframe[data-secret="'+t.secret+'"]'),o=l.querySelectorAll('blockquote[data-secret="'+t.secret+'"]'),c=new RegExp("^https?:$","i"),i=0;i<o.length;i++)o[i].style.display="none";for(i=0;i<a.length;i++)s=a[i],e.source===s.contentWindow&&(s.removeAttribute("style"),"height"===t.message?(1e3<(r=parseInt(t.value,10))?r=1e3:~~r<200&&(r=200),s.height=r):"link"===t.message&&(r=new URL(s.getAttribute("src")),n=new URL(t.value),c.test(n.protocol))&&n.host===r.host&&l.activeElement===s&&(d.top.location.href=t.value))}},d.addEventListener("message",d.wp.receiveEmbedMessage,!1),l.addEventListener("DOMContentLoaded",function(){for(var e,t,s=l.querySelectorAll("iframe.wp-embedded-content"),r=0;r<s.length;r++)(t=(e=s[r]).getAttribute("data-secret"))||(t=Math.random().toString(36).substring(2,12),e.src+="#?secret="+t,e.setAttribute("data-secret",t)),e.contentWindow.postMessage({message:"ready",secret:t},"*")},!1)))}(window,document);
//# sourceURL=https://costablancaup.com/wp-includes/js/wp-embed.min.js
/* ]]> */
</script>

Niña Pastori Benidorm &#8211; Auditorio Julio IglesiasPl. de SS. MM. los Reyes de Espaa, 03501 Benidorm, Alicante, España02/08/201922:30 Niña Pastori, la cantaora se ha convertido en la pionera del actual movimiento de jóvenes flamencas. Su música mantiene sus raíces más flamencas sin perder la fusión con el pop, añadido a una voz capaz de explorar registros muy distintos.
