{"version":"1.0","provider_name":"COSTA BLANCA UP","provider_url":"https:\/\/costablancaup.com\/es\/","title":"COSTA BLANCA UP - Elche celebra sus Fiestas Patronales de agosto","type":"rich","width":600,"height":338,"html":"<blockquote class=\"wp-embedded-content\" data-secret=\"sDai52Oosq\"><a href=\"https:\/\/costablancaup.com\/es\/elche-celebra-sus-fiestas-patronales-de-agosto\/\">Elche celebra sus Fiestas Patronales de agosto<\/a><\/blockquote><iframe sandbox=\"allow-scripts\" security=\"restricted\" src=\"https:\/\/costablancaup.com\/es\/elche-celebra-sus-fiestas-patronales-de-agosto\/embed\/#?secret=sDai52Oosq\" width=\"600\" height=\"338\" title=\"\u00abElche celebra sus Fiestas Patronales de agosto\u00bb \u2014 COSTA BLANCA UP\" data-secret=\"sDai52Oosq\" frameborder=\"0\" marginwidth=\"0\" marginheight=\"0\" scrolling=\"no\" class=\"wp-embedded-content\"><\/iframe><script type=\"text\/javascript\">\n\/* <![CDATA[ *\/\n\/*! This file is auto-generated *\/\n!function(d,l){\"use strict\";l.querySelector&&d.addEventListener&&\"undefined\"!=typeof URL&&(d.wp=d.wp||{},d.wp.receiveEmbedMessage||(d.wp.receiveEmbedMessage=function(e){var t=e.data;if((t||t.secret||t.message||t.value)&&!\/[^a-zA-Z0-9]\/.test(t.secret)){for(var s,r,n,a=l.querySelectorAll('iframe[data-secret=\"'+t.secret+'\"]'),o=l.querySelectorAll('blockquote[data-secret=\"'+t.secret+'\"]'),c=new RegExp(\"^https?:$\",\"i\"),i=0;i<o.length;i++)o[i].style.display=\"none\";for(i=0;i<a.length;i++)s=a[i],e.source===s.contentWindow&&(s.removeAttribute(\"style\"),\"height\"===t.message?(1e3<(r=parseInt(t.value,10))?r=1e3:~~r<200&&(r=200),s.height=r):\"link\"===t.message&&(r=new URL(s.getAttribute(\"src\")),n=new URL(t.value),c.test(n.protocol))&&n.host===r.host&&l.activeElement===s&&(d.top.location.href=t.value))}},d.addEventListener(\"message\",d.wp.receiveEmbedMessage,!1),l.addEventListener(\"DOMContentLoaded\",function(){for(var e,t,s=l.querySelectorAll(\"iframe.wp-embedded-content\"),r=0;r<s.length;r++)(t=(e=s[r]).getAttribute(\"data-secret\"))||(t=Math.random().toString(36).substring(2,12),e.src+=\"#?secret=\"+t,e.setAttribute(\"data-secret\",t)),e.contentWindow.postMessage({message:\"ready\",secret:t},\"*\")},!1)))}(window,document);\n\/\/# sourceURL=https:\/\/costablancaup.com\/wp-includes\/js\/wp-embed.min.js\n\/* ]]> *\/\n<\/script>\n","thumbnail_url":"https:\/\/costablancaup.com\/wp-content\/uploads\/2018\/08\/fiestas-de-agosto-2018-Elche-Elx.jpg","thumbnail_width":1024,"thumbnail_height":605,"description":"Las fiestas dar\u00e1n inicio el domingo d\u00eda 5 de agosto, a las 22:00 horas, con la Masclet\u00e0 Vertical en los alrededores del Estadio Mart\u00ednez Valero y finalizar\u00e1n el 15 de agosto con el Castillo de Fuegos Artificiales lanzado desde el Puente del Ferrocarril a las 24:00 horas. Cientos de eventos se desarrollar\u00e1n durante estos d\u00edas en la ciudad, destacando el Misteri d&#8217;Elx y las tradicionales celebraciones de la Nit d l&#8217;Alb\u00e0 y La Nit de la Ro\u00e0. La Nit de l&#8217;Alb\u00e0 tendr\u00e1 lugar el 13 de agosto. Es una fiesta del fuego, genuina e identificativa del pueblo de Elche, en [&hellip;]"}

Las fiestas darán inicio el domingo día 5 de agosto, a las 22:00 horas, con la Mascletà Vertical en los alrededores del Estadio Martínez Valero y finalizarán el 15 de agosto con el Castillo de Fuegos Artificiales lanzado desde el Puente del Ferrocarril a las 24:00 horas. Cientos de eventos se desarrollarán durante estos días en la ciudad, destacando el Misteri d&#8217;Elx y las tradicionales celebraciones de la Nit d l&#8217;Albà y La Nit de la Roà. La Nit de l&#8217;Albà tendrá lugar el 13 de agosto. Es una fiesta del fuego, genuina e identificativa del pueblo de Elche, en [&hellip;]
