{"id":14831,"date":"2018-07-12T11:48:47","date_gmt":"2018-07-12T09:48:47","guid":{"rendered":"https:\/\/costablancatoday.jasbat.com\/class\/gran-fira-de-valencia-traca-correguda-2-2-2-2-2-2-2\/"},"modified":"2018-07-21T10:57:34","modified_gmt":"2018-07-21T08:57:34","slug":"concerts-de-vivers-izal","status":"publish","type":"class","link":"https:\/\/costablancaup.com\/es\/class\/concerts-de-vivers-izal\/","title":{"rendered":"Concerts de Vivers: Izal"},"content":{"rendered":"<p><img loading=\"lazy\" decoding=\"async\" src=\"\/wp-content\/uploads\/2018\/07\/izal-cartel.jpg\" alt=\"Concerts de Vivers: Izal\" width=\"565\" height=\"800\" class=\"aligncenter size-full wp-image-14878\" srcset=\"https:\/\/costablancaup.com\/wp-content\/uploads\/2018\/07\/izal-cartel.jpg 565w, https:\/\/costablancaup.com\/wp-content\/uploads\/2018\/07\/izal-cartel-212x300.jpg 212w, https:\/\/costablancaup.com\/wp-content\/uploads\/2018\/07\/izal-cartel-400x566.jpg 400w\" sizes=\"auto, (max-width: 565px) 100vw, 565px\" \/><\/p>\n<p class=\"hora\">Inicio concierto: 23:00 h<\/p>\n<h3>IZAL<\/h3>\n<p><strong>\u201cAutoterapia\u201d es el t\u00edtulo del nuevo y esperado trabajo de IZAL.<\/strong><\/p>\n<p>Un disco que acaba de ver la luz y que les ha devuelto a los escenarios despu\u00e9s de casi un a\u00f1o de retiro, en el que los estudios de La Casa Murada (Tarragona) se han convertido en su segundo hogar estos \u00faltimos meses, y en el espacio perfecto para dar forma a su cuarto trabajo de estudio. Su actuaci\u00f3n en Concerts de Vivers supone, por lo tanto, el estreno del disco en la capital del Turia.<\/p>\n<p>Nacidos de la autogesti\u00f3n art\u00edstica y econ\u00f3mica, IZAL lanza su primer EP Teletransporte en 2010. Tras \u00e9ste, publican en 2012 Magia &#038; Efectos especiales, el primer trabajo de larga duraci\u00f3n del grupo, al que le sigui\u00f3 en 2013 Agujeros de Gusano. Ya en 2015 vio la luz Copacabana, el \u00faltimo \u00e1lbum del grupo hasta la fecha y con el que han cosechado grandes \u00e9xitos, llegando a convertirse en disco de oro, dando el salto internacional y colgando el cartel de \u2018sold out\u2019 en la mayor\u00eda de sitios donde han actuado -incluidos el WiZink Center de Madrid y el Sant Jordi Club de Barcelona- durante su fin de gira por grandes pabellones.<\/p>\n<p>Su trayectoria ha sido reconocida con el Premio Rolling Stone al Grupo Revelaci\u00f3n 2013; el Premio de La M\u00fasica Independiente al Mejor Artista RADIO3 en 2014; y el Premio Fest al Mejor Directo Nacional en 2016, entre otros.<\/p>\n","protected":false},"excerpt":{"rendered":"<p>Inicio concierto: 23:00 h IZAL \u201cAutoterapia\u201d es el t\u00edtulo del nuevo y esperado trabajo de IZAL. Un disco que acaba de ver la luz y que les ha devuelto a los escenarios despu\u00e9s de casi un a\u00f1o de retiro, en el que los estudios de La Casa Murada (Tarragona) se han convertido en su segundo hogar estos \u00faltimos meses, y en el espacio perfecto para dar forma a su cuarto trabajo de estudio. Su actuaci\u00f3n en Concerts de Vivers supone, por lo tanto, el estreno del disco en la capital del Turia. Nacidos de la autogesti\u00f3n art\u00edstica y econ\u00f3mica, IZAL [&hellip;]<\/p>\n","protected":false},"template":"","meta":[],"wcs-type":[5053,5046],"wcs-room":[5055],"wcs-instructor":[],"class_list":["post-14831","class","type-class","status-publish","hentry","wcs-type-fiestas","wcs-type-musica","wcs-room-jardines-del-real-o-viveros-valencia"],"yoast_head":"<!-- This site is optimized with the Yoast SEO plugin v27.4 - https:\/\/yoast.com\/product\/yoast-seo-wordpress\/ -->\n<title>Concerts de Vivers: Izal - COSTA BLANCA UP<\/title>\n<meta name=\"robots\" content=\"index, follow, max-snippet:-1, max-image-preview:large, max-video-preview:-1\" \/>\n<link rel=\"canonical\" href=\"https:\/\/costablancaup.com\/es\/class\/concerts-de-vivers-izal\/\" \/>\n<meta property=\"og:locale\" content=\"es_ES\" \/>\n<meta property=\"og:type\" content=\"article\" \/>\n<meta property=\"og:title\" content=\"Concerts de Vivers: Izal - COSTA BLANCA UP\" \/>\n<meta property=\"og:description\" content=\"Inicio concierto: 23:00 h IZAL \u201cAutoterapia\u201d es el t\u00edtulo del nuevo y esperado trabajo de IZAL. Un disco que acaba de ver la luz y que les ha devuelto a los escenarios despu\u00e9s de casi un a\u00f1o de retiro, en el que los estudios de La Casa Murada (Tarragona) se han convertido en su segundo hogar estos \u00faltimos meses, y en el espacio perfecto para dar forma a su cuarto trabajo de estudio. Su actuaci\u00f3n en Concerts de Vivers supone, por lo tanto, el estreno del disco en la capital del Turia. Nacidos de la autogesti\u00f3n art\u00edstica y econ\u00f3mica, IZAL [&hellip;]\" \/>\n<meta property=\"og:url\" content=\"https:\/\/costablancaup.com\/es\/class\/concerts-de-vivers-izal\/\" \/>\n<meta property=\"og:site_name\" content=\"COSTA BLANCA UP\" \/>\n<meta property=\"article:modified_time\" content=\"2018-07-21T08:57:34+00:00\" \/>\n<meta property=\"og:image\" content=\"https:\/\/costablancaup.com\/wp-content\/uploads\/2018\/07\/izal-cartel.jpg\" \/>\n<meta name=\"twitter:card\" content=\"summary_large_image\" \/>\n<meta name=\"twitter:label1\" content=\"Tiempo de lectura\" \/>\n\t<meta name=\"twitter:data1\" content=\"1 minuto\" \/>\n<script type=\"application\/ld+json\" class=\"yoast-schema-graph\">{\"@context\":\"https:\\\/\\\/schema.org\",\"@graph\":[{\"@type\":\"WebPage\",\"@id\":\"https:\\\/\\\/costablancaup.com\\\/es\\\/class\\\/concerts-de-vivers-izal\\\/\",\"url\":\"https:\\\/\\\/costablancaup.com\\\/es\\\/class\\\/concerts-de-vivers-izal\\\/\",\"name\":\"Concerts de Vivers: Izal - COSTA BLANCA UP\",\"isPartOf\":{\"@id\":\"https:\\\/\\\/costablancaup.com\\\/es\\\/#website\"},\"datePublished\":\"2018-07-12T09:48:47+00:00\",\"dateModified\":\"2018-07-21T08:57:34+00:00\",\"breadcrumb\":{\"@id\":\"https:\\\/\\\/costablancaup.com\\\/es\\\/class\\\/concerts-de-vivers-izal\\\/#breadcrumb\"},\"inLanguage\":\"es\",\"potentialAction\":[{\"@type\":\"ReadAction\",\"target\":[\"https:\\\/\\\/costablancaup.com\\\/es\\\/class\\\/concerts-de-vivers-izal\\\/\"]}]},{\"@type\":\"BreadcrumbList\",\"@id\":\"https:\\\/\\\/costablancaup.com\\\/es\\\/class\\\/concerts-de-vivers-izal\\\/#breadcrumb\",\"itemListElement\":[{\"@type\":\"ListItem\",\"position\":1,\"name\":\"Home\",\"item\":\"https:\\\/\\\/costablancaup.com\\\/es\\\/\"},{\"@type\":\"ListItem\",\"position\":2,\"name\":\"Concerts de Vivers: Izal\"}]},{\"@type\":\"WebSite\",\"@id\":\"https:\\\/\\\/costablancaup.com\\\/es\\\/#website\",\"url\":\"https:\\\/\\\/costablancaup.com\\\/es\\\/\",\"name\":\"COSTA BLANCA UP\",\"description\":\"Costa Blanca Events and Agenda\",\"publisher\":{\"@id\":\"https:\\\/\\\/costablancaup.com\\\/es\\\/#organization\"},\"potentialAction\":[{\"@type\":\"SearchAction\",\"target\":{\"@type\":\"EntryPoint\",\"urlTemplate\":\"https:\\\/\\\/costablancaup.com\\\/es\\\/?s={search_term_string}\"},\"query-input\":{\"@type\":\"PropertyValueSpecification\",\"valueRequired\":true,\"valueName\":\"search_term_string\"}}],\"inLanguage\":\"es\"},{\"@type\":\"Organization\",\"@id\":\"https:\\\/\\\/costablancaup.com\\\/es\\\/#organization\",\"name\":\"Costa Blanca Up\",\"url\":\"https:\\\/\\\/costablancaup.com\\\/es\\\/\",\"logo\":{\"@type\":\"ImageObject\",\"inLanguage\":\"es\",\"@id\":\"https:\\\/\\\/costablancaup.com\\\/es\\\/#\\\/schema\\\/logo\\\/image\\\/\",\"url\":\"https:\\\/\\\/costablancaup.com\\\/wp-content\\\/uploads\\\/2018\\\/07\\\/titulo_web-1.png\",\"contentUrl\":\"https:\\\/\\\/costablancaup.com\\\/wp-content\\\/uploads\\\/2018\\\/07\\\/titulo_web-1.png\",\"width\":1973,\"height\":303,\"caption\":\"Costa Blanca Up\"},\"image\":{\"@id\":\"https:\\\/\\\/costablancaup.com\\\/es\\\/#\\\/schema\\\/logo\\\/image\\\/\"}}]}<\/script>\n<!-- \/ Yoast SEO plugin. -->","yoast_head_json":{"title":"Concerts de Vivers: Izal - COSTA BLANCA UP","robots":{"index":"index","follow":"follow","max-snippet":"max-snippet:-1","max-image-preview":"max-image-preview:large","max-video-preview":"max-video-preview:-1"},"canonical":"https:\/\/costablancaup.com\/es\/class\/concerts-de-vivers-izal\/","og_locale":"es_ES","og_type":"article","og_title":"Concerts de Vivers: Izal - COSTA BLANCA UP","og_description":"Inicio concierto: 23:00 h IZAL \u201cAutoterapia\u201d es el t\u00edtulo del nuevo y esperado trabajo de IZAL. Un disco que acaba de ver la luz y que les ha devuelto a los escenarios despu\u00e9s de casi un a\u00f1o de retiro, en el que los estudios de La Casa Murada (Tarragona) se han convertido en su segundo hogar estos \u00faltimos meses, y en el espacio perfecto para dar forma a su cuarto trabajo de estudio. Su actuaci\u00f3n en Concerts de Vivers supone, por lo tanto, el estreno del disco en la capital del Turia. Nacidos de la autogesti\u00f3n art\u00edstica y econ\u00f3mica, IZAL [&hellip;]","og_url":"https:\/\/costablancaup.com\/es\/class\/concerts-de-vivers-izal\/","og_site_name":"COSTA BLANCA UP","article_modified_time":"2018-07-21T08:57:34+00:00","og_image":[{"url":"https:\/\/costablancaup.com\/wp-content\/uploads\/2018\/07\/izal-cartel.jpg","type":"","width":"","height":""}],"twitter_card":"summary_large_image","twitter_misc":{"Tiempo de lectura":"1 minuto"},"schema":{"@context":"https:\/\/schema.org","@graph":[{"@type":"WebPage","@id":"https:\/\/costablancaup.com\/es\/class\/concerts-de-vivers-izal\/","url":"https:\/\/costablancaup.com\/es\/class\/concerts-de-vivers-izal\/","name":"Concerts de Vivers: Izal - COSTA BLANCA UP","isPartOf":{"@id":"https:\/\/costablancaup.com\/es\/#website"},"datePublished":"2018-07-12T09:48:47+00:00","dateModified":"2018-07-21T08:57:34+00:00","breadcrumb":{"@id":"https:\/\/costablancaup.com\/es\/class\/concerts-de-vivers-izal\/#breadcrumb"},"inLanguage":"es","potentialAction":[{"@type":"ReadAction","target":["https:\/\/costablancaup.com\/es\/class\/concerts-de-vivers-izal\/"]}]},{"@type":"BreadcrumbList","@id":"https:\/\/costablancaup.com\/es\/class\/concerts-de-vivers-izal\/#breadcrumb","itemListElement":[{"@type":"ListItem","position":1,"name":"Home","item":"https:\/\/costablancaup.com\/es\/"},{"@type":"ListItem","position":2,"name":"Concerts de Vivers: Izal"}]},{"@type":"WebSite","@id":"https:\/\/costablancaup.com\/es\/#website","url":"https:\/\/costablancaup.com\/es\/","name":"COSTA BLANCA UP","description":"Costa Blanca Events and Agenda","publisher":{"@id":"https:\/\/costablancaup.com\/es\/#organization"},"potentialAction":[{"@type":"SearchAction","target":{"@type":"EntryPoint","urlTemplate":"https:\/\/costablancaup.com\/es\/?s={search_term_string}"},"query-input":{"@type":"PropertyValueSpecification","valueRequired":true,"valueName":"search_term_string"}}],"inLanguage":"es"},{"@type":"Organization","@id":"https:\/\/costablancaup.com\/es\/#organization","name":"Costa Blanca Up","url":"https:\/\/costablancaup.com\/es\/","logo":{"@type":"ImageObject","inLanguage":"es","@id":"https:\/\/costablancaup.com\/es\/#\/schema\/logo\/image\/","url":"https:\/\/costablancaup.com\/wp-content\/uploads\/2018\/07\/titulo_web-1.png","contentUrl":"https:\/\/costablancaup.com\/wp-content\/uploads\/2018\/07\/titulo_web-1.png","width":1973,"height":303,"caption":"Costa Blanca Up"},"image":{"@id":"https:\/\/costablancaup.com\/es\/#\/schema\/logo\/image\/"}}]}},"_links":{"self":[{"href":"https:\/\/costablancaup.com\/es\/wp-json\/wp\/v2\/class\/14831","targetHints":{"allow":["GET"]}}],"collection":[{"href":"https:\/\/costablancaup.com\/es\/wp-json\/wp\/v2\/class"}],"about":[{"href":"https:\/\/costablancaup.com\/es\/wp-json\/wp\/v2\/types\/class"}],"wp:attachment":[{"href":"https:\/\/costablancaup.com\/es\/wp-json\/wp\/v2\/media?parent=14831"}],"wp:term":[{"taxonomy":"wcs-type","embeddable":true,"href":"https:\/\/costablancaup.com\/es\/wp-json\/wp\/v2\/wcs-type?post=14831"},{"taxonomy":"wcs-room","embeddable":true,"href":"https:\/\/costablancaup.com\/es\/wp-json\/wp\/v2\/wcs-room?post=14831"},{"taxonomy":"wcs-instructor","embeddable":true,"href":"https:\/\/costablancaup.com\/es\/wp-json\/wp\/v2\/wcs-instructor?post=14831"}],"curies":[{"name":"wp","href":"https:\/\/api.w.org\/{rel}","templated":true}]}}

<p><img loading="lazy" decoding="async" src="/wp-content/uploads/2018/07/izal-cartel.jpg" alt="Concerts de Vivers: Izal" width="565" height="800" class="aligncenter size-full wp-image-14878" srcset="https://costablancaup.com/wp-content/uploads/2018/07/izal-cartel.jpg 565w, https://costablancaup.com/wp-content/uploads/2018/07/izal-cartel-212x300.jpg 212w, https://costablancaup.com/wp-content/uploads/2018/07/izal-cartel-400x566.jpg 400w" sizes="auto, (max-width: 565px) 100vw, 565px" /></p>
<p class="hora">Inicio concierto: 23:00 h</p>
<h3>IZAL</h3>
<p><strong>“Autoterapia” es el título del nuevo y esperado trabajo de IZAL.</strong></p>
<p>Un disco que acaba de ver la luz y que les ha devuelto a los escenarios después de casi un año de retiro, en el que los estudios de La Casa Murada (Tarragona) se han convertido en su segundo hogar estos últimos meses, y en el espacio perfecto para dar forma a su cuarto trabajo de estudio. Su actuación en Concerts de Vivers supone, por lo tanto, el estreno del disco en la capital del Turia.</p>
<p>Nacidos de la autogestión artística y económica, IZAL lanza su primer EP Teletransporte en 2010. Tras éste, publican en 2012 Magia &#038; Efectos especiales, el primer trabajo de larga duración del grupo, al que le siguió en 2013 Agujeros de Gusano. Ya en 2015 vio la luz Copacabana, el último álbum del grupo hasta la fecha y con el que han cosechado grandes éxitos, llegando a convertirse en disco de oro, dando el salto internacional y colgando el cartel de ‘sold out’ en la mayoría de sitios donde han actuado -incluidos el WiZink Center de Madrid y el Sant Jordi Club de Barcelona- durante su fin de gira por grandes pabellones.</p>
<p>Su trayectoria ha sido reconocida con el Premio Rolling Stone al Grupo Revelación 2013; el Premio de La Música Independiente al Mejor Artista RADIO3 en 2014; y el Premio Fest al Mejor Directo Nacional en 2016, entre otros.</p>

<p>Inicio concierto: 23:00 h IZAL “Autoterapia” es el título del nuevo y esperado trabajo de IZAL. Un disco que acaba de ver la luz y que les ha devuelto a los escenarios después de casi un año de retiro, en el que los estudios de La Casa Murada (Tarragona) se han convertido en su segundo hogar estos últimos meses, y en el espacio perfecto para dar forma a su cuarto trabajo de estudio. Su actuación en Concerts de Vivers supone, por lo tanto, el estreno del disco en la capital del Turia. Nacidos de la autogestión artística y económica, IZAL [&hellip;]</p>

<!-- This site is optimized with the Yoast SEO plugin v27.4 - https://yoast.com/product/yoast-seo-wordpress/ -->
<title>Concerts de Vivers: Izal - COSTA BLANCA UP</title>
<meta name="robots" content="index, follow, max-snippet:-1, max-image-preview:large, max-video-preview:-1" />
<link rel="canonical" href="https://costablancaup.com/es/class/concerts-de-vivers-izal/" />
<meta property="og:locale" content="es_ES" />
<meta property="og:type" content="article" />
<meta property="og:title" content="Concerts de Vivers: Izal - COSTA BLANCA UP" />
<meta property="og:description" content="Inicio concierto: 23:00 h IZAL “Autoterapia” es el título del nuevo y esperado trabajo de IZAL. Un disco que acaba de ver la luz y que les ha devuelto a los escenarios después de casi un año de retiro, en el que los estudios de La Casa Murada (Tarragona) se han convertido en su segundo hogar estos últimos meses, y en el espacio perfecto para dar forma a su cuarto trabajo de estudio. Su actuación en Concerts de Vivers supone, por lo tanto, el estreno del disco en la capital del Turia. Nacidos de la autogestión artística y económica, IZAL [&hellip;]" />
<meta property="og:url" content="https://costablancaup.com/es/class/concerts-de-vivers-izal/" />
<meta property="og:site_name" content="COSTA BLANCA UP" />
<meta property="article:modified_time" content="2018-07-21T08:57:34+00:00" />
<meta property="og:image" content="https://costablancaup.com/wp-content/uploads/2018/07/izal-cartel.jpg" />
<meta name="twitter:card" content="summary_large_image" />
<meta name="twitter:label1" content="Tiempo de lectura" />
	<meta name="twitter:data1" content="1 minuto" />
<script type="application/ld+json" class="yoast-schema-graph">{"@context":"https:\/\/schema.org","@graph":[{"@type":"WebPage","@id":"https:\/\/costablancaup.com\/es\/class\/concerts-de-vivers-izal\/","url":"https:\/\/costablancaup.com\/es\/class\/concerts-de-vivers-izal\/","name":"Concerts de Vivers: Izal - COSTA BLANCA UP","isPartOf":{"@id":"https:\/\/costablancaup.com\/es\/#website"},"datePublished":"2018-07-12T09:48:47+00:00","dateModified":"2018-07-21T08:57:34+00:00","breadcrumb":{"@id":"https:\/\/costablancaup.com\/es\/class\/concerts-de-vivers-izal\/#breadcrumb"},"inLanguage":"es","potentialAction":[{"@type":"ReadAction","target":["https:\/\/costablancaup.com\/es\/class\/concerts-de-vivers-izal\/"]}]},{"@type":"BreadcrumbList","@id":"https:\/\/costablancaup.com\/es\/class\/concerts-de-vivers-izal\/#breadcrumb","itemListElement":[{"@type":"ListItem","position":1,"name":"Home","item":"https:\/\/costablancaup.com\/es\/"},{"@type":"ListItem","position":2,"name":"Concerts de Vivers: Izal"}]},{"@type":"WebSite","@id":"https:\/\/costablancaup.com\/es\/#website","url":"https:\/\/costablancaup.com\/es\/","name":"COSTA BLANCA UP","description":"Costa Blanca Events and Agenda","publisher":{"@id":"https:\/\/costablancaup.com\/es\/#organization"},"potentialAction":[{"@type":"SearchAction","target":{"@type":"EntryPoint","urlTemplate":"https:\/\/costablancaup.com\/es\/?s={search_term_string}"},"query-input":{"@type":"PropertyValueSpecification","valueRequired":true,"valueName":"search_term_string"}}],"inLanguage":"es"},{"@type":"Organization","@id":"https:\/\/costablancaup.com\/es\/#organization","name":"Costa Blanca Up","url":"https:\/\/costablancaup.com\/es\/","logo":{"@type":"ImageObject","inLanguage":"es","@id":"https:\/\/costablancaup.com\/es\/#\/schema\/logo\/image\/","url":"https:\/\/costablancaup.com\/wp-content\/uploads\/2018\/07\/titulo_web-1.png","contentUrl":"https:\/\/costablancaup.com\/wp-content\/uploads\/2018\/07\/titulo_web-1.png","width":1973,"height":303,"caption":"Costa Blanca Up"},"image":{"@id":"https:\/\/costablancaup.com\/es\/#\/schema\/logo\/image\/"}}]}</script>
<!-- / Yoast SEO plugin. -->

Inicio concierto: 23:00 h IZAL “Autoterapia” es el título del nuevo y esperado trabajo de IZAL. Un disco que acaba de ver la luz y que les ha devuelto a los escenarios después de casi un año de retiro, en el que los estudios de La Casa Murada (Tarragona) se han convertido en su segundo hogar estos últimos meses, y en el espacio perfecto para dar forma a su cuarto trabajo de estudio. Su actuación en Concerts de Vivers supone, por lo tanto, el estreno del disco en la capital del Turia. Nacidos de la autogestión artística y económica, IZAL [&hellip;]
