{"id":15457,"date":"2018-07-17T22:04:27","date_gmt":"2018-07-17T20:04:27","guid":{"rendered":"https:\/\/costablancaup.com\/class\/cine-bajo-la-luna-perfectos-desconocidos-2\/"},"modified":"2018-07-19T11:28:46","modified_gmt":"2018-07-19T09:28:46","slug":"cine-bajo-la-luna-del-lado-del-verano","status":"publish","type":"class","link":"https:\/\/costablancaup.com\/es\/class\/cine-bajo-la-luna-del-lado-del-verano\/","title":{"rendered":"Cine bajo la luna: \u00abDel lado del verano\u00bb"},"content":{"rendered":"<p>El Festival de Cine de Alicante ha puesto en marcha una nueva iniciativa que bajo el t\u00edtulo de \u2018Cine Bajo La Luna\u2019, recoge una propuesta que une cultura y gastronom\u00eda al aire libre.<\/p>\n<p>Este nuevo ciclo de cine incluye un men\u00fa cerrado adem\u00e1s de las proyecciones al aire libre por un precio de 29 euros. Adem\u00e1s, se puede asistir a la proyecci\u00f3n y solo adquirir una consumici\u00f3n por 9 euros. La cena dar\u00e1 comienzo a las 21.15 horas y la proyecci\u00f3n de la pel\u00edcula a las 22:30 horas.<\/p>\n<p><img loading=\"lazy\" decoding=\"async\" src=\"https:\/\/costablancaup.com\/wp-content\/uploads\/2018\/07\/delladodelverano.jpg\" alt=\"Cine bajo la luna: Del lado del verano\" width=\"250\" height=\"394\" class=\"alignleft size-full wp-image-15451\" \/><\/p>\n<p>El 17 de agosto tendr\u00e1 lugar la tercera proyecci\u00f3n, con la pel\u00edcula \u00abDel lado del verano\u00bb, dirigida por Antonia San Juan, que en el reparto cuenta, aparte de la propia directora, con Macarena G\u00f3mez y Luis Miguel Segu\u00ed. Este largometaje fue galardonado con el premio Tesela de Oro a la mejor pel\u00edcula y la Tesela de Plata a la mejor actriz, Macarena G\u00f3mez, en la novena edici\u00f3n del Festival de Cine de Alicante. La historia nos cuenta sobre la vida rutinaria de una familia se ve alterada cuando el padre fallece. Una hija, Tana, tiene un sue\u00f1o: volar lejos del entorno familiar, pero &#8230; \u00bfc\u00f3mo abandonar a la familia sin perderla? \u00bfy c\u00f3mo dejarla a un lado para ayudarla?<\/p>\n<p>Se recomienda reservar por tel\u00e9fono en el 965 15 95 24 \/ 608 68 61 77.<\/p>\n","protected":false},"excerpt":{"rendered":"<p>El Festival de Cine de Alicante ha puesto en marcha una nueva iniciativa que bajo el t\u00edtulo de \u2018Cine Bajo La Luna\u2019, recoge una propuesta que une cultura y gastronom\u00eda al aire libre. Este nuevo ciclo de cine incluye un men\u00fa cerrado adem\u00e1s de las proyecciones al aire libre por un precio de 29 euros. Adem\u00e1s, se puede asistir a la proyecci\u00f3n y solo adquirir una consumici\u00f3n por 9 euros. La cena dar\u00e1 comienzo a las 21.15 horas y la proyecci\u00f3n de la pel\u00edcula a las 22:30 horas. El 17 de agosto tendr\u00e1 lugar la tercera proyecci\u00f3n, con la pel\u00edcula [&hellip;]<\/p>\n","protected":false},"template":"","meta":[],"wcs-type":[5077],"wcs-room":[5115],"wcs-instructor":[],"class_list":["post-15457","class","type-class","status-publish","hentry","wcs-type-cine","wcs-room-finca-casa-luna-alicante"],"yoast_head":"<!-- This site is optimized with the Yoast SEO plugin v27.4 - https:\/\/yoast.com\/product\/yoast-seo-wordpress\/ -->\n<title>Cine bajo la luna: &quot;Del lado del verano&quot; - COSTA BLANCA UP<\/title>\n<meta name=\"robots\" content=\"index, follow, max-snippet:-1, max-image-preview:large, max-video-preview:-1\" \/>\n<link rel=\"canonical\" href=\"https:\/\/costablancaup.com\/es\/class\/cine-bajo-la-luna-del-lado-del-verano\/\" \/>\n<meta property=\"og:locale\" content=\"es_ES\" \/>\n<meta property=\"og:type\" content=\"article\" \/>\n<meta property=\"og:title\" content=\"Cine bajo la luna: &quot;Del lado del verano&quot; - COSTA BLANCA UP\" \/>\n<meta property=\"og:description\" content=\"El Festival de Cine de Alicante ha puesto en marcha una nueva iniciativa que bajo el t\u00edtulo de \u2018Cine Bajo La Luna\u2019, recoge una propuesta que une cultura y gastronom\u00eda al aire libre. Este nuevo ciclo de cine incluye un men\u00fa cerrado adem\u00e1s de las proyecciones al aire libre por un precio de 29 euros. Adem\u00e1s, se puede asistir a la proyecci\u00f3n y solo adquirir una consumici\u00f3n por 9 euros. La cena dar\u00e1 comienzo a las 21.15 horas y la proyecci\u00f3n de la pel\u00edcula a las 22:30 horas. El 17 de agosto tendr\u00e1 lugar la tercera proyecci\u00f3n, con la pel\u00edcula [&hellip;]\" \/>\n<meta property=\"og:url\" content=\"https:\/\/costablancaup.com\/es\/class\/cine-bajo-la-luna-del-lado-del-verano\/\" \/>\n<meta property=\"og:site_name\" content=\"COSTA BLANCA UP\" \/>\n<meta property=\"article:modified_time\" content=\"2018-07-19T09:28:46+00:00\" \/>\n<meta property=\"og:image\" content=\"https:\/\/costablancaup.com\/wp-content\/uploads\/2018\/07\/delladodelverano.jpg\" \/>\n<meta name=\"twitter:card\" content=\"summary_large_image\" \/>\n<meta name=\"twitter:label1\" content=\"Tiempo de lectura\" \/>\n\t<meta name=\"twitter:data1\" content=\"1 minuto\" \/>\n<script type=\"application\/ld+json\" class=\"yoast-schema-graph\">{\"@context\":\"https:\\\/\\\/schema.org\",\"@graph\":[{\"@type\":\"WebPage\",\"@id\":\"https:\\\/\\\/costablancaup.com\\\/es\\\/class\\\/cine-bajo-la-luna-del-lado-del-verano\\\/\",\"url\":\"https:\\\/\\\/costablancaup.com\\\/es\\\/class\\\/cine-bajo-la-luna-del-lado-del-verano\\\/\",\"name\":\"Cine bajo la luna: \\\"Del lado del verano\\\" - COSTA BLANCA UP\",\"isPartOf\":{\"@id\":\"https:\\\/\\\/costablancaup.com\\\/es\\\/#website\"},\"primaryImageOfPage\":{\"@id\":\"https:\\\/\\\/costablancaup.com\\\/es\\\/class\\\/cine-bajo-la-luna-del-lado-del-verano\\\/#primaryimage\"},\"image\":{\"@id\":\"https:\\\/\\\/costablancaup.com\\\/es\\\/class\\\/cine-bajo-la-luna-del-lado-del-verano\\\/#primaryimage\"},\"thumbnailUrl\":\"https:\\\/\\\/costablancaup.com\\\/wp-content\\\/uploads\\\/2018\\\/07\\\/delladodelverano.jpg\",\"datePublished\":\"2018-07-17T20:04:27+00:00\",\"dateModified\":\"2018-07-19T09:28:46+00:00\",\"breadcrumb\":{\"@id\":\"https:\\\/\\\/costablancaup.com\\\/es\\\/class\\\/cine-bajo-la-luna-del-lado-del-verano\\\/#breadcrumb\"},\"inLanguage\":\"es\",\"potentialAction\":[{\"@type\":\"ReadAction\",\"target\":[\"https:\\\/\\\/costablancaup.com\\\/es\\\/class\\\/cine-bajo-la-luna-del-lado-del-verano\\\/\"]}]},{\"@type\":\"ImageObject\",\"inLanguage\":\"es\",\"@id\":\"https:\\\/\\\/costablancaup.com\\\/es\\\/class\\\/cine-bajo-la-luna-del-lado-del-verano\\\/#primaryimage\",\"url\":\"https:\\\/\\\/costablancaup.com\\\/wp-content\\\/uploads\\\/2018\\\/07\\\/delladodelverano.jpg\",\"contentUrl\":\"https:\\\/\\\/costablancaup.com\\\/wp-content\\\/uploads\\\/2018\\\/07\\\/delladodelverano.jpg\"},{\"@type\":\"BreadcrumbList\",\"@id\":\"https:\\\/\\\/costablancaup.com\\\/es\\\/class\\\/cine-bajo-la-luna-del-lado-del-verano\\\/#breadcrumb\",\"itemListElement\":[{\"@type\":\"ListItem\",\"position\":1,\"name\":\"Home\",\"item\":\"https:\\\/\\\/costablancaup.com\\\/es\\\/\"},{\"@type\":\"ListItem\",\"position\":2,\"name\":\"Cine bajo la luna: \u00abDel lado del verano\u00bb\"}]},{\"@type\":\"WebSite\",\"@id\":\"https:\\\/\\\/costablancaup.com\\\/es\\\/#website\",\"url\":\"https:\\\/\\\/costablancaup.com\\\/es\\\/\",\"name\":\"COSTA BLANCA UP\",\"description\":\"Costa Blanca Events and Agenda\",\"publisher\":{\"@id\":\"https:\\\/\\\/costablancaup.com\\\/es\\\/#organization\"},\"potentialAction\":[{\"@type\":\"SearchAction\",\"target\":{\"@type\":\"EntryPoint\",\"urlTemplate\":\"https:\\\/\\\/costablancaup.com\\\/es\\\/?s={search_term_string}\"},\"query-input\":{\"@type\":\"PropertyValueSpecification\",\"valueRequired\":true,\"valueName\":\"search_term_string\"}}],\"inLanguage\":\"es\"},{\"@type\":\"Organization\",\"@id\":\"https:\\\/\\\/costablancaup.com\\\/es\\\/#organization\",\"name\":\"Costa Blanca Up\",\"url\":\"https:\\\/\\\/costablancaup.com\\\/es\\\/\",\"logo\":{\"@type\":\"ImageObject\",\"inLanguage\":\"es\",\"@id\":\"https:\\\/\\\/costablancaup.com\\\/es\\\/#\\\/schema\\\/logo\\\/image\\\/\",\"url\":\"https:\\\/\\\/costablancaup.com\\\/wp-content\\\/uploads\\\/2018\\\/07\\\/titulo_web-1.png\",\"contentUrl\":\"https:\\\/\\\/costablancaup.com\\\/wp-content\\\/uploads\\\/2018\\\/07\\\/titulo_web-1.png\",\"width\":1973,\"height\":303,\"caption\":\"Costa Blanca Up\"},\"image\":{\"@id\":\"https:\\\/\\\/costablancaup.com\\\/es\\\/#\\\/schema\\\/logo\\\/image\\\/\"}}]}<\/script>\n<!-- \/ Yoast SEO plugin. -->","yoast_head_json":{"title":"Cine bajo la luna: \"Del lado del verano\" - COSTA BLANCA UP","robots":{"index":"index","follow":"follow","max-snippet":"max-snippet:-1","max-image-preview":"max-image-preview:large","max-video-preview":"max-video-preview:-1"},"canonical":"https:\/\/costablancaup.com\/es\/class\/cine-bajo-la-luna-del-lado-del-verano\/","og_locale":"es_ES","og_type":"article","og_title":"Cine bajo la luna: \"Del lado del verano\" - COSTA BLANCA UP","og_description":"El Festival de Cine de Alicante ha puesto en marcha una nueva iniciativa que bajo el t\u00edtulo de \u2018Cine Bajo La Luna\u2019, recoge una propuesta que une cultura y gastronom\u00eda al aire libre. Este nuevo ciclo de cine incluye un men\u00fa cerrado adem\u00e1s de las proyecciones al aire libre por un precio de 29 euros. Adem\u00e1s, se puede asistir a la proyecci\u00f3n y solo adquirir una consumici\u00f3n por 9 euros. La cena dar\u00e1 comienzo a las 21.15 horas y la proyecci\u00f3n de la pel\u00edcula a las 22:30 horas. El 17 de agosto tendr\u00e1 lugar la tercera proyecci\u00f3n, con la pel\u00edcula [&hellip;]","og_url":"https:\/\/costablancaup.com\/es\/class\/cine-bajo-la-luna-del-lado-del-verano\/","og_site_name":"COSTA BLANCA UP","article_modified_time":"2018-07-19T09:28:46+00:00","og_image":[{"url":"https:\/\/costablancaup.com\/wp-content\/uploads\/2018\/07\/delladodelverano.jpg","type":"","width":"","height":""}],"twitter_card":"summary_large_image","twitter_misc":{"Tiempo de lectura":"1 minuto"},"schema":{"@context":"https:\/\/schema.org","@graph":[{"@type":"WebPage","@id":"https:\/\/costablancaup.com\/es\/class\/cine-bajo-la-luna-del-lado-del-verano\/","url":"https:\/\/costablancaup.com\/es\/class\/cine-bajo-la-luna-del-lado-del-verano\/","name":"Cine bajo la luna: \"Del lado del verano\" - COSTA BLANCA UP","isPartOf":{"@id":"https:\/\/costablancaup.com\/es\/#website"},"primaryImageOfPage":{"@id":"https:\/\/costablancaup.com\/es\/class\/cine-bajo-la-luna-del-lado-del-verano\/#primaryimage"},"image":{"@id":"https:\/\/costablancaup.com\/es\/class\/cine-bajo-la-luna-del-lado-del-verano\/#primaryimage"},"thumbnailUrl":"https:\/\/costablancaup.com\/wp-content\/uploads\/2018\/07\/delladodelverano.jpg","datePublished":"2018-07-17T20:04:27+00:00","dateModified":"2018-07-19T09:28:46+00:00","breadcrumb":{"@id":"https:\/\/costablancaup.com\/es\/class\/cine-bajo-la-luna-del-lado-del-verano\/#breadcrumb"},"inLanguage":"es","potentialAction":[{"@type":"ReadAction","target":["https:\/\/costablancaup.com\/es\/class\/cine-bajo-la-luna-del-lado-del-verano\/"]}]},{"@type":"ImageObject","inLanguage":"es","@id":"https:\/\/costablancaup.com\/es\/class\/cine-bajo-la-luna-del-lado-del-verano\/#primaryimage","url":"https:\/\/costablancaup.com\/wp-content\/uploads\/2018\/07\/delladodelverano.jpg","contentUrl":"https:\/\/costablancaup.com\/wp-content\/uploads\/2018\/07\/delladodelverano.jpg"},{"@type":"BreadcrumbList","@id":"https:\/\/costablancaup.com\/es\/class\/cine-bajo-la-luna-del-lado-del-verano\/#breadcrumb","itemListElement":[{"@type":"ListItem","position":1,"name":"Home","item":"https:\/\/costablancaup.com\/es\/"},{"@type":"ListItem","position":2,"name":"Cine bajo la luna: \u00abDel lado del verano\u00bb"}]},{"@type":"WebSite","@id":"https:\/\/costablancaup.com\/es\/#website","url":"https:\/\/costablancaup.com\/es\/","name":"COSTA BLANCA UP","description":"Costa Blanca Events and Agenda","publisher":{"@id":"https:\/\/costablancaup.com\/es\/#organization"},"potentialAction":[{"@type":"SearchAction","target":{"@type":"EntryPoint","urlTemplate":"https:\/\/costablancaup.com\/es\/?s={search_term_string}"},"query-input":{"@type":"PropertyValueSpecification","valueRequired":true,"valueName":"search_term_string"}}],"inLanguage":"es"},{"@type":"Organization","@id":"https:\/\/costablancaup.com\/es\/#organization","name":"Costa Blanca Up","url":"https:\/\/costablancaup.com\/es\/","logo":{"@type":"ImageObject","inLanguage":"es","@id":"https:\/\/costablancaup.com\/es\/#\/schema\/logo\/image\/","url":"https:\/\/costablancaup.com\/wp-content\/uploads\/2018\/07\/titulo_web-1.png","contentUrl":"https:\/\/costablancaup.com\/wp-content\/uploads\/2018\/07\/titulo_web-1.png","width":1973,"height":303,"caption":"Costa Blanca Up"},"image":{"@id":"https:\/\/costablancaup.com\/es\/#\/schema\/logo\/image\/"}}]}},"_links":{"self":[{"href":"https:\/\/costablancaup.com\/es\/wp-json\/wp\/v2\/class\/15457","targetHints":{"allow":["GET"]}}],"collection":[{"href":"https:\/\/costablancaup.com\/es\/wp-json\/wp\/v2\/class"}],"about":[{"href":"https:\/\/costablancaup.com\/es\/wp-json\/wp\/v2\/types\/class"}],"wp:attachment":[{"href":"https:\/\/costablancaup.com\/es\/wp-json\/wp\/v2\/media?parent=15457"}],"wp:term":[{"taxonomy":"wcs-type","embeddable":true,"href":"https:\/\/costablancaup.com\/es\/wp-json\/wp\/v2\/wcs-type?post=15457"},{"taxonomy":"wcs-room","embeddable":true,"href":"https:\/\/costablancaup.com\/es\/wp-json\/wp\/v2\/wcs-room?post=15457"},{"taxonomy":"wcs-instructor","embeddable":true,"href":"https:\/\/costablancaup.com\/es\/wp-json\/wp\/v2\/wcs-instructor?post=15457"}],"curies":[{"name":"wp","href":"https:\/\/api.w.org\/{rel}","templated":true}]}}

<p>El Festival de Cine de Alicante ha puesto en marcha una nueva iniciativa que bajo el título de ‘Cine Bajo La Luna’, recoge una propuesta que une cultura y gastronomía al aire libre.</p>
<p>Este nuevo ciclo de cine incluye un menú cerrado además de las proyecciones al aire libre por un precio de 29 euros. Además, se puede asistir a la proyección y solo adquirir una consumición por 9 euros. La cena dará comienzo a las 21.15 horas y la proyección de la película a las 22:30 horas.</p>
<p><img loading="lazy" decoding="async" src="https://costablancaup.com/wp-content/uploads/2018/07/delladodelverano.jpg" alt="Cine bajo la luna: Del lado del verano" width="250" height="394" class="alignleft size-full wp-image-15451" /></p>
<p>El 17 de agosto tendrá lugar la tercera proyección, con la película «Del lado del verano», dirigida por Antonia San Juan, que en el reparto cuenta, aparte de la propia directora, con Macarena Gómez y Luis Miguel Seguí. Este largometaje fue galardonado con el premio Tesela de Oro a la mejor película y la Tesela de Plata a la mejor actriz, Macarena Gómez, en la novena edición del Festival de Cine de Alicante. La historia nos cuenta sobre la vida rutinaria de una familia se ve alterada cuando el padre fallece. Una hija, Tana, tiene un sueño: volar lejos del entorno familiar, pero &#8230; ¿cómo abandonar a la familia sin perderla? ¿y cómo dejarla a un lado para ayudarla?</p>
<p>Se recomienda reservar por teléfono en el 965 15 95 24 / 608 68 61 77.</p>

<p>El Festival de Cine de Alicante ha puesto en marcha una nueva iniciativa que bajo el título de ‘Cine Bajo La Luna’, recoge una propuesta que une cultura y gastronomía al aire libre. Este nuevo ciclo de cine incluye un menú cerrado además de las proyecciones al aire libre por un precio de 29 euros. Además, se puede asistir a la proyección y solo adquirir una consumición por 9 euros. La cena dará comienzo a las 21.15 horas y la proyección de la película a las 22:30 horas. El 17 de agosto tendrá lugar la tercera proyección, con la película [&hellip;]</p>

<!-- This site is optimized with the Yoast SEO plugin v27.4 - https://yoast.com/product/yoast-seo-wordpress/ -->
<title>Cine bajo la luna: &quot;Del lado del verano&quot; - COSTA BLANCA UP</title>
<meta name="robots" content="index, follow, max-snippet:-1, max-image-preview:large, max-video-preview:-1" />
<link rel="canonical" href="https://costablancaup.com/es/class/cine-bajo-la-luna-del-lado-del-verano/" />
<meta property="og:locale" content="es_ES" />
<meta property="og:type" content="article" />
<meta property="og:title" content="Cine bajo la luna: &quot;Del lado del verano&quot; - COSTA BLANCA UP" />
<meta property="og:description" content="El Festival de Cine de Alicante ha puesto en marcha una nueva iniciativa que bajo el título de ‘Cine Bajo La Luna’, recoge una propuesta que une cultura y gastronomía al aire libre. Este nuevo ciclo de cine incluye un menú cerrado además de las proyecciones al aire libre por un precio de 29 euros. Además, se puede asistir a la proyección y solo adquirir una consumición por 9 euros. La cena dará comienzo a las 21.15 horas y la proyección de la película a las 22:30 horas. El 17 de agosto tendrá lugar la tercera proyección, con la película [&hellip;]" />
<meta property="og:url" content="https://costablancaup.com/es/class/cine-bajo-la-luna-del-lado-del-verano/" />
<meta property="og:site_name" content="COSTA BLANCA UP" />
<meta property="article:modified_time" content="2018-07-19T09:28:46+00:00" />
<meta property="og:image" content="https://costablancaup.com/wp-content/uploads/2018/07/delladodelverano.jpg" />
<meta name="twitter:card" content="summary_large_image" />
<meta name="twitter:label1" content="Tiempo de lectura" />
	<meta name="twitter:data1" content="1 minuto" />
<script type="application/ld+json" class="yoast-schema-graph">{"@context":"https:\/\/schema.org","@graph":[{"@type":"WebPage","@id":"https:\/\/costablancaup.com\/es\/class\/cine-bajo-la-luna-del-lado-del-verano\/","url":"https:\/\/costablancaup.com\/es\/class\/cine-bajo-la-luna-del-lado-del-verano\/","name":"Cine bajo la luna: \"Del lado del verano\" - COSTA BLANCA UP","isPartOf":{"@id":"https:\/\/costablancaup.com\/es\/#website"},"primaryImageOfPage":{"@id":"https:\/\/costablancaup.com\/es\/class\/cine-bajo-la-luna-del-lado-del-verano\/#primaryimage"},"image":{"@id":"https:\/\/costablancaup.com\/es\/class\/cine-bajo-la-luna-del-lado-del-verano\/#primaryimage"},"thumbnailUrl":"https:\/\/costablancaup.com\/wp-content\/uploads\/2018\/07\/delladodelverano.jpg","datePublished":"2018-07-17T20:04:27+00:00","dateModified":"2018-07-19T09:28:46+00:00","breadcrumb":{"@id":"https:\/\/costablancaup.com\/es\/class\/cine-bajo-la-luna-del-lado-del-verano\/#breadcrumb"},"inLanguage":"es","potentialAction":[{"@type":"ReadAction","target":["https:\/\/costablancaup.com\/es\/class\/cine-bajo-la-luna-del-lado-del-verano\/"]}]},{"@type":"ImageObject","inLanguage":"es","@id":"https:\/\/costablancaup.com\/es\/class\/cine-bajo-la-luna-del-lado-del-verano\/#primaryimage","url":"https:\/\/costablancaup.com\/wp-content\/uploads\/2018\/07\/delladodelverano.jpg","contentUrl":"https:\/\/costablancaup.com\/wp-content\/uploads\/2018\/07\/delladodelverano.jpg"},{"@type":"BreadcrumbList","@id":"https:\/\/costablancaup.com\/es\/class\/cine-bajo-la-luna-del-lado-del-verano\/#breadcrumb","itemListElement":[{"@type":"ListItem","position":1,"name":"Home","item":"https:\/\/costablancaup.com\/es\/"},{"@type":"ListItem","position":2,"name":"Cine bajo la luna: «Del lado del verano»"}]},{"@type":"WebSite","@id":"https:\/\/costablancaup.com\/es\/#website","url":"https:\/\/costablancaup.com\/es\/","name":"COSTA BLANCA UP","description":"Costa Blanca Events and Agenda","publisher":{"@id":"https:\/\/costablancaup.com\/es\/#organization"},"potentialAction":[{"@type":"SearchAction","target":{"@type":"EntryPoint","urlTemplate":"https:\/\/costablancaup.com\/es\/?s={search_term_string}"},"query-input":{"@type":"PropertyValueSpecification","valueRequired":true,"valueName":"search_term_string"}}],"inLanguage":"es"},{"@type":"Organization","@id":"https:\/\/costablancaup.com\/es\/#organization","name":"Costa Blanca Up","url":"https:\/\/costablancaup.com\/es\/","logo":{"@type":"ImageObject","inLanguage":"es","@id":"https:\/\/costablancaup.com\/es\/#\/schema\/logo\/image\/","url":"https:\/\/costablancaup.com\/wp-content\/uploads\/2018\/07\/titulo_web-1.png","contentUrl":"https:\/\/costablancaup.com\/wp-content\/uploads\/2018\/07\/titulo_web-1.png","width":1973,"height":303,"caption":"Costa Blanca Up"},"image":{"@id":"https:\/\/costablancaup.com\/es\/#\/schema\/logo\/image\/"}}]}</script>
<!-- / Yoast SEO plugin. -->

El Festival de Cine de Alicante ha puesto en marcha una nueva iniciativa que bajo el título de ‘Cine Bajo La Luna’, recoge una propuesta que une cultura y gastronomía al aire libre. Este nuevo ciclo de cine incluye un menú cerrado además de las proyecciones al aire libre por un precio de 29 euros. Además, se puede asistir a la proyección y solo adquirir una consumición por 9 euros. La cena dará comienzo a las 21.15 horas y la proyección de la película a las 22:30 horas. El 17 de agosto tendrá lugar la tercera proyección, con la película [&hellip;]
