{"id":15744,"date":"2018-07-20T17:33:58","date_gmt":"2018-07-20T15:33:58","guid":{"rendered":"https:\/\/costablancaup.com\/?post_type=class&#038;p=15744"},"modified":"2018-07-20T17:33:58","modified_gmt":"2018-07-20T15:33:58","slug":"el-canijo-de-jerez","status":"publish","type":"class","link":"https:\/\/costablancaup.com\/es\/class\/el-canijo-de-jerez\/","title":{"rendered":"El Canijo de Jerez"},"content":{"rendered":"<h3>El Canijo de Jerez, presenta su nuevo \u00e1lbum \u00abLibera la Fiera\u00bb en Valencia<\/h3>\n<p>Este artista de la guitarra y la m\u00fasica garrapatera cuenta con un amplio historial a sus espaldas. Siete discos junto a Los Delinq\u00fcentes y uno como G-5 (junto a Kiko Veneno, Tomasito, Rat\u00f3n y Muchachito), lo han convertido en una de las figuras m\u00e1s destacadas de la rumba andaluza m\u00e1s desvergonzada. <\/p>\n<p>Ahora, sin alejarse de sus ra\u00edces pero tratando de construir su propio camino, <em>El Canijo de Jerez<\/em> se encuentra en un  brillante momento personal en el que se reinventa a trav\u00e9s de la m\u00fasica<\/p>\n","protected":false},"excerpt":{"rendered":"<p>El Canijo de Jerez, presenta su nuevo \u00e1lbum \u00abLibera la Fiera\u00bb en Valencia Este artista de la guitarra y la m\u00fasica garrapatera cuenta con un amplio historial a sus espaldas. Siete discos junto a Los Delinq\u00fcentes y uno como G-5 (junto a Kiko Veneno, Tomasito, Rat\u00f3n y Muchachito), lo han convertido en una de las figuras m\u00e1s destacadas de la rumba andaluza m\u00e1s desvergonzada. Ahora, sin alejarse de sus ra\u00edces pero tratando de construir su propio camino, El Canijo de Jerez se encuentra en un brillante momento personal en el que se reinventa a trav\u00e9s de la m\u00fasica<\/p>\n","protected":false},"template":"","meta":[],"wcs-type":[5046],"wcs-room":[5183],"wcs-instructor":[],"class_list":["post-15744","class","type-class","status-publish","hentry","wcs-type-musica","wcs-room-sala-moon-valencia"],"yoast_head":"<!-- This site is optimized with the Yoast SEO plugin v27.4 - https:\/\/yoast.com\/product\/yoast-seo-wordpress\/ -->\n<title>El Canijo de Jerez - COSTA BLANCA UP<\/title>\n<meta name=\"robots\" content=\"index, follow, max-snippet:-1, max-image-preview:large, max-video-preview:-1\" \/>\n<link rel=\"canonical\" href=\"https:\/\/costablancaup.com\/es\/class\/el-canijo-de-jerez\/\" \/>\n<meta property=\"og:locale\" content=\"es_ES\" \/>\n<meta property=\"og:type\" content=\"article\" \/>\n<meta property=\"og:title\" content=\"El Canijo de Jerez - COSTA BLANCA UP\" \/>\n<meta property=\"og:description\" content=\"El Canijo de Jerez, presenta su nuevo \u00e1lbum \u00abLibera la Fiera\u00bb en Valencia Este artista de la guitarra y la m\u00fasica garrapatera cuenta con un amplio historial a sus espaldas. Siete discos junto a Los Delinq\u00fcentes y uno como G-5 (junto a Kiko Veneno, Tomasito, Rat\u00f3n y Muchachito), lo han convertido en una de las figuras m\u00e1s destacadas de la rumba andaluza m\u00e1s desvergonzada. Ahora, sin alejarse de sus ra\u00edces pero tratando de construir su propio camino, El Canijo de Jerez se encuentra en un brillante momento personal en el que se reinventa a trav\u00e9s de la m\u00fasica\" \/>\n<meta property=\"og:url\" content=\"https:\/\/costablancaup.com\/es\/class\/el-canijo-de-jerez\/\" \/>\n<meta property=\"og:site_name\" content=\"COSTA BLANCA UP\" \/>\n<meta name=\"twitter:card\" content=\"summary_large_image\" \/>\n<meta name=\"twitter:label1\" content=\"Tiempo de lectura\" \/>\n\t<meta name=\"twitter:data1\" content=\"1 minuto\" \/>\n<script type=\"application\/ld+json\" class=\"yoast-schema-graph\">{\"@context\":\"https:\\\/\\\/schema.org\",\"@graph\":[{\"@type\":\"WebPage\",\"@id\":\"https:\\\/\\\/costablancaup.com\\\/es\\\/class\\\/el-canijo-de-jerez\\\/\",\"url\":\"https:\\\/\\\/costablancaup.com\\\/es\\\/class\\\/el-canijo-de-jerez\\\/\",\"name\":\"El Canijo de Jerez - COSTA BLANCA UP\",\"isPartOf\":{\"@id\":\"https:\\\/\\\/costablancaup.com\\\/es\\\/#website\"},\"datePublished\":\"2018-07-20T15:33:58+00:00\",\"breadcrumb\":{\"@id\":\"https:\\\/\\\/costablancaup.com\\\/es\\\/class\\\/el-canijo-de-jerez\\\/#breadcrumb\"},\"inLanguage\":\"es\",\"potentialAction\":[{\"@type\":\"ReadAction\",\"target\":[\"https:\\\/\\\/costablancaup.com\\\/es\\\/class\\\/el-canijo-de-jerez\\\/\"]}]},{\"@type\":\"BreadcrumbList\",\"@id\":\"https:\\\/\\\/costablancaup.com\\\/es\\\/class\\\/el-canijo-de-jerez\\\/#breadcrumb\",\"itemListElement\":[{\"@type\":\"ListItem\",\"position\":1,\"name\":\"Home\",\"item\":\"https:\\\/\\\/costablancaup.com\\\/es\\\/\"},{\"@type\":\"ListItem\",\"position\":2,\"name\":\"El Canijo de Jerez\"}]},{\"@type\":\"WebSite\",\"@id\":\"https:\\\/\\\/costablancaup.com\\\/es\\\/#website\",\"url\":\"https:\\\/\\\/costablancaup.com\\\/es\\\/\",\"name\":\"COSTA BLANCA UP\",\"description\":\"Costa Blanca Events and Agenda\",\"publisher\":{\"@id\":\"https:\\\/\\\/costablancaup.com\\\/es\\\/#organization\"},\"potentialAction\":[{\"@type\":\"SearchAction\",\"target\":{\"@type\":\"EntryPoint\",\"urlTemplate\":\"https:\\\/\\\/costablancaup.com\\\/es\\\/?s={search_term_string}\"},\"query-input\":{\"@type\":\"PropertyValueSpecification\",\"valueRequired\":true,\"valueName\":\"search_term_string\"}}],\"inLanguage\":\"es\"},{\"@type\":\"Organization\",\"@id\":\"https:\\\/\\\/costablancaup.com\\\/es\\\/#organization\",\"name\":\"Costa Blanca Up\",\"url\":\"https:\\\/\\\/costablancaup.com\\\/es\\\/\",\"logo\":{\"@type\":\"ImageObject\",\"inLanguage\":\"es\",\"@id\":\"https:\\\/\\\/costablancaup.com\\\/es\\\/#\\\/schema\\\/logo\\\/image\\\/\",\"url\":\"https:\\\/\\\/costablancaup.com\\\/wp-content\\\/uploads\\\/2018\\\/07\\\/titulo_web-1.png\",\"contentUrl\":\"https:\\\/\\\/costablancaup.com\\\/wp-content\\\/uploads\\\/2018\\\/07\\\/titulo_web-1.png\",\"width\":1973,\"height\":303,\"caption\":\"Costa Blanca Up\"},\"image\":{\"@id\":\"https:\\\/\\\/costablancaup.com\\\/es\\\/#\\\/schema\\\/logo\\\/image\\\/\"}}]}<\/script>\n<!-- \/ Yoast SEO plugin. -->","yoast_head_json":{"title":"El Canijo de Jerez - COSTA BLANCA UP","robots":{"index":"index","follow":"follow","max-snippet":"max-snippet:-1","max-image-preview":"max-image-preview:large","max-video-preview":"max-video-preview:-1"},"canonical":"https:\/\/costablancaup.com\/es\/class\/el-canijo-de-jerez\/","og_locale":"es_ES","og_type":"article","og_title":"El Canijo de Jerez - COSTA BLANCA UP","og_description":"El Canijo de Jerez, presenta su nuevo \u00e1lbum \u00abLibera la Fiera\u00bb en Valencia Este artista de la guitarra y la m\u00fasica garrapatera cuenta con un amplio historial a sus espaldas. Siete discos junto a Los Delinq\u00fcentes y uno como G-5 (junto a Kiko Veneno, Tomasito, Rat\u00f3n y Muchachito), lo han convertido en una de las figuras m\u00e1s destacadas de la rumba andaluza m\u00e1s desvergonzada. Ahora, sin alejarse de sus ra\u00edces pero tratando de construir su propio camino, El Canijo de Jerez se encuentra en un brillante momento personal en el que se reinventa a trav\u00e9s de la m\u00fasica","og_url":"https:\/\/costablancaup.com\/es\/class\/el-canijo-de-jerez\/","og_site_name":"COSTA BLANCA UP","twitter_card":"summary_large_image","twitter_misc":{"Tiempo de lectura":"1 minuto"},"schema":{"@context":"https:\/\/schema.org","@graph":[{"@type":"WebPage","@id":"https:\/\/costablancaup.com\/es\/class\/el-canijo-de-jerez\/","url":"https:\/\/costablancaup.com\/es\/class\/el-canijo-de-jerez\/","name":"El Canijo de Jerez - COSTA BLANCA UP","isPartOf":{"@id":"https:\/\/costablancaup.com\/es\/#website"},"datePublished":"2018-07-20T15:33:58+00:00","breadcrumb":{"@id":"https:\/\/costablancaup.com\/es\/class\/el-canijo-de-jerez\/#breadcrumb"},"inLanguage":"es","potentialAction":[{"@type":"ReadAction","target":["https:\/\/costablancaup.com\/es\/class\/el-canijo-de-jerez\/"]}]},{"@type":"BreadcrumbList","@id":"https:\/\/costablancaup.com\/es\/class\/el-canijo-de-jerez\/#breadcrumb","itemListElement":[{"@type":"ListItem","position":1,"name":"Home","item":"https:\/\/costablancaup.com\/es\/"},{"@type":"ListItem","position":2,"name":"El Canijo de Jerez"}]},{"@type":"WebSite","@id":"https:\/\/costablancaup.com\/es\/#website","url":"https:\/\/costablancaup.com\/es\/","name":"COSTA BLANCA UP","description":"Costa Blanca Events and Agenda","publisher":{"@id":"https:\/\/costablancaup.com\/es\/#organization"},"potentialAction":[{"@type":"SearchAction","target":{"@type":"EntryPoint","urlTemplate":"https:\/\/costablancaup.com\/es\/?s={search_term_string}"},"query-input":{"@type":"PropertyValueSpecification","valueRequired":true,"valueName":"search_term_string"}}],"inLanguage":"es"},{"@type":"Organization","@id":"https:\/\/costablancaup.com\/es\/#organization","name":"Costa Blanca Up","url":"https:\/\/costablancaup.com\/es\/","logo":{"@type":"ImageObject","inLanguage":"es","@id":"https:\/\/costablancaup.com\/es\/#\/schema\/logo\/image\/","url":"https:\/\/costablancaup.com\/wp-content\/uploads\/2018\/07\/titulo_web-1.png","contentUrl":"https:\/\/costablancaup.com\/wp-content\/uploads\/2018\/07\/titulo_web-1.png","width":1973,"height":303,"caption":"Costa Blanca Up"},"image":{"@id":"https:\/\/costablancaup.com\/es\/#\/schema\/logo\/image\/"}}]}},"_links":{"self":[{"href":"https:\/\/costablancaup.com\/es\/wp-json\/wp\/v2\/class\/15744","targetHints":{"allow":["GET"]}}],"collection":[{"href":"https:\/\/costablancaup.com\/es\/wp-json\/wp\/v2\/class"}],"about":[{"href":"https:\/\/costablancaup.com\/es\/wp-json\/wp\/v2\/types\/class"}],"wp:attachment":[{"href":"https:\/\/costablancaup.com\/es\/wp-json\/wp\/v2\/media?parent=15744"}],"wp:term":[{"taxonomy":"wcs-type","embeddable":true,"href":"https:\/\/costablancaup.com\/es\/wp-json\/wp\/v2\/wcs-type?post=15744"},{"taxonomy":"wcs-room","embeddable":true,"href":"https:\/\/costablancaup.com\/es\/wp-json\/wp\/v2\/wcs-room?post=15744"},{"taxonomy":"wcs-instructor","embeddable":true,"href":"https:\/\/costablancaup.com\/es\/wp-json\/wp\/v2\/wcs-instructor?post=15744"}],"curies":[{"name":"wp","href":"https:\/\/api.w.org\/{rel}","templated":true}]}}

<h3>El Canijo de Jerez, presenta su nuevo álbum «Libera la Fiera» en Valencia</h3>
<p>Este artista de la guitarra y la música garrapatera cuenta con un amplio historial a sus espaldas. Siete discos junto a Los Delinqüentes y uno como G-5 (junto a Kiko Veneno, Tomasito, Ratón y Muchachito), lo han convertido en una de las figuras más destacadas de la rumba andaluza más desvergonzada. </p>
<p>Ahora, sin alejarse de sus raíces pero tratando de construir su propio camino, <em>El Canijo de Jerez</em> se encuentra en un  brillante momento personal en el que se reinventa a través de la música</p>

<p>El Canijo de Jerez, presenta su nuevo álbum «Libera la Fiera» en Valencia Este artista de la guitarra y la música garrapatera cuenta con un amplio historial a sus espaldas. Siete discos junto a Los Delinqüentes y uno como G-5 (junto a Kiko Veneno, Tomasito, Ratón y Muchachito), lo han convertido en una de las figuras más destacadas de la rumba andaluza más desvergonzada. Ahora, sin alejarse de sus raíces pero tratando de construir su propio camino, El Canijo de Jerez se encuentra en un brillante momento personal en el que se reinventa a través de la música</p>

<!-- This site is optimized with the Yoast SEO plugin v27.4 - https://yoast.com/product/yoast-seo-wordpress/ -->
<title>El Canijo de Jerez - COSTA BLANCA UP</title>
<meta name="robots" content="index, follow, max-snippet:-1, max-image-preview:large, max-video-preview:-1" />
<link rel="canonical" href="https://costablancaup.com/es/class/el-canijo-de-jerez/" />
<meta property="og:locale" content="es_ES" />
<meta property="og:type" content="article" />
<meta property="og:title" content="El Canijo de Jerez - COSTA BLANCA UP" />
<meta property="og:description" content="El Canijo de Jerez, presenta su nuevo álbum «Libera la Fiera» en Valencia Este artista de la guitarra y la música garrapatera cuenta con un amplio historial a sus espaldas. Siete discos junto a Los Delinqüentes y uno como G-5 (junto a Kiko Veneno, Tomasito, Ratón y Muchachito), lo han convertido en una de las figuras más destacadas de la rumba andaluza más desvergonzada. Ahora, sin alejarse de sus raíces pero tratando de construir su propio camino, El Canijo de Jerez se encuentra en un brillante momento personal en el que se reinventa a través de la música" />
<meta property="og:url" content="https://costablancaup.com/es/class/el-canijo-de-jerez/" />
<meta property="og:site_name" content="COSTA BLANCA UP" />
<meta name="twitter:card" content="summary_large_image" />
<meta name="twitter:label1" content="Tiempo de lectura" />
	<meta name="twitter:data1" content="1 minuto" />
<script type="application/ld+json" class="yoast-schema-graph">{"@context":"https:\/\/schema.org","@graph":[{"@type":"WebPage","@id":"https:\/\/costablancaup.com\/es\/class\/el-canijo-de-jerez\/","url":"https:\/\/costablancaup.com\/es\/class\/el-canijo-de-jerez\/","name":"El Canijo de Jerez - COSTA BLANCA UP","isPartOf":{"@id":"https:\/\/costablancaup.com\/es\/#website"},"datePublished":"2018-07-20T15:33:58+00:00","breadcrumb":{"@id":"https:\/\/costablancaup.com\/es\/class\/el-canijo-de-jerez\/#breadcrumb"},"inLanguage":"es","potentialAction":[{"@type":"ReadAction","target":["https:\/\/costablancaup.com\/es\/class\/el-canijo-de-jerez\/"]}]},{"@type":"BreadcrumbList","@id":"https:\/\/costablancaup.com\/es\/class\/el-canijo-de-jerez\/#breadcrumb","itemListElement":[{"@type":"ListItem","position":1,"name":"Home","item":"https:\/\/costablancaup.com\/es\/"},{"@type":"ListItem","position":2,"name":"El Canijo de Jerez"}]},{"@type":"WebSite","@id":"https:\/\/costablancaup.com\/es\/#website","url":"https:\/\/costablancaup.com\/es\/","name":"COSTA BLANCA UP","description":"Costa Blanca Events and Agenda","publisher":{"@id":"https:\/\/costablancaup.com\/es\/#organization"},"potentialAction":[{"@type":"SearchAction","target":{"@type":"EntryPoint","urlTemplate":"https:\/\/costablancaup.com\/es\/?s={search_term_string}"},"query-input":{"@type":"PropertyValueSpecification","valueRequired":true,"valueName":"search_term_string"}}],"inLanguage":"es"},{"@type":"Organization","@id":"https:\/\/costablancaup.com\/es\/#organization","name":"Costa Blanca Up","url":"https:\/\/costablancaup.com\/es\/","logo":{"@type":"ImageObject","inLanguage":"es","@id":"https:\/\/costablancaup.com\/es\/#\/schema\/logo\/image\/","url":"https:\/\/costablancaup.com\/wp-content\/uploads\/2018\/07\/titulo_web-1.png","contentUrl":"https:\/\/costablancaup.com\/wp-content\/uploads\/2018\/07\/titulo_web-1.png","width":1973,"height":303,"caption":"Costa Blanca Up"},"image":{"@id":"https:\/\/costablancaup.com\/es\/#\/schema\/logo\/image\/"}}]}</script>
<!-- / Yoast SEO plugin. -->

El Canijo de Jerez, presenta su nuevo álbum «Libera la Fiera» en Valencia Este artista de la guitarra y la música garrapatera cuenta con un amplio historial a sus espaldas. Siete discos junto a Los Delinqüentes y uno como G-5 (junto a Kiko Veneno, Tomasito, Ratón y Muchachito), lo han convertido en una de las figuras más destacadas de la rumba andaluza más desvergonzada. Ahora, sin alejarse de sus raíces pero tratando de construir su propio camino, El Canijo de Jerez se encuentra en un brillante momento personal en el que se reinventa a través de la música
