{"id":15799,"date":"2018-07-23T13:06:18","date_gmt":"2018-07-23T11:06:18","guid":{"rendered":"https:\/\/costablancaup.com\/?post_type=class&#038;p=15799"},"modified":"2018-08-16T21:58:27","modified_gmt":"2018-08-16T19:58:27","slug":"benidormexpone-la-guerra-del-bikini-fotografia-y-turismo","status":"publish","type":"class","link":"https:\/\/costablancaup.com\/es\/class\/benidormexpone-la-guerra-del-bikini-fotografia-y-turismo\/","title":{"rendered":"BenidormExpone: \u00abLa guerra del bikini: Fotograf\u00eda y turismo\u00bb"},"content":{"rendered":"<h3>BenidormExpone nos propone una muestra colectiva de fotograf\u00eda que tendr\u00e1n al turista como \u00fanico protagonista<\/h3>\n<p>En las diferentes exposiciones varios autores de la provincia compartir\u00e1n su mirada sobre los visitantes.<\/p>\n<p>La ruta de espacios seleccionados para seguir las siete exposiciones son los Jardines del Ayuntamiento (Valiente Verde), el Puente (Mar\u00eda Moldes), la calle Dr. P\u00e9rez Llorca (Rafa Arjones), la Oficina de Turismo (Iv\u00e1n Carbonell), el Museu Boca del Calvari (Sime\u00f3n Nogueroles), la plaza de la Hispanidad (Cayetano Navarro) y el Paseo de los Carrascos (Jaume Fuster).<\/p>\n","protected":false},"excerpt":{"rendered":"<p>BenidormExpone nos propone una muestra colectiva de fotograf\u00eda que tendr\u00e1n al turista como \u00fanico protagonista En las diferentes exposiciones varios autores de la provincia compartir\u00e1n su mirada sobre los visitantes. La ruta de espacios seleccionados para seguir las siete exposiciones son los Jardines del Ayuntamiento (Valiente Verde), el Puente (Mar\u00eda Moldes), la calle Dr. P\u00e9rez Llorca (Rafa Arjones), la Oficina de Turismo (Iv\u00e1n Carbonell), el Museu Boca del Calvari (Sime\u00f3n Nogueroles), la plaza de la Hispanidad (Cayetano Navarro) y el Paseo de los Carrascos (Jaume Fuster).<\/p>\n","protected":false},"template":"","meta":[],"wcs-type":[5080],"wcs-room":[5249],"wcs-instructor":[],"class_list":["post-15799","class","type-class","status-publish","hentry","wcs-type-exposiciones","wcs-room-benidorm"],"yoast_head":"<!-- This site is optimized with the Yoast SEO plugin v27.4 - https:\/\/yoast.com\/product\/yoast-seo-wordpress\/ -->\n<title>BenidormExpone: &quot;La guerra del bikini: Fotograf\u00eda y turismo&quot; - COSTA BLANCA UP<\/title>\n<meta name=\"robots\" content=\"index, follow, max-snippet:-1, max-image-preview:large, max-video-preview:-1\" \/>\n<link rel=\"canonical\" href=\"https:\/\/costablancaup.com\/es\/class\/benidormexpone-la-guerra-del-bikini-fotografia-y-turismo\/\" \/>\n<meta property=\"og:locale\" content=\"es_ES\" \/>\n<meta property=\"og:type\" content=\"article\" \/>\n<meta property=\"og:title\" content=\"BenidormExpone: &quot;La guerra del bikini: Fotograf\u00eda y turismo&quot; - COSTA BLANCA UP\" \/>\n<meta property=\"og:description\" content=\"BenidormExpone nos propone una muestra colectiva de fotograf\u00eda que tendr\u00e1n al turista como \u00fanico protagonista En las diferentes exposiciones varios autores de la provincia compartir\u00e1n su mirada sobre los visitantes. La ruta de espacios seleccionados para seguir las siete exposiciones son los Jardines del Ayuntamiento (Valiente Verde), el Puente (Mar\u00eda Moldes), la calle Dr. P\u00e9rez Llorca (Rafa Arjones), la Oficina de Turismo (Iv\u00e1n Carbonell), el Museu Boca del Calvari (Sime\u00f3n Nogueroles), la plaza de la Hispanidad (Cayetano Navarro) y el Paseo de los Carrascos (Jaume Fuster).\" \/>\n<meta property=\"og:url\" content=\"https:\/\/costablancaup.com\/es\/class\/benidormexpone-la-guerra-del-bikini-fotografia-y-turismo\/\" \/>\n<meta property=\"og:site_name\" content=\"COSTA BLANCA UP\" \/>\n<meta property=\"article:modified_time\" content=\"2018-08-16T19:58:27+00:00\" \/>\n<meta name=\"twitter:card\" content=\"summary_large_image\" \/>\n<script type=\"application\/ld+json\" class=\"yoast-schema-graph\">{\"@context\":\"https:\\\/\\\/schema.org\",\"@graph\":[{\"@type\":\"WebPage\",\"@id\":\"https:\\\/\\\/costablancaup.com\\\/es\\\/class\\\/benidormexpone-la-guerra-del-bikini-fotografia-y-turismo\\\/\",\"url\":\"https:\\\/\\\/costablancaup.com\\\/es\\\/class\\\/benidormexpone-la-guerra-del-bikini-fotografia-y-turismo\\\/\",\"name\":\"BenidormExpone: \\\"La guerra del bikini: Fotograf\u00eda y turismo\\\" - COSTA BLANCA UP\",\"isPartOf\":{\"@id\":\"https:\\\/\\\/costablancaup.com\\\/es\\\/#website\"},\"datePublished\":\"2018-07-23T11:06:18+00:00\",\"dateModified\":\"2018-08-16T19:58:27+00:00\",\"breadcrumb\":{\"@id\":\"https:\\\/\\\/costablancaup.com\\\/es\\\/class\\\/benidormexpone-la-guerra-del-bikini-fotografia-y-turismo\\\/#breadcrumb\"},\"inLanguage\":\"es\",\"potentialAction\":[{\"@type\":\"ReadAction\",\"target\":[\"https:\\\/\\\/costablancaup.com\\\/es\\\/class\\\/benidormexpone-la-guerra-del-bikini-fotografia-y-turismo\\\/\"]}]},{\"@type\":\"BreadcrumbList\",\"@id\":\"https:\\\/\\\/costablancaup.com\\\/es\\\/class\\\/benidormexpone-la-guerra-del-bikini-fotografia-y-turismo\\\/#breadcrumb\",\"itemListElement\":[{\"@type\":\"ListItem\",\"position\":1,\"name\":\"Home\",\"item\":\"https:\\\/\\\/costablancaup.com\\\/es\\\/\"},{\"@type\":\"ListItem\",\"position\":2,\"name\":\"BenidormExpone: \u00abLa guerra del bikini: Fotograf\u00eda y turismo\u00bb\"}]},{\"@type\":\"WebSite\",\"@id\":\"https:\\\/\\\/costablancaup.com\\\/es\\\/#website\",\"url\":\"https:\\\/\\\/costablancaup.com\\\/es\\\/\",\"name\":\"COSTA BLANCA UP\",\"description\":\"Costa Blanca Events and Agenda\",\"publisher\":{\"@id\":\"https:\\\/\\\/costablancaup.com\\\/es\\\/#organization\"},\"potentialAction\":[{\"@type\":\"SearchAction\",\"target\":{\"@type\":\"EntryPoint\",\"urlTemplate\":\"https:\\\/\\\/costablancaup.com\\\/es\\\/?s={search_term_string}\"},\"query-input\":{\"@type\":\"PropertyValueSpecification\",\"valueRequired\":true,\"valueName\":\"search_term_string\"}}],\"inLanguage\":\"es\"},{\"@type\":\"Organization\",\"@id\":\"https:\\\/\\\/costablancaup.com\\\/es\\\/#organization\",\"name\":\"Costa Blanca Up\",\"url\":\"https:\\\/\\\/costablancaup.com\\\/es\\\/\",\"logo\":{\"@type\":\"ImageObject\",\"inLanguage\":\"es\",\"@id\":\"https:\\\/\\\/costablancaup.com\\\/es\\\/#\\\/schema\\\/logo\\\/image\\\/\",\"url\":\"https:\\\/\\\/costablancaup.com\\\/wp-content\\\/uploads\\\/2018\\\/07\\\/titulo_web-1.png\",\"contentUrl\":\"https:\\\/\\\/costablancaup.com\\\/wp-content\\\/uploads\\\/2018\\\/07\\\/titulo_web-1.png\",\"width\":1973,\"height\":303,\"caption\":\"Costa Blanca Up\"},\"image\":{\"@id\":\"https:\\\/\\\/costablancaup.com\\\/es\\\/#\\\/schema\\\/logo\\\/image\\\/\"}}]}<\/script>\n<!-- \/ Yoast SEO plugin. -->","yoast_head_json":{"title":"BenidormExpone: \"La guerra del bikini: Fotograf\u00eda y turismo\" - COSTA BLANCA UP","robots":{"index":"index","follow":"follow","max-snippet":"max-snippet:-1","max-image-preview":"max-image-preview:large","max-video-preview":"max-video-preview:-1"},"canonical":"https:\/\/costablancaup.com\/es\/class\/benidormexpone-la-guerra-del-bikini-fotografia-y-turismo\/","og_locale":"es_ES","og_type":"article","og_title":"BenidormExpone: \"La guerra del bikini: Fotograf\u00eda y turismo\" - COSTA BLANCA UP","og_description":"BenidormExpone nos propone una muestra colectiva de fotograf\u00eda que tendr\u00e1n al turista como \u00fanico protagonista En las diferentes exposiciones varios autores de la provincia compartir\u00e1n su mirada sobre los visitantes. La ruta de espacios seleccionados para seguir las siete exposiciones son los Jardines del Ayuntamiento (Valiente Verde), el Puente (Mar\u00eda Moldes), la calle Dr. P\u00e9rez Llorca (Rafa Arjones), la Oficina de Turismo (Iv\u00e1n Carbonell), el Museu Boca del Calvari (Sime\u00f3n Nogueroles), la plaza de la Hispanidad (Cayetano Navarro) y el Paseo de los Carrascos (Jaume Fuster).","og_url":"https:\/\/costablancaup.com\/es\/class\/benidormexpone-la-guerra-del-bikini-fotografia-y-turismo\/","og_site_name":"COSTA BLANCA UP","article_modified_time":"2018-08-16T19:58:27+00:00","twitter_card":"summary_large_image","schema":{"@context":"https:\/\/schema.org","@graph":[{"@type":"WebPage","@id":"https:\/\/costablancaup.com\/es\/class\/benidormexpone-la-guerra-del-bikini-fotografia-y-turismo\/","url":"https:\/\/costablancaup.com\/es\/class\/benidormexpone-la-guerra-del-bikini-fotografia-y-turismo\/","name":"BenidormExpone: \"La guerra del bikini: Fotograf\u00eda y turismo\" - COSTA BLANCA UP","isPartOf":{"@id":"https:\/\/costablancaup.com\/es\/#website"},"datePublished":"2018-07-23T11:06:18+00:00","dateModified":"2018-08-16T19:58:27+00:00","breadcrumb":{"@id":"https:\/\/costablancaup.com\/es\/class\/benidormexpone-la-guerra-del-bikini-fotografia-y-turismo\/#breadcrumb"},"inLanguage":"es","potentialAction":[{"@type":"ReadAction","target":["https:\/\/costablancaup.com\/es\/class\/benidormexpone-la-guerra-del-bikini-fotografia-y-turismo\/"]}]},{"@type":"BreadcrumbList","@id":"https:\/\/costablancaup.com\/es\/class\/benidormexpone-la-guerra-del-bikini-fotografia-y-turismo\/#breadcrumb","itemListElement":[{"@type":"ListItem","position":1,"name":"Home","item":"https:\/\/costablancaup.com\/es\/"},{"@type":"ListItem","position":2,"name":"BenidormExpone: \u00abLa guerra del bikini: Fotograf\u00eda y turismo\u00bb"}]},{"@type":"WebSite","@id":"https:\/\/costablancaup.com\/es\/#website","url":"https:\/\/costablancaup.com\/es\/","name":"COSTA BLANCA UP","description":"Costa Blanca Events and Agenda","publisher":{"@id":"https:\/\/costablancaup.com\/es\/#organization"},"potentialAction":[{"@type":"SearchAction","target":{"@type":"EntryPoint","urlTemplate":"https:\/\/costablancaup.com\/es\/?s={search_term_string}"},"query-input":{"@type":"PropertyValueSpecification","valueRequired":true,"valueName":"search_term_string"}}],"inLanguage":"es"},{"@type":"Organization","@id":"https:\/\/costablancaup.com\/es\/#organization","name":"Costa Blanca Up","url":"https:\/\/costablancaup.com\/es\/","logo":{"@type":"ImageObject","inLanguage":"es","@id":"https:\/\/costablancaup.com\/es\/#\/schema\/logo\/image\/","url":"https:\/\/costablancaup.com\/wp-content\/uploads\/2018\/07\/titulo_web-1.png","contentUrl":"https:\/\/costablancaup.com\/wp-content\/uploads\/2018\/07\/titulo_web-1.png","width":1973,"height":303,"caption":"Costa Blanca Up"},"image":{"@id":"https:\/\/costablancaup.com\/es\/#\/schema\/logo\/image\/"}}]}},"_links":{"self":[{"href":"https:\/\/costablancaup.com\/es\/wp-json\/wp\/v2\/class\/15799","targetHints":{"allow":["GET"]}}],"collection":[{"href":"https:\/\/costablancaup.com\/es\/wp-json\/wp\/v2\/class"}],"about":[{"href":"https:\/\/costablancaup.com\/es\/wp-json\/wp\/v2\/types\/class"}],"wp:attachment":[{"href":"https:\/\/costablancaup.com\/es\/wp-json\/wp\/v2\/media?parent=15799"}],"wp:term":[{"taxonomy":"wcs-type","embeddable":true,"href":"https:\/\/costablancaup.com\/es\/wp-json\/wp\/v2\/wcs-type?post=15799"},{"taxonomy":"wcs-room","embeddable":true,"href":"https:\/\/costablancaup.com\/es\/wp-json\/wp\/v2\/wcs-room?post=15799"},{"taxonomy":"wcs-instructor","embeddable":true,"href":"https:\/\/costablancaup.com\/es\/wp-json\/wp\/v2\/wcs-instructor?post=15799"}],"curies":[{"name":"wp","href":"https:\/\/api.w.org\/{rel}","templated":true}]}}

BenidormExpone: «La guerra del bikini: Fotografía y turismo»

<h3>BenidormExpone nos propone una muestra colectiva de fotografía que tendrán al turista como único protagonista</h3>
<p>En las diferentes exposiciones varios autores de la provincia compartirán su mirada sobre los visitantes.</p>
<p>La ruta de espacios seleccionados para seguir las siete exposiciones son los Jardines del Ayuntamiento (Valiente Verde), el Puente (María Moldes), la calle Dr. Pérez Llorca (Rafa Arjones), la Oficina de Turismo (Iván Carbonell), el Museu Boca del Calvari (Simeón Nogueroles), la plaza de la Hispanidad (Cayetano Navarro) y el Paseo de los Carrascos (Jaume Fuster).</p>

<p>BenidormExpone nos propone una muestra colectiva de fotografía que tendrán al turista como único protagonista En las diferentes exposiciones varios autores de la provincia compartirán su mirada sobre los visitantes. La ruta de espacios seleccionados para seguir las siete exposiciones son los Jardines del Ayuntamiento (Valiente Verde), el Puente (María Moldes), la calle Dr. Pérez Llorca (Rafa Arjones), la Oficina de Turismo (Iván Carbonell), el Museu Boca del Calvari (Simeón Nogueroles), la plaza de la Hispanidad (Cayetano Navarro) y el Paseo de los Carrascos (Jaume Fuster).</p>

<!-- This site is optimized with the Yoast SEO plugin v27.4 - https://yoast.com/product/yoast-seo-wordpress/ -->
<title>BenidormExpone: &quot;La guerra del bikini: Fotografía y turismo&quot; - COSTA BLANCA UP</title>
<meta name="robots" content="index, follow, max-snippet:-1, max-image-preview:large, max-video-preview:-1" />
<link rel="canonical" href="https://costablancaup.com/es/class/benidormexpone-la-guerra-del-bikini-fotografia-y-turismo/" />
<meta property="og:locale" content="es_ES" />
<meta property="og:type" content="article" />
<meta property="og:title" content="BenidormExpone: &quot;La guerra del bikini: Fotografía y turismo&quot; - COSTA BLANCA UP" />
<meta property="og:description" content="BenidormExpone nos propone una muestra colectiva de fotografía que tendrán al turista como único protagonista En las diferentes exposiciones varios autores de la provincia compartirán su mirada sobre los visitantes. La ruta de espacios seleccionados para seguir las siete exposiciones son los Jardines del Ayuntamiento (Valiente Verde), el Puente (María Moldes), la calle Dr. Pérez Llorca (Rafa Arjones), la Oficina de Turismo (Iván Carbonell), el Museu Boca del Calvari (Simeón Nogueroles), la plaza de la Hispanidad (Cayetano Navarro) y el Paseo de los Carrascos (Jaume Fuster)." />
<meta property="og:url" content="https://costablancaup.com/es/class/benidormexpone-la-guerra-del-bikini-fotografia-y-turismo/" />
<meta property="og:site_name" content="COSTA BLANCA UP" />
<meta property="article:modified_time" content="2018-08-16T19:58:27+00:00" />
<meta name="twitter:card" content="summary_large_image" />
<script type="application/ld+json" class="yoast-schema-graph">{"@context":"https:\/\/schema.org","@graph":[{"@type":"WebPage","@id":"https:\/\/costablancaup.com\/es\/class\/benidormexpone-la-guerra-del-bikini-fotografia-y-turismo\/","url":"https:\/\/costablancaup.com\/es\/class\/benidormexpone-la-guerra-del-bikini-fotografia-y-turismo\/","name":"BenidormExpone: \"La guerra del bikini: Fotografía y turismo\" - COSTA BLANCA UP","isPartOf":{"@id":"https:\/\/costablancaup.com\/es\/#website"},"datePublished":"2018-07-23T11:06:18+00:00","dateModified":"2018-08-16T19:58:27+00:00","breadcrumb":{"@id":"https:\/\/costablancaup.com\/es\/class\/benidormexpone-la-guerra-del-bikini-fotografia-y-turismo\/#breadcrumb"},"inLanguage":"es","potentialAction":[{"@type":"ReadAction","target":["https:\/\/costablancaup.com\/es\/class\/benidormexpone-la-guerra-del-bikini-fotografia-y-turismo\/"]}]},{"@type":"BreadcrumbList","@id":"https:\/\/costablancaup.com\/es\/class\/benidormexpone-la-guerra-del-bikini-fotografia-y-turismo\/#breadcrumb","itemListElement":[{"@type":"ListItem","position":1,"name":"Home","item":"https:\/\/costablancaup.com\/es\/"},{"@type":"ListItem","position":2,"name":"BenidormExpone: «La guerra del bikini: Fotografía y turismo»"}]},{"@type":"WebSite","@id":"https:\/\/costablancaup.com\/es\/#website","url":"https:\/\/costablancaup.com\/es\/","name":"COSTA BLANCA UP","description":"Costa Blanca Events and Agenda","publisher":{"@id":"https:\/\/costablancaup.com\/es\/#organization"},"potentialAction":[{"@type":"SearchAction","target":{"@type":"EntryPoint","urlTemplate":"https:\/\/costablancaup.com\/es\/?s={search_term_string}"},"query-input":{"@type":"PropertyValueSpecification","valueRequired":true,"valueName":"search_term_string"}}],"inLanguage":"es"},{"@type":"Organization","@id":"https:\/\/costablancaup.com\/es\/#organization","name":"Costa Blanca Up","url":"https:\/\/costablancaup.com\/es\/","logo":{"@type":"ImageObject","inLanguage":"es","@id":"https:\/\/costablancaup.com\/es\/#\/schema\/logo\/image\/","url":"https:\/\/costablancaup.com\/wp-content\/uploads\/2018\/07\/titulo_web-1.png","contentUrl":"https:\/\/costablancaup.com\/wp-content\/uploads\/2018\/07\/titulo_web-1.png","width":1973,"height":303,"caption":"Costa Blanca Up"},"image":{"@id":"https:\/\/costablancaup.com\/es\/#\/schema\/logo\/image\/"}}]}</script>
<!-- / Yoast SEO plugin. -->

BenidormExpone: "La guerra del bikini: Fotografía y turismo" - COSTA BLANCA UP

BenidormExpone nos propone una muestra colectiva de fotografía que tendrán al turista como único protagonista En las diferentes exposiciones varios autores de la provincia compartirán su mirada sobre los visitantes. La ruta de espacios seleccionados para seguir las siete exposiciones son los Jardines del Ayuntamiento (Valiente Verde), el Puente (María Moldes), la calle Dr. Pérez Llorca (Rafa Arjones), la Oficina de Turismo (Iván Carbonell), el Museu Boca del Calvari (Simeón Nogueroles), la plaza de la Hispanidad (Cayetano Navarro) y el Paseo de los Carrascos (Jaume Fuster).
