{"id":16879,"date":"2018-09-20T12:32:13","date_gmt":"2018-09-20T10:32:13","guid":{"rendered":"https:\/\/costablancaup.com\/?post_type=class&#038;p=16879"},"modified":"2018-09-28T09:32:01","modified_gmt":"2018-09-28T07:32:01","slug":"rafa-pons-y-zambayonny","status":"publish","type":"class","link":"https:\/\/costablancaup.com\/es\/class\/rafa-pons-y-zambayonny\/","title":{"rendered":"Rafa Pons y Zambayonny"},"content":{"rendered":"<h3>El cantautor espa\u00f1ol Rafa Pons y el cantautor argentino Zambayonny dar\u00e1n una serie de conciertos juntos durante el mes de Octubre en Espa\u00f1a<\/h3>\n<p>Tras haber compartido escenario en Buenos Aires en diversas ocasiones siendo invitado uno del otro de sus respectivos conciertos, esta vez los dos m\u00fasicos decidieron organizar una serie de recitales en conjunto donde cada uno repasar\u00e1 lo mejor de su repertorio.<\/p>\n<p>Los <em>shows<\/em> prometen tener los ingredientes habituales de cada uno de estos artistas: poes\u00eda, historias, humor y melod\u00edas que invitan a no quedarse sentado en las butacas.<\/p>\n<h3>Informaci\u00f3n del evento<\/h3>\n<ul>\n<li>21:00 horas: apertura de puertas<\/li>\n<li>21:30 horas: concierto<\/li>\n<\/ul>\n<p class=\"tickets\"><a target=\"_blank\" title=\"Ampliar informaci\u00f3n\" href=\"https:\/\/www.ticketea.com\/entradas-concierto-the-prussians-adam-giles-levy-en-valencia\/?a_aid=AFFPAP-costablancaup&#038;a_bid=0b473a77\">Ampliar informaci\u00f3n<\/a><\/p>\n","protected":false},"excerpt":{"rendered":"<p>El cantautor espa\u00f1ol Rafa Pons y el cantautor argentino Zambayonny dar\u00e1n una serie de conciertos juntos durante el mes de Octubre en Espa\u00f1a Tras haber compartido escenario en Buenos Aires en diversas ocasiones siendo invitado uno del otro de sus respectivos conciertos, esta vez los dos m\u00fasicos decidieron organizar una serie de recitales en conjunto donde cada uno repasar\u00e1 lo mejor de su repertorio. Los shows prometen tener los ingredientes habituales de cada uno de estos artistas: poes\u00eda, historias, humor y melod\u00edas que invitan a no quedarse sentado en las butacas. Informaci\u00f3n del evento 21:00 horas: apertura de puertas 21:30 [&hellip;]<\/p>\n","protected":false},"template":"","meta":[],"wcs-type":[5046],"wcs-room":[5301],"wcs-instructor":[],"class_list":["post-16879","class","type-class","status-publish","hentry","wcs-type-musica","wcs-room-valencia-cafe-el-volander"],"yoast_head":"<!-- This site is optimized with the Yoast SEO plugin v27.4 - https:\/\/yoast.com\/product\/yoast-seo-wordpress\/ -->\n<title>Rafa Pons y Zambayonny - COSTA BLANCA UP<\/title>\n<meta name=\"robots\" content=\"index, follow, max-snippet:-1, max-image-preview:large, max-video-preview:-1\" \/>\n<link rel=\"canonical\" href=\"https:\/\/costablancaup.com\/es\/class\/rafa-pons-y-zambayonny\/\" \/>\n<meta property=\"og:locale\" content=\"es_ES\" \/>\n<meta property=\"og:type\" content=\"article\" \/>\n<meta property=\"og:title\" content=\"Rafa Pons y Zambayonny - COSTA BLANCA UP\" \/>\n<meta property=\"og:description\" content=\"El cantautor espa\u00f1ol Rafa Pons y el cantautor argentino Zambayonny dar\u00e1n una serie de conciertos juntos durante el mes de Octubre en Espa\u00f1a Tras haber compartido escenario en Buenos Aires en diversas ocasiones siendo invitado uno del otro de sus respectivos conciertos, esta vez los dos m\u00fasicos decidieron organizar una serie de recitales en conjunto donde cada uno repasar\u00e1 lo mejor de su repertorio. Los shows prometen tener los ingredientes habituales de cada uno de estos artistas: poes\u00eda, historias, humor y melod\u00edas que invitan a no quedarse sentado en las butacas. Informaci\u00f3n del evento 21:00 horas: apertura de puertas 21:30 [&hellip;]\" \/>\n<meta property=\"og:url\" content=\"https:\/\/costablancaup.com\/es\/class\/rafa-pons-y-zambayonny\/\" \/>\n<meta property=\"og:site_name\" content=\"COSTA BLANCA UP\" \/>\n<meta property=\"article:modified_time\" content=\"2018-09-28T07:32:01+00:00\" \/>\n<meta name=\"twitter:card\" content=\"summary_large_image\" \/>\n<meta name=\"twitter:label1\" content=\"Tiempo de lectura\" \/>\n\t<meta name=\"twitter:data1\" content=\"1 minuto\" \/>\n<script type=\"application\/ld+json\" class=\"yoast-schema-graph\">{\"@context\":\"https:\\\/\\\/schema.org\",\"@graph\":[{\"@type\":\"WebPage\",\"@id\":\"https:\\\/\\\/costablancaup.com\\\/es\\\/class\\\/rafa-pons-y-zambayonny\\\/\",\"url\":\"https:\\\/\\\/costablancaup.com\\\/es\\\/class\\\/rafa-pons-y-zambayonny\\\/\",\"name\":\"Rafa Pons y Zambayonny - COSTA BLANCA UP\",\"isPartOf\":{\"@id\":\"https:\\\/\\\/costablancaup.com\\\/es\\\/#website\"},\"datePublished\":\"2018-09-20T10:32:13+00:00\",\"dateModified\":\"2018-09-28T07:32:01+00:00\",\"breadcrumb\":{\"@id\":\"https:\\\/\\\/costablancaup.com\\\/es\\\/class\\\/rafa-pons-y-zambayonny\\\/#breadcrumb\"},\"inLanguage\":\"es\",\"potentialAction\":[{\"@type\":\"ReadAction\",\"target\":[\"https:\\\/\\\/costablancaup.com\\\/es\\\/class\\\/rafa-pons-y-zambayonny\\\/\"]}]},{\"@type\":\"BreadcrumbList\",\"@id\":\"https:\\\/\\\/costablancaup.com\\\/es\\\/class\\\/rafa-pons-y-zambayonny\\\/#breadcrumb\",\"itemListElement\":[{\"@type\":\"ListItem\",\"position\":1,\"name\":\"Home\",\"item\":\"https:\\\/\\\/costablancaup.com\\\/es\\\/\"},{\"@type\":\"ListItem\",\"position\":2,\"name\":\"Rafa Pons y Zambayonny\"}]},{\"@type\":\"WebSite\",\"@id\":\"https:\\\/\\\/costablancaup.com\\\/es\\\/#website\",\"url\":\"https:\\\/\\\/costablancaup.com\\\/es\\\/\",\"name\":\"COSTA BLANCA UP\",\"description\":\"Costa Blanca Events and Agenda\",\"publisher\":{\"@id\":\"https:\\\/\\\/costablancaup.com\\\/es\\\/#organization\"},\"potentialAction\":[{\"@type\":\"SearchAction\",\"target\":{\"@type\":\"EntryPoint\",\"urlTemplate\":\"https:\\\/\\\/costablancaup.com\\\/es\\\/?s={search_term_string}\"},\"query-input\":{\"@type\":\"PropertyValueSpecification\",\"valueRequired\":true,\"valueName\":\"search_term_string\"}}],\"inLanguage\":\"es\"},{\"@type\":\"Organization\",\"@id\":\"https:\\\/\\\/costablancaup.com\\\/es\\\/#organization\",\"name\":\"Costa Blanca Up\",\"url\":\"https:\\\/\\\/costablancaup.com\\\/es\\\/\",\"logo\":{\"@type\":\"ImageObject\",\"inLanguage\":\"es\",\"@id\":\"https:\\\/\\\/costablancaup.com\\\/es\\\/#\\\/schema\\\/logo\\\/image\\\/\",\"url\":\"https:\\\/\\\/costablancaup.com\\\/wp-content\\\/uploads\\\/2018\\\/07\\\/titulo_web-1.png\",\"contentUrl\":\"https:\\\/\\\/costablancaup.com\\\/wp-content\\\/uploads\\\/2018\\\/07\\\/titulo_web-1.png\",\"width\":1973,\"height\":303,\"caption\":\"Costa Blanca Up\"},\"image\":{\"@id\":\"https:\\\/\\\/costablancaup.com\\\/es\\\/#\\\/schema\\\/logo\\\/image\\\/\"}}]}<\/script>\n<!-- \/ Yoast SEO plugin. -->","yoast_head_json":{"title":"Rafa Pons y Zambayonny - COSTA BLANCA UP","robots":{"index":"index","follow":"follow","max-snippet":"max-snippet:-1","max-image-preview":"max-image-preview:large","max-video-preview":"max-video-preview:-1"},"canonical":"https:\/\/costablancaup.com\/es\/class\/rafa-pons-y-zambayonny\/","og_locale":"es_ES","og_type":"article","og_title":"Rafa Pons y Zambayonny - COSTA BLANCA UP","og_description":"El cantautor espa\u00f1ol Rafa Pons y el cantautor argentino Zambayonny dar\u00e1n una serie de conciertos juntos durante el mes de Octubre en Espa\u00f1a Tras haber compartido escenario en Buenos Aires en diversas ocasiones siendo invitado uno del otro de sus respectivos conciertos, esta vez los dos m\u00fasicos decidieron organizar una serie de recitales en conjunto donde cada uno repasar\u00e1 lo mejor de su repertorio. Los shows prometen tener los ingredientes habituales de cada uno de estos artistas: poes\u00eda, historias, humor y melod\u00edas que invitan a no quedarse sentado en las butacas. Informaci\u00f3n del evento 21:00 horas: apertura de puertas 21:30 [&hellip;]","og_url":"https:\/\/costablancaup.com\/es\/class\/rafa-pons-y-zambayonny\/","og_site_name":"COSTA BLANCA UP","article_modified_time":"2018-09-28T07:32:01+00:00","twitter_card":"summary_large_image","twitter_misc":{"Tiempo de lectura":"1 minuto"},"schema":{"@context":"https:\/\/schema.org","@graph":[{"@type":"WebPage","@id":"https:\/\/costablancaup.com\/es\/class\/rafa-pons-y-zambayonny\/","url":"https:\/\/costablancaup.com\/es\/class\/rafa-pons-y-zambayonny\/","name":"Rafa Pons y Zambayonny - COSTA BLANCA UP","isPartOf":{"@id":"https:\/\/costablancaup.com\/es\/#website"},"datePublished":"2018-09-20T10:32:13+00:00","dateModified":"2018-09-28T07:32:01+00:00","breadcrumb":{"@id":"https:\/\/costablancaup.com\/es\/class\/rafa-pons-y-zambayonny\/#breadcrumb"},"inLanguage":"es","potentialAction":[{"@type":"ReadAction","target":["https:\/\/costablancaup.com\/es\/class\/rafa-pons-y-zambayonny\/"]}]},{"@type":"BreadcrumbList","@id":"https:\/\/costablancaup.com\/es\/class\/rafa-pons-y-zambayonny\/#breadcrumb","itemListElement":[{"@type":"ListItem","position":1,"name":"Home","item":"https:\/\/costablancaup.com\/es\/"},{"@type":"ListItem","position":2,"name":"Rafa Pons y Zambayonny"}]},{"@type":"WebSite","@id":"https:\/\/costablancaup.com\/es\/#website","url":"https:\/\/costablancaup.com\/es\/","name":"COSTA BLANCA UP","description":"Costa Blanca Events and Agenda","publisher":{"@id":"https:\/\/costablancaup.com\/es\/#organization"},"potentialAction":[{"@type":"SearchAction","target":{"@type":"EntryPoint","urlTemplate":"https:\/\/costablancaup.com\/es\/?s={search_term_string}"},"query-input":{"@type":"PropertyValueSpecification","valueRequired":true,"valueName":"search_term_string"}}],"inLanguage":"es"},{"@type":"Organization","@id":"https:\/\/costablancaup.com\/es\/#organization","name":"Costa Blanca Up","url":"https:\/\/costablancaup.com\/es\/","logo":{"@type":"ImageObject","inLanguage":"es","@id":"https:\/\/costablancaup.com\/es\/#\/schema\/logo\/image\/","url":"https:\/\/costablancaup.com\/wp-content\/uploads\/2018\/07\/titulo_web-1.png","contentUrl":"https:\/\/costablancaup.com\/wp-content\/uploads\/2018\/07\/titulo_web-1.png","width":1973,"height":303,"caption":"Costa Blanca Up"},"image":{"@id":"https:\/\/costablancaup.com\/es\/#\/schema\/logo\/image\/"}}]}},"_links":{"self":[{"href":"https:\/\/costablancaup.com\/es\/wp-json\/wp\/v2\/class\/16879","targetHints":{"allow":["GET"]}}],"collection":[{"href":"https:\/\/costablancaup.com\/es\/wp-json\/wp\/v2\/class"}],"about":[{"href":"https:\/\/costablancaup.com\/es\/wp-json\/wp\/v2\/types\/class"}],"wp:attachment":[{"href":"https:\/\/costablancaup.com\/es\/wp-json\/wp\/v2\/media?parent=16879"}],"wp:term":[{"taxonomy":"wcs-type","embeddable":true,"href":"https:\/\/costablancaup.com\/es\/wp-json\/wp\/v2\/wcs-type?post=16879"},{"taxonomy":"wcs-room","embeddable":true,"href":"https:\/\/costablancaup.com\/es\/wp-json\/wp\/v2\/wcs-room?post=16879"},{"taxonomy":"wcs-instructor","embeddable":true,"href":"https:\/\/costablancaup.com\/es\/wp-json\/wp\/v2\/wcs-instructor?post=16879"}],"curies":[{"name":"wp","href":"https:\/\/api.w.org\/{rel}","templated":true}]}}

<h3>El cantautor español Rafa Pons y el cantautor argentino Zambayonny darán una serie de conciertos juntos durante el mes de Octubre en España</h3>
<p>Tras haber compartido escenario en Buenos Aires en diversas ocasiones siendo invitado uno del otro de sus respectivos conciertos, esta vez los dos músicos decidieron organizar una serie de recitales en conjunto donde cada uno repasará lo mejor de su repertorio.</p>
<p>Los <em>shows</em> prometen tener los ingredientes habituales de cada uno de estos artistas: poesía, historias, humor y melodías que invitan a no quedarse sentado en las butacas.</p>
<h3>Información del evento</h3>
<ul>
<li>21:00 horas: apertura de puertas</li>
<li>21:30 horas: concierto</li>
</ul>
<p class="tickets"><a target="_blank" title="Ampliar información" href="https://www.ticketea.com/entradas-concierto-the-prussians-adam-giles-levy-en-valencia/?a_aid=AFFPAP-costablancaup&#038;a_bid=0b473a77">Ampliar información</a></p>

<p>El cantautor español Rafa Pons y el cantautor argentino Zambayonny darán una serie de conciertos juntos durante el mes de Octubre en España Tras haber compartido escenario en Buenos Aires en diversas ocasiones siendo invitado uno del otro de sus respectivos conciertos, esta vez los dos músicos decidieron organizar una serie de recitales en conjunto donde cada uno repasará lo mejor de su repertorio. Los shows prometen tener los ingredientes habituales de cada uno de estos artistas: poesía, historias, humor y melodías que invitan a no quedarse sentado en las butacas. Información del evento 21:00 horas: apertura de puertas 21:30 [&hellip;]</p>

<!-- This site is optimized with the Yoast SEO plugin v27.4 - https://yoast.com/product/yoast-seo-wordpress/ -->
<title>Rafa Pons y Zambayonny - COSTA BLANCA UP</title>
<meta name="robots" content="index, follow, max-snippet:-1, max-image-preview:large, max-video-preview:-1" />
<link rel="canonical" href="https://costablancaup.com/es/class/rafa-pons-y-zambayonny/" />
<meta property="og:locale" content="es_ES" />
<meta property="og:type" content="article" />
<meta property="og:title" content="Rafa Pons y Zambayonny - COSTA BLANCA UP" />
<meta property="og:description" content="El cantautor español Rafa Pons y el cantautor argentino Zambayonny darán una serie de conciertos juntos durante el mes de Octubre en España Tras haber compartido escenario en Buenos Aires en diversas ocasiones siendo invitado uno del otro de sus respectivos conciertos, esta vez los dos músicos decidieron organizar una serie de recitales en conjunto donde cada uno repasará lo mejor de su repertorio. Los shows prometen tener los ingredientes habituales de cada uno de estos artistas: poesía, historias, humor y melodías que invitan a no quedarse sentado en las butacas. Información del evento 21:00 horas: apertura de puertas 21:30 [&hellip;]" />
<meta property="og:url" content="https://costablancaup.com/es/class/rafa-pons-y-zambayonny/" />
<meta property="og:site_name" content="COSTA BLANCA UP" />
<meta property="article:modified_time" content="2018-09-28T07:32:01+00:00" />
<meta name="twitter:card" content="summary_large_image" />
<meta name="twitter:label1" content="Tiempo de lectura" />
	<meta name="twitter:data1" content="1 minuto" />
<script type="application/ld+json" class="yoast-schema-graph">{"@context":"https:\/\/schema.org","@graph":[{"@type":"WebPage","@id":"https:\/\/costablancaup.com\/es\/class\/rafa-pons-y-zambayonny\/","url":"https:\/\/costablancaup.com\/es\/class\/rafa-pons-y-zambayonny\/","name":"Rafa Pons y Zambayonny - COSTA BLANCA UP","isPartOf":{"@id":"https:\/\/costablancaup.com\/es\/#website"},"datePublished":"2018-09-20T10:32:13+00:00","dateModified":"2018-09-28T07:32:01+00:00","breadcrumb":{"@id":"https:\/\/costablancaup.com\/es\/class\/rafa-pons-y-zambayonny\/#breadcrumb"},"inLanguage":"es","potentialAction":[{"@type":"ReadAction","target":["https:\/\/costablancaup.com\/es\/class\/rafa-pons-y-zambayonny\/"]}]},{"@type":"BreadcrumbList","@id":"https:\/\/costablancaup.com\/es\/class\/rafa-pons-y-zambayonny\/#breadcrumb","itemListElement":[{"@type":"ListItem","position":1,"name":"Home","item":"https:\/\/costablancaup.com\/es\/"},{"@type":"ListItem","position":2,"name":"Rafa Pons y Zambayonny"}]},{"@type":"WebSite","@id":"https:\/\/costablancaup.com\/es\/#website","url":"https:\/\/costablancaup.com\/es\/","name":"COSTA BLANCA UP","description":"Costa Blanca Events and Agenda","publisher":{"@id":"https:\/\/costablancaup.com\/es\/#organization"},"potentialAction":[{"@type":"SearchAction","target":{"@type":"EntryPoint","urlTemplate":"https:\/\/costablancaup.com\/es\/?s={search_term_string}"},"query-input":{"@type":"PropertyValueSpecification","valueRequired":true,"valueName":"search_term_string"}}],"inLanguage":"es"},{"@type":"Organization","@id":"https:\/\/costablancaup.com\/es\/#organization","name":"Costa Blanca Up","url":"https:\/\/costablancaup.com\/es\/","logo":{"@type":"ImageObject","inLanguage":"es","@id":"https:\/\/costablancaup.com\/es\/#\/schema\/logo\/image\/","url":"https:\/\/costablancaup.com\/wp-content\/uploads\/2018\/07\/titulo_web-1.png","contentUrl":"https:\/\/costablancaup.com\/wp-content\/uploads\/2018\/07\/titulo_web-1.png","width":1973,"height":303,"caption":"Costa Blanca Up"},"image":{"@id":"https:\/\/costablancaup.com\/es\/#\/schema\/logo\/image\/"}}]}</script>
<!-- / Yoast SEO plugin. -->

El cantautor español Rafa Pons y el cantautor argentino Zambayonny darán una serie de conciertos juntos durante el mes de Octubre en España Tras haber compartido escenario en Buenos Aires en diversas ocasiones siendo invitado uno del otro de sus respectivos conciertos, esta vez los dos músicos decidieron organizar una serie de recitales en conjunto donde cada uno repasará lo mejor de su repertorio. Los shows prometen tener los ingredientes habituales de cada uno de estos artistas: poesía, historias, humor y melodías que invitan a no quedarse sentado en las butacas. Información del evento 21:00 horas: apertura de puertas 21:30 [&hellip;]
