{"id":16931,"date":"2018-09-20T11:21:39","date_gmt":"2018-09-20T09:21:39","guid":{"rendered":"https:\/\/costablancaup.com\/?post_type=class&#038;p=16931"},"modified":"2018-09-28T10:37:35","modified_gmt":"2018-09-28T08:37:35","slug":"gabriel-dalvit-albert-sanz","status":"publish","type":"class","link":"https:\/\/costablancaup.com\/es\/class\/gabriel-dalvit-albert-sanz\/","title":{"rendered":"Gabriel Dalvit &#038; Albert Sanz"},"content":{"rendered":"<h3>El d\u00fao Dalvit\/Sanz presenta nuevo material para un nuevo disco que ser\u00e1 grabado en directo<\/h3>\n<p>El d\u00fao grab\u00f3 en 2015 un importante disco titulado \u201cSnow in summer\u201d que recibi\u00f3 buen\u00edsimas cr\u00edticas por la prensa especializada suiza. <\/p>\n<blockquote><p>\u00abSnow in Summer es una hermosa colaboraci\u00f3n de d\u00fao entre Albert Sanz y el saxofonista Gabriel Davit que te inspirar\u00e1 por mucho tiempo, su m\u00fasica se hace cada vez m\u00e1s profunda\u00bb.<\/p>\n<p>Jorge Rossy<\/p><\/blockquote>\n<h3>Formaci\u00f3n<\/h3>\n<ul>\n<li>Gabriel Dalvit, saxo alto<\/li>\n<li>Albert Sanz, piano<\/li>\n<\/ul>\n<p class=\"tickets\"><a target=\"_blank\" title=\"Ampliar informaci\u00f3n\" href=\"https:\/\/www.ticketea.com\/entradas-concierto-gabriel-dalvit-albert-sanz-en-matisse-club\/?a_aid=AFFPAP-costablancaup&#038;a_bid=0b473a77\">Ampliar informaci\u00f3n<\/a><\/p>\n","protected":false},"excerpt":{"rendered":"<p>El d\u00fao Dalvit\/Sanz presenta nuevo material para un nuevo disco que ser\u00e1 grabado en directo El d\u00fao grab\u00f3 en 2015 un importante disco titulado \u201cSnow in summer\u201d que recibi\u00f3 buen\u00edsimas cr\u00edticas por la prensa especializada suiza. \u00abSnow in Summer es una hermosa colaboraci\u00f3n de d\u00fao entre Albert Sanz y el saxofonista Gabriel Davit que te inspirar\u00e1 por mucho tiempo, su m\u00fasica se hace cada vez m\u00e1s profunda\u00bb. Jorge Rossy Formaci\u00f3n Gabriel Dalvit, saxo alto Albert Sanz, piano Ampliar informaci\u00f3n<\/p>\n","protected":false},"template":"","meta":[],"wcs-type":[5046],"wcs-room":[5305],"wcs-instructor":[],"class_list":["post-16931","class","type-class","status-publish","hentry","wcs-type-musica","wcs-room-valencia-matisse-club"],"yoast_head":"<!-- This site is optimized with the Yoast SEO plugin v27.4 - https:\/\/yoast.com\/product\/yoast-seo-wordpress\/ -->\n<title>Gabriel Dalvit &amp; Albert Sanz - COSTA BLANCA UP<\/title>\n<meta name=\"robots\" content=\"index, follow, max-snippet:-1, max-image-preview:large, max-video-preview:-1\" \/>\n<link rel=\"canonical\" href=\"https:\/\/costablancaup.com\/es\/class\/gabriel-dalvit-albert-sanz\/\" \/>\n<meta property=\"og:locale\" content=\"es_ES\" \/>\n<meta property=\"og:type\" content=\"article\" \/>\n<meta property=\"og:title\" content=\"Gabriel Dalvit &amp; Albert Sanz - COSTA BLANCA UP\" \/>\n<meta property=\"og:description\" content=\"El d\u00fao Dalvit\/Sanz presenta nuevo material para un nuevo disco que ser\u00e1 grabado en directo El d\u00fao grab\u00f3 en 2015 un importante disco titulado \u201cSnow in summer\u201d que recibi\u00f3 buen\u00edsimas cr\u00edticas por la prensa especializada suiza. \u00abSnow in Summer es una hermosa colaboraci\u00f3n de d\u00fao entre Albert Sanz y el saxofonista Gabriel Davit que te inspirar\u00e1 por mucho tiempo, su m\u00fasica se hace cada vez m\u00e1s profunda\u00bb. Jorge Rossy Formaci\u00f3n Gabriel Dalvit, saxo alto Albert Sanz, piano Ampliar informaci\u00f3n\" \/>\n<meta property=\"og:url\" content=\"https:\/\/costablancaup.com\/es\/class\/gabriel-dalvit-albert-sanz\/\" \/>\n<meta property=\"og:site_name\" content=\"COSTA BLANCA UP\" \/>\n<meta property=\"article:modified_time\" content=\"2018-09-28T08:37:35+00:00\" \/>\n<meta name=\"twitter:card\" content=\"summary_large_image\" \/>\n<script type=\"application\/ld+json\" class=\"yoast-schema-graph\">{\"@context\":\"https:\\\/\\\/schema.org\",\"@graph\":[{\"@type\":\"WebPage\",\"@id\":\"https:\\\/\\\/costablancaup.com\\\/es\\\/class\\\/gabriel-dalvit-albert-sanz\\\/\",\"url\":\"https:\\\/\\\/costablancaup.com\\\/es\\\/class\\\/gabriel-dalvit-albert-sanz\\\/\",\"name\":\"Gabriel Dalvit & Albert Sanz - COSTA BLANCA UP\",\"isPartOf\":{\"@id\":\"https:\\\/\\\/costablancaup.com\\\/es\\\/#website\"},\"datePublished\":\"2018-09-20T09:21:39+00:00\",\"dateModified\":\"2018-09-28T08:37:35+00:00\",\"breadcrumb\":{\"@id\":\"https:\\\/\\\/costablancaup.com\\\/es\\\/class\\\/gabriel-dalvit-albert-sanz\\\/#breadcrumb\"},\"inLanguage\":\"es\",\"potentialAction\":[{\"@type\":\"ReadAction\",\"target\":[\"https:\\\/\\\/costablancaup.com\\\/es\\\/class\\\/gabriel-dalvit-albert-sanz\\\/\"]}]},{\"@type\":\"BreadcrumbList\",\"@id\":\"https:\\\/\\\/costablancaup.com\\\/es\\\/class\\\/gabriel-dalvit-albert-sanz\\\/#breadcrumb\",\"itemListElement\":[{\"@type\":\"ListItem\",\"position\":1,\"name\":\"Home\",\"item\":\"https:\\\/\\\/costablancaup.com\\\/es\\\/\"},{\"@type\":\"ListItem\",\"position\":2,\"name\":\"Gabriel Dalvit &#038; Albert Sanz\"}]},{\"@type\":\"WebSite\",\"@id\":\"https:\\\/\\\/costablancaup.com\\\/es\\\/#website\",\"url\":\"https:\\\/\\\/costablancaup.com\\\/es\\\/\",\"name\":\"COSTA BLANCA UP\",\"description\":\"Costa Blanca Events and Agenda\",\"publisher\":{\"@id\":\"https:\\\/\\\/costablancaup.com\\\/es\\\/#organization\"},\"potentialAction\":[{\"@type\":\"SearchAction\",\"target\":{\"@type\":\"EntryPoint\",\"urlTemplate\":\"https:\\\/\\\/costablancaup.com\\\/es\\\/?s={search_term_string}\"},\"query-input\":{\"@type\":\"PropertyValueSpecification\",\"valueRequired\":true,\"valueName\":\"search_term_string\"}}],\"inLanguage\":\"es\"},{\"@type\":\"Organization\",\"@id\":\"https:\\\/\\\/costablancaup.com\\\/es\\\/#organization\",\"name\":\"Costa Blanca Up\",\"url\":\"https:\\\/\\\/costablancaup.com\\\/es\\\/\",\"logo\":{\"@type\":\"ImageObject\",\"inLanguage\":\"es\",\"@id\":\"https:\\\/\\\/costablancaup.com\\\/es\\\/#\\\/schema\\\/logo\\\/image\\\/\",\"url\":\"https:\\\/\\\/costablancaup.com\\\/wp-content\\\/uploads\\\/2018\\\/07\\\/titulo_web-1.png\",\"contentUrl\":\"https:\\\/\\\/costablancaup.com\\\/wp-content\\\/uploads\\\/2018\\\/07\\\/titulo_web-1.png\",\"width\":1973,\"height\":303,\"caption\":\"Costa Blanca Up\"},\"image\":{\"@id\":\"https:\\\/\\\/costablancaup.com\\\/es\\\/#\\\/schema\\\/logo\\\/image\\\/\"}}]}<\/script>\n<!-- \/ Yoast SEO plugin. -->","yoast_head_json":{"title":"Gabriel Dalvit & Albert Sanz - COSTA BLANCA UP","robots":{"index":"index","follow":"follow","max-snippet":"max-snippet:-1","max-image-preview":"max-image-preview:large","max-video-preview":"max-video-preview:-1"},"canonical":"https:\/\/costablancaup.com\/es\/class\/gabriel-dalvit-albert-sanz\/","og_locale":"es_ES","og_type":"article","og_title":"Gabriel Dalvit & Albert Sanz - COSTA BLANCA UP","og_description":"El d\u00fao Dalvit\/Sanz presenta nuevo material para un nuevo disco que ser\u00e1 grabado en directo El d\u00fao grab\u00f3 en 2015 un importante disco titulado \u201cSnow in summer\u201d que recibi\u00f3 buen\u00edsimas cr\u00edticas por la prensa especializada suiza. \u00abSnow in Summer es una hermosa colaboraci\u00f3n de d\u00fao entre Albert Sanz y el saxofonista Gabriel Davit que te inspirar\u00e1 por mucho tiempo, su m\u00fasica se hace cada vez m\u00e1s profunda\u00bb. Jorge Rossy Formaci\u00f3n Gabriel Dalvit, saxo alto Albert Sanz, piano Ampliar informaci\u00f3n","og_url":"https:\/\/costablancaup.com\/es\/class\/gabriel-dalvit-albert-sanz\/","og_site_name":"COSTA BLANCA UP","article_modified_time":"2018-09-28T08:37:35+00:00","twitter_card":"summary_large_image","schema":{"@context":"https:\/\/schema.org","@graph":[{"@type":"WebPage","@id":"https:\/\/costablancaup.com\/es\/class\/gabriel-dalvit-albert-sanz\/","url":"https:\/\/costablancaup.com\/es\/class\/gabriel-dalvit-albert-sanz\/","name":"Gabriel Dalvit & Albert Sanz - COSTA BLANCA UP","isPartOf":{"@id":"https:\/\/costablancaup.com\/es\/#website"},"datePublished":"2018-09-20T09:21:39+00:00","dateModified":"2018-09-28T08:37:35+00:00","breadcrumb":{"@id":"https:\/\/costablancaup.com\/es\/class\/gabriel-dalvit-albert-sanz\/#breadcrumb"},"inLanguage":"es","potentialAction":[{"@type":"ReadAction","target":["https:\/\/costablancaup.com\/es\/class\/gabriel-dalvit-albert-sanz\/"]}]},{"@type":"BreadcrumbList","@id":"https:\/\/costablancaup.com\/es\/class\/gabriel-dalvit-albert-sanz\/#breadcrumb","itemListElement":[{"@type":"ListItem","position":1,"name":"Home","item":"https:\/\/costablancaup.com\/es\/"},{"@type":"ListItem","position":2,"name":"Gabriel Dalvit &#038; Albert Sanz"}]},{"@type":"WebSite","@id":"https:\/\/costablancaup.com\/es\/#website","url":"https:\/\/costablancaup.com\/es\/","name":"COSTA BLANCA UP","description":"Costa Blanca Events and Agenda","publisher":{"@id":"https:\/\/costablancaup.com\/es\/#organization"},"potentialAction":[{"@type":"SearchAction","target":{"@type":"EntryPoint","urlTemplate":"https:\/\/costablancaup.com\/es\/?s={search_term_string}"},"query-input":{"@type":"PropertyValueSpecification","valueRequired":true,"valueName":"search_term_string"}}],"inLanguage":"es"},{"@type":"Organization","@id":"https:\/\/costablancaup.com\/es\/#organization","name":"Costa Blanca Up","url":"https:\/\/costablancaup.com\/es\/","logo":{"@type":"ImageObject","inLanguage":"es","@id":"https:\/\/costablancaup.com\/es\/#\/schema\/logo\/image\/","url":"https:\/\/costablancaup.com\/wp-content\/uploads\/2018\/07\/titulo_web-1.png","contentUrl":"https:\/\/costablancaup.com\/wp-content\/uploads\/2018\/07\/titulo_web-1.png","width":1973,"height":303,"caption":"Costa Blanca Up"},"image":{"@id":"https:\/\/costablancaup.com\/es\/#\/schema\/logo\/image\/"}}]}},"_links":{"self":[{"href":"https:\/\/costablancaup.com\/es\/wp-json\/wp\/v2\/class\/16931","targetHints":{"allow":["GET"]}}],"collection":[{"href":"https:\/\/costablancaup.com\/es\/wp-json\/wp\/v2\/class"}],"about":[{"href":"https:\/\/costablancaup.com\/es\/wp-json\/wp\/v2\/types\/class"}],"wp:attachment":[{"href":"https:\/\/costablancaup.com\/es\/wp-json\/wp\/v2\/media?parent=16931"}],"wp:term":[{"taxonomy":"wcs-type","embeddable":true,"href":"https:\/\/costablancaup.com\/es\/wp-json\/wp\/v2\/wcs-type?post=16931"},{"taxonomy":"wcs-room","embeddable":true,"href":"https:\/\/costablancaup.com\/es\/wp-json\/wp\/v2\/wcs-room?post=16931"},{"taxonomy":"wcs-instructor","embeddable":true,"href":"https:\/\/costablancaup.com\/es\/wp-json\/wp\/v2\/wcs-instructor?post=16931"}],"curies":[{"name":"wp","href":"https:\/\/api.w.org\/{rel}","templated":true}]}}

<h3>El dúo Dalvit/Sanz presenta nuevo material para un nuevo disco que será grabado en directo</h3>
<p>El dúo grabó en 2015 un importante disco titulado “Snow in summer” que recibió buenísimas críticas por la prensa especializada suiza. </p>
<blockquote><p>«Snow in Summer es una hermosa colaboración de dúo entre Albert Sanz y el saxofonista Gabriel Davit que te inspirará por mucho tiempo, su música se hace cada vez más profunda».</p>
<p>Jorge Rossy</p></blockquote>
<h3>Formación</h3>
<ul>
<li>Gabriel Dalvit, saxo alto</li>
<li>Albert Sanz, piano</li>
</ul>
<p class="tickets"><a target="_blank" title="Ampliar información" href="https://www.ticketea.com/entradas-concierto-gabriel-dalvit-albert-sanz-en-matisse-club/?a_aid=AFFPAP-costablancaup&#038;a_bid=0b473a77">Ampliar información</a></p>

<p>El dúo Dalvit/Sanz presenta nuevo material para un nuevo disco que será grabado en directo El dúo grabó en 2015 un importante disco titulado “Snow in summer” que recibió buenísimas críticas por la prensa especializada suiza. «Snow in Summer es una hermosa colaboración de dúo entre Albert Sanz y el saxofonista Gabriel Davit que te inspirará por mucho tiempo, su música se hace cada vez más profunda». Jorge Rossy Formación Gabriel Dalvit, saxo alto Albert Sanz, piano Ampliar información</p>

<!-- This site is optimized with the Yoast SEO plugin v27.4 - https://yoast.com/product/yoast-seo-wordpress/ -->
<title>Gabriel Dalvit &amp; Albert Sanz - COSTA BLANCA UP</title>
<meta name="robots" content="index, follow, max-snippet:-1, max-image-preview:large, max-video-preview:-1" />
<link rel="canonical" href="https://costablancaup.com/es/class/gabriel-dalvit-albert-sanz/" />
<meta property="og:locale" content="es_ES" />
<meta property="og:type" content="article" />
<meta property="og:title" content="Gabriel Dalvit &amp; Albert Sanz - COSTA BLANCA UP" />
<meta property="og:description" content="El dúo Dalvit/Sanz presenta nuevo material para un nuevo disco que será grabado en directo El dúo grabó en 2015 un importante disco titulado “Snow in summer” que recibió buenísimas críticas por la prensa especializada suiza. «Snow in Summer es una hermosa colaboración de dúo entre Albert Sanz y el saxofonista Gabriel Davit que te inspirará por mucho tiempo, su música se hace cada vez más profunda». Jorge Rossy Formación Gabriel Dalvit, saxo alto Albert Sanz, piano Ampliar información" />
<meta property="og:url" content="https://costablancaup.com/es/class/gabriel-dalvit-albert-sanz/" />
<meta property="og:site_name" content="COSTA BLANCA UP" />
<meta property="article:modified_time" content="2018-09-28T08:37:35+00:00" />
<meta name="twitter:card" content="summary_large_image" />
<script type="application/ld+json" class="yoast-schema-graph">{"@context":"https:\/\/schema.org","@graph":[{"@type":"WebPage","@id":"https:\/\/costablancaup.com\/es\/class\/gabriel-dalvit-albert-sanz\/","url":"https:\/\/costablancaup.com\/es\/class\/gabriel-dalvit-albert-sanz\/","name":"Gabriel Dalvit & Albert Sanz - COSTA BLANCA UP","isPartOf":{"@id":"https:\/\/costablancaup.com\/es\/#website"},"datePublished":"2018-09-20T09:21:39+00:00","dateModified":"2018-09-28T08:37:35+00:00","breadcrumb":{"@id":"https:\/\/costablancaup.com\/es\/class\/gabriel-dalvit-albert-sanz\/#breadcrumb"},"inLanguage":"es","potentialAction":[{"@type":"ReadAction","target":["https:\/\/costablancaup.com\/es\/class\/gabriel-dalvit-albert-sanz\/"]}]},{"@type":"BreadcrumbList","@id":"https:\/\/costablancaup.com\/es\/class\/gabriel-dalvit-albert-sanz\/#breadcrumb","itemListElement":[{"@type":"ListItem","position":1,"name":"Home","item":"https:\/\/costablancaup.com\/es\/"},{"@type":"ListItem","position":2,"name":"Gabriel Dalvit &#038; Albert Sanz"}]},{"@type":"WebSite","@id":"https:\/\/costablancaup.com\/es\/#website","url":"https:\/\/costablancaup.com\/es\/","name":"COSTA BLANCA UP","description":"Costa Blanca Events and Agenda","publisher":{"@id":"https:\/\/costablancaup.com\/es\/#organization"},"potentialAction":[{"@type":"SearchAction","target":{"@type":"EntryPoint","urlTemplate":"https:\/\/costablancaup.com\/es\/?s={search_term_string}"},"query-input":{"@type":"PropertyValueSpecification","valueRequired":true,"valueName":"search_term_string"}}],"inLanguage":"es"},{"@type":"Organization","@id":"https:\/\/costablancaup.com\/es\/#organization","name":"Costa Blanca Up","url":"https:\/\/costablancaup.com\/es\/","logo":{"@type":"ImageObject","inLanguage":"es","@id":"https:\/\/costablancaup.com\/es\/#\/schema\/logo\/image\/","url":"https:\/\/costablancaup.com\/wp-content\/uploads\/2018\/07\/titulo_web-1.png","contentUrl":"https:\/\/costablancaup.com\/wp-content\/uploads\/2018\/07\/titulo_web-1.png","width":1973,"height":303,"caption":"Costa Blanca Up"},"image":{"@id":"https:\/\/costablancaup.com\/es\/#\/schema\/logo\/image\/"}}]}</script>
<!-- / Yoast SEO plugin. -->

El dúo Dalvit/Sanz presenta nuevo material para un nuevo disco que será grabado en directo El dúo grabó en 2015 un importante disco titulado “Snow in summer” que recibió buenísimas críticas por la prensa especializada suiza. «Snow in Summer es una hermosa colaboración de dúo entre Albert Sanz y el saxofonista Gabriel Davit que te inspirará por mucho tiempo, su música se hace cada vez más profunda». Jorge Rossy Formación Gabriel Dalvit, saxo alto Albert Sanz, piano Ampliar información
