{"id":17663,"date":"2018-10-01T10:21:24","date_gmt":"2018-10-01T08:21:24","guid":{"rendered":"https:\/\/costablancaup.com\/?post_type=class&#038;p=17663"},"modified":"2018-10-01T10:21:24","modified_gmt":"2018-10-01T08:21:24","slug":"marcha-cicloturistica-ciudad-de-valencia","status":"publish","type":"class","link":"https:\/\/costablancaup.com\/es\/class\/marcha-cicloturistica-ciudad-de-valencia\/","title":{"rendered":"Marcha Ciclotur\u00edstica Ciudad de Valencia"},"content":{"rendered":"<h3>Miguel Indurain se subir\u00e1 a la bici el pr\u00f3ximo 6 de octubre para participar, junto a los m\u00e1s de 2.500 ciclistas inscritos, en la 13\u00aa \u00abMarcha Ciclotur\u00edstica Ciudad de Val\u00e8ncia\u00bb<\/h3>\n<p>La Marcha comenzar\u00e1 a las 9:00 horas en la Marina del Puerto de Valencia, junto a <em>Veles e Vents<\/em>, y transcurrir\u00e1 por tierras valencianas con impresionantes paisajes. <\/p>\n<p>Los inscritos podr\u00e1n realizar, junto a compa\u00f1eros y grandes ciclistas de talla mundial, uno de los dos recorridos propuestos:<\/p>\n<ul>\n<li><em>La Ruta de 100 km<\/em> incluye dos puertos de monta\u00f1a, \u00abEl Volc\u00e1n\u00bb y \u00abEl Castillo\u00bb, ambos con espectaculares subidas y rampas de hasta el 19%. <\/li>\n<li><em>La Ruta de 80 km<\/em> tambi\u00e9n llegar\u00e1 a Cullera, pero no incluir\u00e1 estos puertos en su recorrido.<\/li>\n<\/ul>\n<p>&nbsp;<\/p>\n<p>Indurain concluir\u00e1 su participaci\u00f3n con una firma de aut\u00f3grafos que tendr\u00e1 lugar a las 12:30 horas.<\/p>\n<p>Adem\u00e1s, el navarro participar\u00e1 en diversas actividades el d\u00eda anterior como rodar en un recorrido por la Marina de Valencia para apadrinar la \u00abMarcha por la Plena Inclusi\u00f3n\u00bb, que desde 2016 apuesta por dar visibilidad a los colectivos de personas con discapacidad intelectual.<\/p>\n<p>M\u00e1s all\u00e1 de La Marcha, durante toda la ma\u00f1ana se celebrar\u00e1 una fiesta del ciclismo, con pruebas alternativas (criterium, duelo, escuelas de ciclismo, &#8230;) adem\u00e1s de una marcha ciclotur\u00edstica infantil \u00abMarcha Kids El Corte Ingl\u00e9s\u00bb para los ni\u00f1os de 6 a 14 a\u00f1os.<\/p>\n","protected":false},"excerpt":{"rendered":"<p>Miguel Indurain se subir\u00e1 a la bici el pr\u00f3ximo 6 de octubre para participar, junto a los m\u00e1s de 2.500 ciclistas inscritos, en la 13\u00aa \u00abMarcha Ciclotur\u00edstica Ciudad de Val\u00e8ncia\u00bb La Marcha comenzar\u00e1 a las 9:00 horas en la Marina del Puerto de Valencia, junto a Veles e Vents, y transcurrir\u00e1 por tierras valencianas con impresionantes paisajes. Los inscritos podr\u00e1n realizar, junto a compa\u00f1eros y grandes ciclistas de talla mundial, uno de los dos recorridos propuestos: La Ruta de 100 km incluye dos puertos de monta\u00f1a, \u00abEl Volc\u00e1n\u00bb y \u00abEl Castillo\u00bb, ambos con espectaculares subidas y rampas de hasta el [&hellip;]<\/p>\n","protected":false},"template":"","meta":[],"wcs-type":[5215],"wcs-room":[5370],"wcs-instructor":[],"class_list":["post-17663","class","type-class","status-publish","hentry","wcs-type-deportes","wcs-room-la-marina-del-puerto-de-valencia"],"yoast_head":"<!-- This site is optimized with the Yoast SEO plugin v27.4 - https:\/\/yoast.com\/product\/yoast-seo-wordpress\/ -->\n<title>Marcha Ciclotur\u00edstica Ciudad de Valencia - COSTA BLANCA UP<\/title>\n<meta name=\"robots\" content=\"index, follow, max-snippet:-1, max-image-preview:large, max-video-preview:-1\" \/>\n<link rel=\"canonical\" href=\"https:\/\/costablancaup.com\/es\/class\/marcha-cicloturistica-ciudad-de-valencia\/\" \/>\n<meta property=\"og:locale\" content=\"es_ES\" \/>\n<meta property=\"og:type\" content=\"article\" \/>\n<meta property=\"og:title\" content=\"Marcha Ciclotur\u00edstica Ciudad de Valencia - COSTA BLANCA UP\" \/>\n<meta property=\"og:description\" content=\"Miguel Indurain se subir\u00e1 a la bici el pr\u00f3ximo 6 de octubre para participar, junto a los m\u00e1s de 2.500 ciclistas inscritos, en la 13\u00aa \u00abMarcha Ciclotur\u00edstica Ciudad de Val\u00e8ncia\u00bb La Marcha comenzar\u00e1 a las 9:00 horas en la Marina del Puerto de Valencia, junto a Veles e Vents, y transcurrir\u00e1 por tierras valencianas con impresionantes paisajes. Los inscritos podr\u00e1n realizar, junto a compa\u00f1eros y grandes ciclistas de talla mundial, uno de los dos recorridos propuestos: La Ruta de 100 km incluye dos puertos de monta\u00f1a, \u00abEl Volc\u00e1n\u00bb y \u00abEl Castillo\u00bb, ambos con espectaculares subidas y rampas de hasta el [&hellip;]\" \/>\n<meta property=\"og:url\" content=\"https:\/\/costablancaup.com\/es\/class\/marcha-cicloturistica-ciudad-de-valencia\/\" \/>\n<meta property=\"og:site_name\" content=\"COSTA BLANCA UP\" \/>\n<meta name=\"twitter:card\" content=\"summary_large_image\" \/>\n<meta name=\"twitter:label1\" content=\"Tiempo de lectura\" \/>\n\t<meta name=\"twitter:data1\" content=\"1 minuto\" \/>\n<script type=\"application\/ld+json\" class=\"yoast-schema-graph\">{\"@context\":\"https:\\\/\\\/schema.org\",\"@graph\":[{\"@type\":\"WebPage\",\"@id\":\"https:\\\/\\\/costablancaup.com\\\/es\\\/class\\\/marcha-cicloturistica-ciudad-de-valencia\\\/\",\"url\":\"https:\\\/\\\/costablancaup.com\\\/es\\\/class\\\/marcha-cicloturistica-ciudad-de-valencia\\\/\",\"name\":\"Marcha Ciclotur\u00edstica Ciudad de Valencia - COSTA BLANCA UP\",\"isPartOf\":{\"@id\":\"https:\\\/\\\/costablancaup.com\\\/es\\\/#website\"},\"datePublished\":\"2018-10-01T08:21:24+00:00\",\"breadcrumb\":{\"@id\":\"https:\\\/\\\/costablancaup.com\\\/es\\\/class\\\/marcha-cicloturistica-ciudad-de-valencia\\\/#breadcrumb\"},\"inLanguage\":\"es\",\"potentialAction\":[{\"@type\":\"ReadAction\",\"target\":[\"https:\\\/\\\/costablancaup.com\\\/es\\\/class\\\/marcha-cicloturistica-ciudad-de-valencia\\\/\"]}]},{\"@type\":\"BreadcrumbList\",\"@id\":\"https:\\\/\\\/costablancaup.com\\\/es\\\/class\\\/marcha-cicloturistica-ciudad-de-valencia\\\/#breadcrumb\",\"itemListElement\":[{\"@type\":\"ListItem\",\"position\":1,\"name\":\"Home\",\"item\":\"https:\\\/\\\/costablancaup.com\\\/es\\\/\"},{\"@type\":\"ListItem\",\"position\":2,\"name\":\"Marcha Ciclotur\u00edstica Ciudad de Valencia\"}]},{\"@type\":\"WebSite\",\"@id\":\"https:\\\/\\\/costablancaup.com\\\/es\\\/#website\",\"url\":\"https:\\\/\\\/costablancaup.com\\\/es\\\/\",\"name\":\"COSTA BLANCA UP\",\"description\":\"Costa Blanca Events and Agenda\",\"publisher\":{\"@id\":\"https:\\\/\\\/costablancaup.com\\\/es\\\/#organization\"},\"potentialAction\":[{\"@type\":\"SearchAction\",\"target\":{\"@type\":\"EntryPoint\",\"urlTemplate\":\"https:\\\/\\\/costablancaup.com\\\/es\\\/?s={search_term_string}\"},\"query-input\":{\"@type\":\"PropertyValueSpecification\",\"valueRequired\":true,\"valueName\":\"search_term_string\"}}],\"inLanguage\":\"es\"},{\"@type\":\"Organization\",\"@id\":\"https:\\\/\\\/costablancaup.com\\\/es\\\/#organization\",\"name\":\"Costa Blanca Up\",\"url\":\"https:\\\/\\\/costablancaup.com\\\/es\\\/\",\"logo\":{\"@type\":\"ImageObject\",\"inLanguage\":\"es\",\"@id\":\"https:\\\/\\\/costablancaup.com\\\/es\\\/#\\\/schema\\\/logo\\\/image\\\/\",\"url\":\"https:\\\/\\\/costablancaup.com\\\/wp-content\\\/uploads\\\/2018\\\/07\\\/titulo_web-1.png\",\"contentUrl\":\"https:\\\/\\\/costablancaup.com\\\/wp-content\\\/uploads\\\/2018\\\/07\\\/titulo_web-1.png\",\"width\":1973,\"height\":303,\"caption\":\"Costa Blanca Up\"},\"image\":{\"@id\":\"https:\\\/\\\/costablancaup.com\\\/es\\\/#\\\/schema\\\/logo\\\/image\\\/\"}}]}<\/script>\n<!-- \/ Yoast SEO plugin. -->","yoast_head_json":{"title":"Marcha Ciclotur\u00edstica Ciudad de Valencia - COSTA BLANCA UP","robots":{"index":"index","follow":"follow","max-snippet":"max-snippet:-1","max-image-preview":"max-image-preview:large","max-video-preview":"max-video-preview:-1"},"canonical":"https:\/\/costablancaup.com\/es\/class\/marcha-cicloturistica-ciudad-de-valencia\/","og_locale":"es_ES","og_type":"article","og_title":"Marcha Ciclotur\u00edstica Ciudad de Valencia - COSTA BLANCA UP","og_description":"Miguel Indurain se subir\u00e1 a la bici el pr\u00f3ximo 6 de octubre para participar, junto a los m\u00e1s de 2.500 ciclistas inscritos, en la 13\u00aa \u00abMarcha Ciclotur\u00edstica Ciudad de Val\u00e8ncia\u00bb La Marcha comenzar\u00e1 a las 9:00 horas en la Marina del Puerto de Valencia, junto a Veles e Vents, y transcurrir\u00e1 por tierras valencianas con impresionantes paisajes. Los inscritos podr\u00e1n realizar, junto a compa\u00f1eros y grandes ciclistas de talla mundial, uno de los dos recorridos propuestos: La Ruta de 100 km incluye dos puertos de monta\u00f1a, \u00abEl Volc\u00e1n\u00bb y \u00abEl Castillo\u00bb, ambos con espectaculares subidas y rampas de hasta el [&hellip;]","og_url":"https:\/\/costablancaup.com\/es\/class\/marcha-cicloturistica-ciudad-de-valencia\/","og_site_name":"COSTA BLANCA UP","twitter_card":"summary_large_image","twitter_misc":{"Tiempo de lectura":"1 minuto"},"schema":{"@context":"https:\/\/schema.org","@graph":[{"@type":"WebPage","@id":"https:\/\/costablancaup.com\/es\/class\/marcha-cicloturistica-ciudad-de-valencia\/","url":"https:\/\/costablancaup.com\/es\/class\/marcha-cicloturistica-ciudad-de-valencia\/","name":"Marcha Ciclotur\u00edstica Ciudad de Valencia - COSTA BLANCA UP","isPartOf":{"@id":"https:\/\/costablancaup.com\/es\/#website"},"datePublished":"2018-10-01T08:21:24+00:00","breadcrumb":{"@id":"https:\/\/costablancaup.com\/es\/class\/marcha-cicloturistica-ciudad-de-valencia\/#breadcrumb"},"inLanguage":"es","potentialAction":[{"@type":"ReadAction","target":["https:\/\/costablancaup.com\/es\/class\/marcha-cicloturistica-ciudad-de-valencia\/"]}]},{"@type":"BreadcrumbList","@id":"https:\/\/costablancaup.com\/es\/class\/marcha-cicloturistica-ciudad-de-valencia\/#breadcrumb","itemListElement":[{"@type":"ListItem","position":1,"name":"Home","item":"https:\/\/costablancaup.com\/es\/"},{"@type":"ListItem","position":2,"name":"Marcha Ciclotur\u00edstica Ciudad de Valencia"}]},{"@type":"WebSite","@id":"https:\/\/costablancaup.com\/es\/#website","url":"https:\/\/costablancaup.com\/es\/","name":"COSTA BLANCA UP","description":"Costa Blanca Events and Agenda","publisher":{"@id":"https:\/\/costablancaup.com\/es\/#organization"},"potentialAction":[{"@type":"SearchAction","target":{"@type":"EntryPoint","urlTemplate":"https:\/\/costablancaup.com\/es\/?s={search_term_string}"},"query-input":{"@type":"PropertyValueSpecification","valueRequired":true,"valueName":"search_term_string"}}],"inLanguage":"es"},{"@type":"Organization","@id":"https:\/\/costablancaup.com\/es\/#organization","name":"Costa Blanca Up","url":"https:\/\/costablancaup.com\/es\/","logo":{"@type":"ImageObject","inLanguage":"es","@id":"https:\/\/costablancaup.com\/es\/#\/schema\/logo\/image\/","url":"https:\/\/costablancaup.com\/wp-content\/uploads\/2018\/07\/titulo_web-1.png","contentUrl":"https:\/\/costablancaup.com\/wp-content\/uploads\/2018\/07\/titulo_web-1.png","width":1973,"height":303,"caption":"Costa Blanca Up"},"image":{"@id":"https:\/\/costablancaup.com\/es\/#\/schema\/logo\/image\/"}}]}},"_links":{"self":[{"href":"https:\/\/costablancaup.com\/es\/wp-json\/wp\/v2\/class\/17663","targetHints":{"allow":["GET"]}}],"collection":[{"href":"https:\/\/costablancaup.com\/es\/wp-json\/wp\/v2\/class"}],"about":[{"href":"https:\/\/costablancaup.com\/es\/wp-json\/wp\/v2\/types\/class"}],"wp:attachment":[{"href":"https:\/\/costablancaup.com\/es\/wp-json\/wp\/v2\/media?parent=17663"}],"wp:term":[{"taxonomy":"wcs-type","embeddable":true,"href":"https:\/\/costablancaup.com\/es\/wp-json\/wp\/v2\/wcs-type?post=17663"},{"taxonomy":"wcs-room","embeddable":true,"href":"https:\/\/costablancaup.com\/es\/wp-json\/wp\/v2\/wcs-room?post=17663"},{"taxonomy":"wcs-instructor","embeddable":true,"href":"https:\/\/costablancaup.com\/es\/wp-json\/wp\/v2\/wcs-instructor?post=17663"}],"curies":[{"name":"wp","href":"https:\/\/api.w.org\/{rel}","templated":true}]}}

Marcha Cicloturística Ciudad de Valencia

<h3>Miguel Indurain se subirá a la bici el próximo 6 de octubre para participar, junto a los más de 2.500 ciclistas inscritos, en la 13ª «Marcha Cicloturística Ciudad de València»</h3>
<p>La Marcha comenzará a las 9:00 horas en la Marina del Puerto de Valencia, junto a <em>Veles e Vents</em>, y transcurrirá por tierras valencianas con impresionantes paisajes. </p>
<p>Los inscritos podrán realizar, junto a compañeros y grandes ciclistas de talla mundial, uno de los dos recorridos propuestos:</p>
<ul>
<li><em>La Ruta de 100 km</em> incluye dos puertos de montaña, «El Volcán» y «El Castillo», ambos con espectaculares subidas y rampas de hasta el 19%. </li>
<li><em>La Ruta de 80 km</em> también llegará a Cullera, pero no incluirá estos puertos en su recorrido.</li>
</ul>
<p>&nbsp;</p>
<p>Indurain concluirá su participación con una firma de autógrafos que tendrá lugar a las 12:30 horas.</p>
<p>Además, el navarro participará en diversas actividades el día anterior como rodar en un recorrido por la Marina de Valencia para apadrinar la «Marcha por la Plena Inclusión», que desde 2016 apuesta por dar visibilidad a los colectivos de personas con discapacidad intelectual.</p>
<p>Más allá de La Marcha, durante toda la mañana se celebrará una fiesta del ciclismo, con pruebas alternativas (criterium, duelo, escuelas de ciclismo, &#8230;) además de una marcha cicloturística infantil «Marcha Kids El Corte Inglés» para los niños de 6 a 14 años.</p>

<p>Miguel Indurain se subirá a la bici el próximo 6 de octubre para participar, junto a los más de 2.500 ciclistas inscritos, en la 13ª «Marcha Cicloturística Ciudad de València» La Marcha comenzará a las 9:00 horas en la Marina del Puerto de Valencia, junto a Veles e Vents, y transcurrirá por tierras valencianas con impresionantes paisajes. Los inscritos podrán realizar, junto a compañeros y grandes ciclistas de talla mundial, uno de los dos recorridos propuestos: La Ruta de 100 km incluye dos puertos de montaña, «El Volcán» y «El Castillo», ambos con espectaculares subidas y rampas de hasta el [&hellip;]</p>

<!-- This site is optimized with the Yoast SEO plugin v27.4 - https://yoast.com/product/yoast-seo-wordpress/ -->
<title>Marcha Cicloturística Ciudad de Valencia - COSTA BLANCA UP</title>
<meta name="robots" content="index, follow, max-snippet:-1, max-image-preview:large, max-video-preview:-1" />
<link rel="canonical" href="https://costablancaup.com/es/class/marcha-cicloturistica-ciudad-de-valencia/" />
<meta property="og:locale" content="es_ES" />
<meta property="og:type" content="article" />
<meta property="og:title" content="Marcha Cicloturística Ciudad de Valencia - COSTA BLANCA UP" />
<meta property="og:description" content="Miguel Indurain se subirá a la bici el próximo 6 de octubre para participar, junto a los más de 2.500 ciclistas inscritos, en la 13ª «Marcha Cicloturística Ciudad de València» La Marcha comenzará a las 9:00 horas en la Marina del Puerto de Valencia, junto a Veles e Vents, y transcurrirá por tierras valencianas con impresionantes paisajes. Los inscritos podrán realizar, junto a compañeros y grandes ciclistas de talla mundial, uno de los dos recorridos propuestos: La Ruta de 100 km incluye dos puertos de montaña, «El Volcán» y «El Castillo», ambos con espectaculares subidas y rampas de hasta el [&hellip;]" />
<meta property="og:url" content="https://costablancaup.com/es/class/marcha-cicloturistica-ciudad-de-valencia/" />
<meta property="og:site_name" content="COSTA BLANCA UP" />
<meta name="twitter:card" content="summary_large_image" />
<meta name="twitter:label1" content="Tiempo de lectura" />
	<meta name="twitter:data1" content="1 minuto" />
<script type="application/ld+json" class="yoast-schema-graph">{"@context":"https:\/\/schema.org","@graph":[{"@type":"WebPage","@id":"https:\/\/costablancaup.com\/es\/class\/marcha-cicloturistica-ciudad-de-valencia\/","url":"https:\/\/costablancaup.com\/es\/class\/marcha-cicloturistica-ciudad-de-valencia\/","name":"Marcha Cicloturística Ciudad de Valencia - COSTA BLANCA UP","isPartOf":{"@id":"https:\/\/costablancaup.com\/es\/#website"},"datePublished":"2018-10-01T08:21:24+00:00","breadcrumb":{"@id":"https:\/\/costablancaup.com\/es\/class\/marcha-cicloturistica-ciudad-de-valencia\/#breadcrumb"},"inLanguage":"es","potentialAction":[{"@type":"ReadAction","target":["https:\/\/costablancaup.com\/es\/class\/marcha-cicloturistica-ciudad-de-valencia\/"]}]},{"@type":"BreadcrumbList","@id":"https:\/\/costablancaup.com\/es\/class\/marcha-cicloturistica-ciudad-de-valencia\/#breadcrumb","itemListElement":[{"@type":"ListItem","position":1,"name":"Home","item":"https:\/\/costablancaup.com\/es\/"},{"@type":"ListItem","position":2,"name":"Marcha Cicloturística Ciudad de Valencia"}]},{"@type":"WebSite","@id":"https:\/\/costablancaup.com\/es\/#website","url":"https:\/\/costablancaup.com\/es\/","name":"COSTA BLANCA UP","description":"Costa Blanca Events and Agenda","publisher":{"@id":"https:\/\/costablancaup.com\/es\/#organization"},"potentialAction":[{"@type":"SearchAction","target":{"@type":"EntryPoint","urlTemplate":"https:\/\/costablancaup.com\/es\/?s={search_term_string}"},"query-input":{"@type":"PropertyValueSpecification","valueRequired":true,"valueName":"search_term_string"}}],"inLanguage":"es"},{"@type":"Organization","@id":"https:\/\/costablancaup.com\/es\/#organization","name":"Costa Blanca Up","url":"https:\/\/costablancaup.com\/es\/","logo":{"@type":"ImageObject","inLanguage":"es","@id":"https:\/\/costablancaup.com\/es\/#\/schema\/logo\/image\/","url":"https:\/\/costablancaup.com\/wp-content\/uploads\/2018\/07\/titulo_web-1.png","contentUrl":"https:\/\/costablancaup.com\/wp-content\/uploads\/2018\/07\/titulo_web-1.png","width":1973,"height":303,"caption":"Costa Blanca Up"},"image":{"@id":"https:\/\/costablancaup.com\/es\/#\/schema\/logo\/image\/"}}]}</script>
<!-- / Yoast SEO plugin. -->

Marcha Cicloturística Ciudad de Valencia - COSTA BLANCA UP

Miguel Indurain se subirá a la bici el próximo 6 de octubre para participar, junto a los más de 2.500 ciclistas inscritos, en la 13ª «Marcha Cicloturística Ciudad de València» La Marcha comenzará a las 9:00 horas en la Marina del Puerto de Valencia, junto a Veles e Vents, y transcurrirá por tierras valencianas con impresionantes paisajes. Los inscritos podrán realizar, junto a compañeros y grandes ciclistas de talla mundial, uno de los dos recorridos propuestos: La Ruta de 100 km incluye dos puertos de montaña, «El Volcán» y «El Castillo», ambos con espectaculares subidas y rampas de hasta el [&hellip;]
