{"id":19317,"date":"2018-11-08T16:50:38","date_gmt":"2018-11-08T15:50:38","guid":{"rendered":"https:\/\/costablancaup.com\/?post_type=class&#038;p=19317"},"modified":"2018-11-08T16:50:38","modified_gmt":"2018-11-08T15:50:38","slug":"raul-ferve-elinflumierder","status":"publish","type":"class","link":"https:\/\/costablancaup.com\/es\/class\/raul-ferve-elinflumierder\/","title":{"rendered":"Ra\u00fal Ferv\u00e9: \u00ab#ElInflumierder\u00bb"},"content":{"rendered":"<h2>Ra\u00fal Ferv\u00e9 es uno de los c\u00f3micos con mayor proyecci\u00f3n en el circuito nacional de Comedia y nos presenta #Elinflumierder en la m\u00edtica sala Clan Cabaret de Alicante.<\/h2>\n<p>Un show cargado de humor \u00e1cido, imitaciones y un punto de auto cr\u00edtica de un cuarent\u00f3n que quiere ser influencer pero no termina de hacerlo bien y dig\u00e1moslo as\u00ed, es m\u00e1s bien &#8216;mierder&#8217;.<\/p>\n","protected":false},"excerpt":{"rendered":"<p>Ra\u00fal Ferv\u00e9 es uno de los c\u00f3micos con mayor proyecci\u00f3n en el circuito nacional de Comedia y nos presenta #Elinflumierder en la m\u00edtica sala Clan Cabaret de Alicante. Un show cargado de humor \u00e1cido, imitaciones y un punto de auto cr\u00edtica de un cuarent\u00f3n que quiere ser influencer pero no termina de hacerlo bien y dig\u00e1moslo as\u00ed, es m\u00e1s bien &#8216;mierder&#8217;.<\/p>\n","protected":false},"template":"","meta":[],"wcs-type":[5356],"wcs-room":[5292],"wcs-instructor":[],"class_list":["post-19317","class","type-class","status-publish","hentry","wcs-type-monologos","wcs-room-alicante-sala-clan-cabaret"],"yoast_head":"<!-- This site is optimized with the Yoast SEO plugin v27.4 - https:\/\/yoast.com\/product\/yoast-seo-wordpress\/ -->\n<title>Ra\u00fal Ferv\u00e9: &quot;#ElInflumierder&quot; - COSTA BLANCA UP<\/title>\n<meta name=\"robots\" content=\"index, follow, max-snippet:-1, max-image-preview:large, max-video-preview:-1\" \/>\n<link rel=\"canonical\" href=\"https:\/\/costablancaup.com\/es\/class\/raul-ferve-elinflumierder\/\" \/>\n<meta property=\"og:locale\" content=\"es_ES\" \/>\n<meta property=\"og:type\" content=\"article\" \/>\n<meta property=\"og:title\" content=\"Ra\u00fal Ferv\u00e9: &quot;#ElInflumierder&quot; - COSTA BLANCA UP\" \/>\n<meta property=\"og:description\" content=\"Ra\u00fal Ferv\u00e9 es uno de los c\u00f3micos con mayor proyecci\u00f3n en el circuito nacional de Comedia y nos presenta #Elinflumierder en la m\u00edtica sala Clan Cabaret de Alicante. Un show cargado de humor \u00e1cido, imitaciones y un punto de auto cr\u00edtica de un cuarent\u00f3n que quiere ser influencer pero no termina de hacerlo bien y dig\u00e1moslo as\u00ed, es m\u00e1s bien &#8216;mierder&#8217;.\" \/>\n<meta property=\"og:url\" content=\"https:\/\/costablancaup.com\/es\/class\/raul-ferve-elinflumierder\/\" \/>\n<meta property=\"og:site_name\" content=\"COSTA BLANCA UP\" \/>\n<meta name=\"twitter:card\" content=\"summary_large_image\" \/>\n<script type=\"application\/ld+json\" class=\"yoast-schema-graph\">{\"@context\":\"https:\\\/\\\/schema.org\",\"@graph\":[{\"@type\":\"WebPage\",\"@id\":\"https:\\\/\\\/costablancaup.com\\\/es\\\/class\\\/raul-ferve-elinflumierder\\\/\",\"url\":\"https:\\\/\\\/costablancaup.com\\\/es\\\/class\\\/raul-ferve-elinflumierder\\\/\",\"name\":\"Ra\u00fal Ferv\u00e9: \\\"#ElInflumierder\\\" - COSTA BLANCA UP\",\"isPartOf\":{\"@id\":\"https:\\\/\\\/costablancaup.com\\\/es\\\/#website\"},\"datePublished\":\"2018-11-08T15:50:38+00:00\",\"breadcrumb\":{\"@id\":\"https:\\\/\\\/costablancaup.com\\\/es\\\/class\\\/raul-ferve-elinflumierder\\\/#breadcrumb\"},\"inLanguage\":\"es\",\"potentialAction\":[{\"@type\":\"ReadAction\",\"target\":[\"https:\\\/\\\/costablancaup.com\\\/es\\\/class\\\/raul-ferve-elinflumierder\\\/\"]}]},{\"@type\":\"BreadcrumbList\",\"@id\":\"https:\\\/\\\/costablancaup.com\\\/es\\\/class\\\/raul-ferve-elinflumierder\\\/#breadcrumb\",\"itemListElement\":[{\"@type\":\"ListItem\",\"position\":1,\"name\":\"Home\",\"item\":\"https:\\\/\\\/costablancaup.com\\\/es\\\/\"},{\"@type\":\"ListItem\",\"position\":2,\"name\":\"Ra\u00fal Ferv\u00e9: \u00ab#ElInflumierder\u00bb\"}]},{\"@type\":\"WebSite\",\"@id\":\"https:\\\/\\\/costablancaup.com\\\/es\\\/#website\",\"url\":\"https:\\\/\\\/costablancaup.com\\\/es\\\/\",\"name\":\"COSTA BLANCA UP\",\"description\":\"Costa Blanca Events and Agenda\",\"publisher\":{\"@id\":\"https:\\\/\\\/costablancaup.com\\\/es\\\/#organization\"},\"potentialAction\":[{\"@type\":\"SearchAction\",\"target\":{\"@type\":\"EntryPoint\",\"urlTemplate\":\"https:\\\/\\\/costablancaup.com\\\/es\\\/?s={search_term_string}\"},\"query-input\":{\"@type\":\"PropertyValueSpecification\",\"valueRequired\":true,\"valueName\":\"search_term_string\"}}],\"inLanguage\":\"es\"},{\"@type\":\"Organization\",\"@id\":\"https:\\\/\\\/costablancaup.com\\\/es\\\/#organization\",\"name\":\"Costa Blanca Up\",\"url\":\"https:\\\/\\\/costablancaup.com\\\/es\\\/\",\"logo\":{\"@type\":\"ImageObject\",\"inLanguage\":\"es\",\"@id\":\"https:\\\/\\\/costablancaup.com\\\/es\\\/#\\\/schema\\\/logo\\\/image\\\/\",\"url\":\"https:\\\/\\\/costablancaup.com\\\/wp-content\\\/uploads\\\/2018\\\/07\\\/titulo_web-1.png\",\"contentUrl\":\"https:\\\/\\\/costablancaup.com\\\/wp-content\\\/uploads\\\/2018\\\/07\\\/titulo_web-1.png\",\"width\":1973,\"height\":303,\"caption\":\"Costa Blanca Up\"},\"image\":{\"@id\":\"https:\\\/\\\/costablancaup.com\\\/es\\\/#\\\/schema\\\/logo\\\/image\\\/\"}}]}<\/script>\n<!-- \/ Yoast SEO plugin. -->","yoast_head_json":{"title":"Ra\u00fal Ferv\u00e9: \"#ElInflumierder\" - COSTA BLANCA UP","robots":{"index":"index","follow":"follow","max-snippet":"max-snippet:-1","max-image-preview":"max-image-preview:large","max-video-preview":"max-video-preview:-1"},"canonical":"https:\/\/costablancaup.com\/es\/class\/raul-ferve-elinflumierder\/","og_locale":"es_ES","og_type":"article","og_title":"Ra\u00fal Ferv\u00e9: \"#ElInflumierder\" - COSTA BLANCA UP","og_description":"Ra\u00fal Ferv\u00e9 es uno de los c\u00f3micos con mayor proyecci\u00f3n en el circuito nacional de Comedia y nos presenta #Elinflumierder en la m\u00edtica sala Clan Cabaret de Alicante. Un show cargado de humor \u00e1cido, imitaciones y un punto de auto cr\u00edtica de un cuarent\u00f3n que quiere ser influencer pero no termina de hacerlo bien y dig\u00e1moslo as\u00ed, es m\u00e1s bien &#8216;mierder&#8217;.","og_url":"https:\/\/costablancaup.com\/es\/class\/raul-ferve-elinflumierder\/","og_site_name":"COSTA BLANCA UP","twitter_card":"summary_large_image","schema":{"@context":"https:\/\/schema.org","@graph":[{"@type":"WebPage","@id":"https:\/\/costablancaup.com\/es\/class\/raul-ferve-elinflumierder\/","url":"https:\/\/costablancaup.com\/es\/class\/raul-ferve-elinflumierder\/","name":"Ra\u00fal Ferv\u00e9: \"#ElInflumierder\" - COSTA BLANCA UP","isPartOf":{"@id":"https:\/\/costablancaup.com\/es\/#website"},"datePublished":"2018-11-08T15:50:38+00:00","breadcrumb":{"@id":"https:\/\/costablancaup.com\/es\/class\/raul-ferve-elinflumierder\/#breadcrumb"},"inLanguage":"es","potentialAction":[{"@type":"ReadAction","target":["https:\/\/costablancaup.com\/es\/class\/raul-ferve-elinflumierder\/"]}]},{"@type":"BreadcrumbList","@id":"https:\/\/costablancaup.com\/es\/class\/raul-ferve-elinflumierder\/#breadcrumb","itemListElement":[{"@type":"ListItem","position":1,"name":"Home","item":"https:\/\/costablancaup.com\/es\/"},{"@type":"ListItem","position":2,"name":"Ra\u00fal Ferv\u00e9: \u00ab#ElInflumierder\u00bb"}]},{"@type":"WebSite","@id":"https:\/\/costablancaup.com\/es\/#website","url":"https:\/\/costablancaup.com\/es\/","name":"COSTA BLANCA UP","description":"Costa Blanca Events and Agenda","publisher":{"@id":"https:\/\/costablancaup.com\/es\/#organization"},"potentialAction":[{"@type":"SearchAction","target":{"@type":"EntryPoint","urlTemplate":"https:\/\/costablancaup.com\/es\/?s={search_term_string}"},"query-input":{"@type":"PropertyValueSpecification","valueRequired":true,"valueName":"search_term_string"}}],"inLanguage":"es"},{"@type":"Organization","@id":"https:\/\/costablancaup.com\/es\/#organization","name":"Costa Blanca Up","url":"https:\/\/costablancaup.com\/es\/","logo":{"@type":"ImageObject","inLanguage":"es","@id":"https:\/\/costablancaup.com\/es\/#\/schema\/logo\/image\/","url":"https:\/\/costablancaup.com\/wp-content\/uploads\/2018\/07\/titulo_web-1.png","contentUrl":"https:\/\/costablancaup.com\/wp-content\/uploads\/2018\/07\/titulo_web-1.png","width":1973,"height":303,"caption":"Costa Blanca Up"},"image":{"@id":"https:\/\/costablancaup.com\/es\/#\/schema\/logo\/image\/"}}]}},"_links":{"self":[{"href":"https:\/\/costablancaup.com\/es\/wp-json\/wp\/v2\/class\/19317","targetHints":{"allow":["GET"]}}],"collection":[{"href":"https:\/\/costablancaup.com\/es\/wp-json\/wp\/v2\/class"}],"about":[{"href":"https:\/\/costablancaup.com\/es\/wp-json\/wp\/v2\/types\/class"}],"wp:attachment":[{"href":"https:\/\/costablancaup.com\/es\/wp-json\/wp\/v2\/media?parent=19317"}],"wp:term":[{"taxonomy":"wcs-type","embeddable":true,"href":"https:\/\/costablancaup.com\/es\/wp-json\/wp\/v2\/wcs-type?post=19317"},{"taxonomy":"wcs-room","embeddable":true,"href":"https:\/\/costablancaup.com\/es\/wp-json\/wp\/v2\/wcs-room?post=19317"},{"taxonomy":"wcs-instructor","embeddable":true,"href":"https:\/\/costablancaup.com\/es\/wp-json\/wp\/v2\/wcs-instructor?post=19317"}],"curies":[{"name":"wp","href":"https:\/\/api.w.org\/{rel}","templated":true}]}}

Raúl Fervé: «#ElInflumierder»

<h2>Raúl Fervé es uno de los cómicos con mayor proyección en el circuito nacional de Comedia y nos presenta #Elinflumierder en la mítica sala Clan Cabaret de Alicante.</h2>
<p>Un show cargado de humor ácido, imitaciones y un punto de auto crítica de un cuarentón que quiere ser influencer pero no termina de hacerlo bien y digámoslo así, es más bien &#8216;mierder&#8217;.</p>

<p>Raúl Fervé es uno de los cómicos con mayor proyección en el circuito nacional de Comedia y nos presenta #Elinflumierder en la mítica sala Clan Cabaret de Alicante. Un show cargado de humor ácido, imitaciones y un punto de auto crítica de un cuarentón que quiere ser influencer pero no termina de hacerlo bien y digámoslo así, es más bien &#8216;mierder&#8217;.</p>

<!-- This site is optimized with the Yoast SEO plugin v27.4 - https://yoast.com/product/yoast-seo-wordpress/ -->
<title>Raúl Fervé: &quot;#ElInflumierder&quot; - COSTA BLANCA UP</title>
<meta name="robots" content="index, follow, max-snippet:-1, max-image-preview:large, max-video-preview:-1" />
<link rel="canonical" href="https://costablancaup.com/es/class/raul-ferve-elinflumierder/" />
<meta property="og:locale" content="es_ES" />
<meta property="og:type" content="article" />
<meta property="og:title" content="Raúl Fervé: &quot;#ElInflumierder&quot; - COSTA BLANCA UP" />
<meta property="og:description" content="Raúl Fervé es uno de los cómicos con mayor proyección en el circuito nacional de Comedia y nos presenta #Elinflumierder en la mítica sala Clan Cabaret de Alicante. Un show cargado de humor ácido, imitaciones y un punto de auto crítica de un cuarentón que quiere ser influencer pero no termina de hacerlo bien y digámoslo así, es más bien &#8216;mierder&#8217;." />
<meta property="og:url" content="https://costablancaup.com/es/class/raul-ferve-elinflumierder/" />
<meta property="og:site_name" content="COSTA BLANCA UP" />
<meta name="twitter:card" content="summary_large_image" />
<script type="application/ld+json" class="yoast-schema-graph">{"@context":"https:\/\/schema.org","@graph":[{"@type":"WebPage","@id":"https:\/\/costablancaup.com\/es\/class\/raul-ferve-elinflumierder\/","url":"https:\/\/costablancaup.com\/es\/class\/raul-ferve-elinflumierder\/","name":"Raúl Fervé: \"#ElInflumierder\" - COSTA BLANCA UP","isPartOf":{"@id":"https:\/\/costablancaup.com\/es\/#website"},"datePublished":"2018-11-08T15:50:38+00:00","breadcrumb":{"@id":"https:\/\/costablancaup.com\/es\/class\/raul-ferve-elinflumierder\/#breadcrumb"},"inLanguage":"es","potentialAction":[{"@type":"ReadAction","target":["https:\/\/costablancaup.com\/es\/class\/raul-ferve-elinflumierder\/"]}]},{"@type":"BreadcrumbList","@id":"https:\/\/costablancaup.com\/es\/class\/raul-ferve-elinflumierder\/#breadcrumb","itemListElement":[{"@type":"ListItem","position":1,"name":"Home","item":"https:\/\/costablancaup.com\/es\/"},{"@type":"ListItem","position":2,"name":"Raúl Fervé: «#ElInflumierder»"}]},{"@type":"WebSite","@id":"https:\/\/costablancaup.com\/es\/#website","url":"https:\/\/costablancaup.com\/es\/","name":"COSTA BLANCA UP","description":"Costa Blanca Events and Agenda","publisher":{"@id":"https:\/\/costablancaup.com\/es\/#organization"},"potentialAction":[{"@type":"SearchAction","target":{"@type":"EntryPoint","urlTemplate":"https:\/\/costablancaup.com\/es\/?s={search_term_string}"},"query-input":{"@type":"PropertyValueSpecification","valueRequired":true,"valueName":"search_term_string"}}],"inLanguage":"es"},{"@type":"Organization","@id":"https:\/\/costablancaup.com\/es\/#organization","name":"Costa Blanca Up","url":"https:\/\/costablancaup.com\/es\/","logo":{"@type":"ImageObject","inLanguage":"es","@id":"https:\/\/costablancaup.com\/es\/#\/schema\/logo\/image\/","url":"https:\/\/costablancaup.com\/wp-content\/uploads\/2018\/07\/titulo_web-1.png","contentUrl":"https:\/\/costablancaup.com\/wp-content\/uploads\/2018\/07\/titulo_web-1.png","width":1973,"height":303,"caption":"Costa Blanca Up"},"image":{"@id":"https:\/\/costablancaup.com\/es\/#\/schema\/logo\/image\/"}}]}</script>
<!-- / Yoast SEO plugin. -->

Raúl Fervé: "#ElInflumierder" - COSTA BLANCA UP

Raúl Fervé es uno de los cómicos con mayor proyección en el circuito nacional de Comedia y nos presenta #Elinflumierder en la mítica sala Clan Cabaret de Alicante. Un show cargado de humor ácido, imitaciones y un punto de auto crítica de un cuarentón que quiere ser influencer pero no termina de hacerlo bien y digámoslo así, es más bien &#8216;mierder&#8217;.
