{"id":19323,"date":"2018-11-08T16:53:01","date_gmt":"2018-11-08T15:53:01","guid":{"rendered":"https:\/\/costablancaup.com\/?post_type=class&#038;p=19323"},"modified":"2018-11-08T16:53:01","modified_gmt":"2018-11-08T15:53:01","slug":"8-apellidos-manchegos","status":"publish","type":"class","link":"https:\/\/costablancaup.com\/es\/class\/8-apellidos-manchegos\/","title":{"rendered":"\u00ab8 apellidos manchegos\u00bb"},"content":{"rendered":"<h2>Vuelve el espect\u00e1culo \u00abOcho apellidos manchegos\u00bb despu\u00e9s de llenar Clan Cabaret en Octubre.<\/h2>\n<p>\u00abOcho apellidos manchegos\u00bb es un show en el que podr\u00e1s ver el humor 100% manchego en todo su esplendor.<\/p>\n<p>Cuatro grandes c\u00f3micos manchegos se unen para contar historias desde puntos de vista completamente diferentes \u00a1con su humor tan caracter\u00edstico que no te dejar\u00e1 parar de re\u00edr!<\/p>\n<p>\u00a1Ven a disfrutar como nunca con Jes\u00fas Arenas, Juan Albi\u00f1ana, Roberto Gont\u00e1n y Fran Pati!<\/p>\n<p><img decoding=\"async\" class=\"aligncenter\" src=\"\/event_img\/TKT162291_8-apellidos-manchegos-sabado-2-de-febrero-en-clan-cabaret_1.jpg\" alt=\"8 apellidos manchegos\" \/><\/p>\n","protected":false},"excerpt":{"rendered":"<p>Vuelve el espect\u00e1culo \u00abOcho apellidos manchegos\u00bb despu\u00e9s de llenar Clan Cabaret en Octubre. \u00abOcho apellidos manchegos\u00bb es un show en el que podr\u00e1s ver el humor 100% manchego en todo su esplendor. Cuatro grandes c\u00f3micos manchegos se unen para contar historias desde puntos de vista completamente diferentes \u00a1con su humor tan caracter\u00edstico que no te dejar\u00e1 parar de re\u00edr! \u00a1Ven a disfrutar como nunca con Jes\u00fas Arenas, Juan Albi\u00f1ana, Roberto Gont\u00e1n y Fran Pati!<\/p>\n","protected":false},"template":"","meta":[],"wcs-type":[5356],"wcs-room":[5292],"wcs-instructor":[],"class_list":["post-19323","class","type-class","status-publish","hentry","wcs-type-monologos","wcs-room-alicante-sala-clan-cabaret"],"yoast_head":"<!-- This site is optimized with the Yoast SEO plugin v27.4 - https:\/\/yoast.com\/product\/yoast-seo-wordpress\/ -->\n<title>&quot;8 apellidos manchegos&quot; - COSTA BLANCA UP<\/title>\n<meta name=\"robots\" content=\"index, follow, max-snippet:-1, max-image-preview:large, max-video-preview:-1\" \/>\n<link rel=\"canonical\" href=\"https:\/\/costablancaup.com\/es\/class\/8-apellidos-manchegos\/\" \/>\n<meta property=\"og:locale\" content=\"es_ES\" \/>\n<meta property=\"og:type\" content=\"article\" \/>\n<meta property=\"og:title\" content=\"&quot;8 apellidos manchegos&quot; - COSTA BLANCA UP\" \/>\n<meta property=\"og:description\" content=\"Vuelve el espect\u00e1culo \u00abOcho apellidos manchegos\u00bb despu\u00e9s de llenar Clan Cabaret en Octubre. \u00abOcho apellidos manchegos\u00bb es un show en el que podr\u00e1s ver el humor 100% manchego en todo su esplendor. Cuatro grandes c\u00f3micos manchegos se unen para contar historias desde puntos de vista completamente diferentes \u00a1con su humor tan caracter\u00edstico que no te dejar\u00e1 parar de re\u00edr! \u00a1Ven a disfrutar como nunca con Jes\u00fas Arenas, Juan Albi\u00f1ana, Roberto Gont\u00e1n y Fran Pati!\" \/>\n<meta property=\"og:url\" content=\"https:\/\/costablancaup.com\/es\/class\/8-apellidos-manchegos\/\" \/>\n<meta property=\"og:site_name\" content=\"COSTA BLANCA UP\" \/>\n<meta property=\"og:image\" content=\"https:\/\/costablancaup.com\/event_img\/TKT162291_8-apellidos-manchegos-sabado-2-de-febrero-en-clan-cabaret_1.jpg\" \/>\n<meta name=\"twitter:card\" content=\"summary_large_image\" \/>\n<script type=\"application\/ld+json\" class=\"yoast-schema-graph\">{\"@context\":\"https:\\\/\\\/schema.org\",\"@graph\":[{\"@type\":\"WebPage\",\"@id\":\"https:\\\/\\\/costablancaup.com\\\/es\\\/class\\\/8-apellidos-manchegos\\\/\",\"url\":\"https:\\\/\\\/costablancaup.com\\\/es\\\/class\\\/8-apellidos-manchegos\\\/\",\"name\":\"\\\"8 apellidos manchegos\\\" - COSTA BLANCA UP\",\"isPartOf\":{\"@id\":\"https:\\\/\\\/costablancaup.com\\\/es\\\/#website\"},\"datePublished\":\"2018-11-08T15:53:01+00:00\",\"breadcrumb\":{\"@id\":\"https:\\\/\\\/costablancaup.com\\\/es\\\/class\\\/8-apellidos-manchegos\\\/#breadcrumb\"},\"inLanguage\":\"es\",\"potentialAction\":[{\"@type\":\"ReadAction\",\"target\":[\"https:\\\/\\\/costablancaup.com\\\/es\\\/class\\\/8-apellidos-manchegos\\\/\"]}]},{\"@type\":\"BreadcrumbList\",\"@id\":\"https:\\\/\\\/costablancaup.com\\\/es\\\/class\\\/8-apellidos-manchegos\\\/#breadcrumb\",\"itemListElement\":[{\"@type\":\"ListItem\",\"position\":1,\"name\":\"Home\",\"item\":\"https:\\\/\\\/costablancaup.com\\\/es\\\/\"},{\"@type\":\"ListItem\",\"position\":2,\"name\":\"\u00ab8 apellidos manchegos\u00bb\"}]},{\"@type\":\"WebSite\",\"@id\":\"https:\\\/\\\/costablancaup.com\\\/es\\\/#website\",\"url\":\"https:\\\/\\\/costablancaup.com\\\/es\\\/\",\"name\":\"COSTA BLANCA UP\",\"description\":\"Costa Blanca Events and Agenda\",\"publisher\":{\"@id\":\"https:\\\/\\\/costablancaup.com\\\/es\\\/#organization\"},\"potentialAction\":[{\"@type\":\"SearchAction\",\"target\":{\"@type\":\"EntryPoint\",\"urlTemplate\":\"https:\\\/\\\/costablancaup.com\\\/es\\\/?s={search_term_string}\"},\"query-input\":{\"@type\":\"PropertyValueSpecification\",\"valueRequired\":true,\"valueName\":\"search_term_string\"}}],\"inLanguage\":\"es\"},{\"@type\":\"Organization\",\"@id\":\"https:\\\/\\\/costablancaup.com\\\/es\\\/#organization\",\"name\":\"Costa Blanca Up\",\"url\":\"https:\\\/\\\/costablancaup.com\\\/es\\\/\",\"logo\":{\"@type\":\"ImageObject\",\"inLanguage\":\"es\",\"@id\":\"https:\\\/\\\/costablancaup.com\\\/es\\\/#\\\/schema\\\/logo\\\/image\\\/\",\"url\":\"https:\\\/\\\/costablancaup.com\\\/wp-content\\\/uploads\\\/2018\\\/07\\\/titulo_web-1.png\",\"contentUrl\":\"https:\\\/\\\/costablancaup.com\\\/wp-content\\\/uploads\\\/2018\\\/07\\\/titulo_web-1.png\",\"width\":1973,\"height\":303,\"caption\":\"Costa Blanca Up\"},\"image\":{\"@id\":\"https:\\\/\\\/costablancaup.com\\\/es\\\/#\\\/schema\\\/logo\\\/image\\\/\"}}]}<\/script>\n<!-- \/ Yoast SEO plugin. -->","yoast_head_json":{"title":"\"8 apellidos manchegos\" - COSTA BLANCA UP","robots":{"index":"index","follow":"follow","max-snippet":"max-snippet:-1","max-image-preview":"max-image-preview:large","max-video-preview":"max-video-preview:-1"},"canonical":"https:\/\/costablancaup.com\/es\/class\/8-apellidos-manchegos\/","og_locale":"es_ES","og_type":"article","og_title":"\"8 apellidos manchegos\" - COSTA BLANCA UP","og_description":"Vuelve el espect\u00e1culo \u00abOcho apellidos manchegos\u00bb despu\u00e9s de llenar Clan Cabaret en Octubre. \u00abOcho apellidos manchegos\u00bb es un show en el que podr\u00e1s ver el humor 100% manchego en todo su esplendor. Cuatro grandes c\u00f3micos manchegos se unen para contar historias desde puntos de vista completamente diferentes \u00a1con su humor tan caracter\u00edstico que no te dejar\u00e1 parar de re\u00edr! \u00a1Ven a disfrutar como nunca con Jes\u00fas Arenas, Juan Albi\u00f1ana, Roberto Gont\u00e1n y Fran Pati!","og_url":"https:\/\/costablancaup.com\/es\/class\/8-apellidos-manchegos\/","og_site_name":"COSTA BLANCA UP","og_image":[{"url":"https:\/\/costablancaup.com\/event_img\/TKT162291_8-apellidos-manchegos-sabado-2-de-febrero-en-clan-cabaret_1.jpg","type":"","width":"","height":""}],"twitter_card":"summary_large_image","schema":{"@context":"https:\/\/schema.org","@graph":[{"@type":"WebPage","@id":"https:\/\/costablancaup.com\/es\/class\/8-apellidos-manchegos\/","url":"https:\/\/costablancaup.com\/es\/class\/8-apellidos-manchegos\/","name":"\"8 apellidos manchegos\" - COSTA BLANCA UP","isPartOf":{"@id":"https:\/\/costablancaup.com\/es\/#website"},"datePublished":"2018-11-08T15:53:01+00:00","breadcrumb":{"@id":"https:\/\/costablancaup.com\/es\/class\/8-apellidos-manchegos\/#breadcrumb"},"inLanguage":"es","potentialAction":[{"@type":"ReadAction","target":["https:\/\/costablancaup.com\/es\/class\/8-apellidos-manchegos\/"]}]},{"@type":"BreadcrumbList","@id":"https:\/\/costablancaup.com\/es\/class\/8-apellidos-manchegos\/#breadcrumb","itemListElement":[{"@type":"ListItem","position":1,"name":"Home","item":"https:\/\/costablancaup.com\/es\/"},{"@type":"ListItem","position":2,"name":"\u00ab8 apellidos manchegos\u00bb"}]},{"@type":"WebSite","@id":"https:\/\/costablancaup.com\/es\/#website","url":"https:\/\/costablancaup.com\/es\/","name":"COSTA BLANCA UP","description":"Costa Blanca Events and Agenda","publisher":{"@id":"https:\/\/costablancaup.com\/es\/#organization"},"potentialAction":[{"@type":"SearchAction","target":{"@type":"EntryPoint","urlTemplate":"https:\/\/costablancaup.com\/es\/?s={search_term_string}"},"query-input":{"@type":"PropertyValueSpecification","valueRequired":true,"valueName":"search_term_string"}}],"inLanguage":"es"},{"@type":"Organization","@id":"https:\/\/costablancaup.com\/es\/#organization","name":"Costa Blanca Up","url":"https:\/\/costablancaup.com\/es\/","logo":{"@type":"ImageObject","inLanguage":"es","@id":"https:\/\/costablancaup.com\/es\/#\/schema\/logo\/image\/","url":"https:\/\/costablancaup.com\/wp-content\/uploads\/2018\/07\/titulo_web-1.png","contentUrl":"https:\/\/costablancaup.com\/wp-content\/uploads\/2018\/07\/titulo_web-1.png","width":1973,"height":303,"caption":"Costa Blanca Up"},"image":{"@id":"https:\/\/costablancaup.com\/es\/#\/schema\/logo\/image\/"}}]}},"_links":{"self":[{"href":"https:\/\/costablancaup.com\/es\/wp-json\/wp\/v2\/class\/19323","targetHints":{"allow":["GET"]}}],"collection":[{"href":"https:\/\/costablancaup.com\/es\/wp-json\/wp\/v2\/class"}],"about":[{"href":"https:\/\/costablancaup.com\/es\/wp-json\/wp\/v2\/types\/class"}],"wp:attachment":[{"href":"https:\/\/costablancaup.com\/es\/wp-json\/wp\/v2\/media?parent=19323"}],"wp:term":[{"taxonomy":"wcs-type","embeddable":true,"href":"https:\/\/costablancaup.com\/es\/wp-json\/wp\/v2\/wcs-type?post=19323"},{"taxonomy":"wcs-room","embeddable":true,"href":"https:\/\/costablancaup.com\/es\/wp-json\/wp\/v2\/wcs-room?post=19323"},{"taxonomy":"wcs-instructor","embeddable":true,"href":"https:\/\/costablancaup.com\/es\/wp-json\/wp\/v2\/wcs-instructor?post=19323"}],"curies":[{"name":"wp","href":"https:\/\/api.w.org\/{rel}","templated":true}]}}

<h2>Vuelve el espectáculo «Ocho apellidos manchegos» después de llenar Clan Cabaret en Octubre.</h2>
<p>«Ocho apellidos manchegos» es un show en el que podrás ver el humor 100% manchego en todo su esplendor.</p>
<p>Cuatro grandes cómicos manchegos se unen para contar historias desde puntos de vista completamente diferentes ¡con su humor tan característico que no te dejará parar de reír!</p>
<p>¡Ven a disfrutar como nunca con Jesús Arenas, Juan Albiñana, Roberto Gontán y Fran Pati!</p>
<p><img decoding="async" class="aligncenter" src="/event_img/TKT162291_8-apellidos-manchegos-sabado-2-de-febrero-en-clan-cabaret_1.jpg" alt="8 apellidos manchegos" /></p>

<p>Vuelve el espectáculo «Ocho apellidos manchegos» después de llenar Clan Cabaret en Octubre. «Ocho apellidos manchegos» es un show en el que podrás ver el humor 100% manchego en todo su esplendor. Cuatro grandes cómicos manchegos se unen para contar historias desde puntos de vista completamente diferentes ¡con su humor tan característico que no te dejará parar de reír! ¡Ven a disfrutar como nunca con Jesús Arenas, Juan Albiñana, Roberto Gontán y Fran Pati!</p>

<!-- This site is optimized with the Yoast SEO plugin v27.4 - https://yoast.com/product/yoast-seo-wordpress/ -->
<title>&quot;8 apellidos manchegos&quot; - COSTA BLANCA UP</title>
<meta name="robots" content="index, follow, max-snippet:-1, max-image-preview:large, max-video-preview:-1" />
<link rel="canonical" href="https://costablancaup.com/es/class/8-apellidos-manchegos/" />
<meta property="og:locale" content="es_ES" />
<meta property="og:type" content="article" />
<meta property="og:title" content="&quot;8 apellidos manchegos&quot; - COSTA BLANCA UP" />
<meta property="og:description" content="Vuelve el espectáculo «Ocho apellidos manchegos» después de llenar Clan Cabaret en Octubre. «Ocho apellidos manchegos» es un show en el que podrás ver el humor 100% manchego en todo su esplendor. Cuatro grandes cómicos manchegos se unen para contar historias desde puntos de vista completamente diferentes ¡con su humor tan característico que no te dejará parar de reír! ¡Ven a disfrutar como nunca con Jesús Arenas, Juan Albiñana, Roberto Gontán y Fran Pati!" />
<meta property="og:url" content="https://costablancaup.com/es/class/8-apellidos-manchegos/" />
<meta property="og:site_name" content="COSTA BLANCA UP" />
<meta property="og:image" content="https://costablancaup.com/event_img/TKT162291_8-apellidos-manchegos-sabado-2-de-febrero-en-clan-cabaret_1.jpg" />
<meta name="twitter:card" content="summary_large_image" />
<script type="application/ld+json" class="yoast-schema-graph">{"@context":"https:\/\/schema.org","@graph":[{"@type":"WebPage","@id":"https:\/\/costablancaup.com\/es\/class\/8-apellidos-manchegos\/","url":"https:\/\/costablancaup.com\/es\/class\/8-apellidos-manchegos\/","name":"\"8 apellidos manchegos\" - COSTA BLANCA UP","isPartOf":{"@id":"https:\/\/costablancaup.com\/es\/#website"},"datePublished":"2018-11-08T15:53:01+00:00","breadcrumb":{"@id":"https:\/\/costablancaup.com\/es\/class\/8-apellidos-manchegos\/#breadcrumb"},"inLanguage":"es","potentialAction":[{"@type":"ReadAction","target":["https:\/\/costablancaup.com\/es\/class\/8-apellidos-manchegos\/"]}]},{"@type":"BreadcrumbList","@id":"https:\/\/costablancaup.com\/es\/class\/8-apellidos-manchegos\/#breadcrumb","itemListElement":[{"@type":"ListItem","position":1,"name":"Home","item":"https:\/\/costablancaup.com\/es\/"},{"@type":"ListItem","position":2,"name":"«8 apellidos manchegos»"}]},{"@type":"WebSite","@id":"https:\/\/costablancaup.com\/es\/#website","url":"https:\/\/costablancaup.com\/es\/","name":"COSTA BLANCA UP","description":"Costa Blanca Events and Agenda","publisher":{"@id":"https:\/\/costablancaup.com\/es\/#organization"},"potentialAction":[{"@type":"SearchAction","target":{"@type":"EntryPoint","urlTemplate":"https:\/\/costablancaup.com\/es\/?s={search_term_string}"},"query-input":{"@type":"PropertyValueSpecification","valueRequired":true,"valueName":"search_term_string"}}],"inLanguage":"es"},{"@type":"Organization","@id":"https:\/\/costablancaup.com\/es\/#organization","name":"Costa Blanca Up","url":"https:\/\/costablancaup.com\/es\/","logo":{"@type":"ImageObject","inLanguage":"es","@id":"https:\/\/costablancaup.com\/es\/#\/schema\/logo\/image\/","url":"https:\/\/costablancaup.com\/wp-content\/uploads\/2018\/07\/titulo_web-1.png","contentUrl":"https:\/\/costablancaup.com\/wp-content\/uploads\/2018\/07\/titulo_web-1.png","width":1973,"height":303,"caption":"Costa Blanca Up"},"image":{"@id":"https:\/\/costablancaup.com\/es\/#\/schema\/logo\/image\/"}}]}</script>
<!-- / Yoast SEO plugin. -->

Vuelve el espectáculo «Ocho apellidos manchegos» después de llenar Clan Cabaret en Octubre. «Ocho apellidos manchegos» es un show en el que podrás ver el humor 100% manchego en todo su esplendor. Cuatro grandes cómicos manchegos se unen para contar historias desde puntos de vista completamente diferentes ¡con su humor tan característico que no te dejará parar de reír! ¡Ven a disfrutar como nunca con Jesús Arenas, Juan Albiñana, Roberto Gontán y Fran Pati!
