{"id":20269,"date":"2018-12-11T14:10:02","date_gmt":"2018-12-11T13:10:02","guid":{"rendered":"https:\/\/costablancaup.com\/?post_type=class&#038;p=20269"},"modified":"2018-12-11T14:10:02","modified_gmt":"2018-12-11T13:10:02","slug":"dorian-justicia-universal","status":"publish","type":"class","link":"https:\/\/costablancaup.com\/es\/class\/dorian-justicia-universal\/","title":{"rendered":"Dorian: \u00abJusticia Universal\u00bb"},"content":{"rendered":"<h2>DORIAN presenta Justicia Universal en Valencia<\/h2>\n<p>Val\u00e8ncia &#8211; Sala Moon Valencia<br \/>Carrer de Sant Vicent M\u00e0rtir, 200, 46007 Val\u00e8ncia, Valencia, Espa\u00f1a<br \/>15\/12\/2018<br \/>21:00<\/p>\n<p>El \u00faltimo trabajo de <em>Dorian<\/em>, \u00abJusticia Universal\u00bb, es un \u00e1lbum ambicioso, en el consiguen renovar su trabajo con t\u00e9cnicas de producci\u00f3n de m\u00fasica electr\u00f3nica sin abandonar su se\u00f1a de identidad. Con un tono m\u00e1s reflexivo y reflejando en sus letras el clima social y cultural que se vive en un mundo volcado en una sociedad de consumo, la banda ha trabajado m\u00e1s de doce meses consiguiendo un resultado cargado de grandes \u00e9xitos.<\/p>\n","protected":false},"excerpt":{"rendered":"<p>DORIAN presenta Justicia Universal en Valencia Val\u00e8ncia &#8211; Sala Moon ValenciaCarrer de Sant Vicent M\u00e0rtir, 200, 46007 Val\u00e8ncia, Valencia, Espa\u00f1a15\/12\/201821:00 El \u00faltimo trabajo de Dorian, \u00abJusticia Universal\u00bb, es un \u00e1lbum ambicioso, en el consiguen renovar su trabajo con t\u00e9cnicas de producci\u00f3n de m\u00fasica electr\u00f3nica sin abandonar su se\u00f1a de identidad. Con un tono m\u00e1s reflexivo y reflejando en sus letras el clima social y cultural que se vive en un mundo volcado en una sociedad de consumo, la banda ha trabajado m\u00e1s de doce meses consiguiendo un resultado cargado de grandes \u00e9xitos.<\/p>\n","protected":false},"template":"","meta":[],"wcs-type":[5046],"wcs-room":[5316],"wcs-instructor":[],"class_list":["post-20269","class","type-class","status-publish","hentry","wcs-type-musica","wcs-room-valencia-sala-moon-valencia"],"yoast_head":"<!-- This site is optimized with the Yoast SEO plugin v27.4 - https:\/\/yoast.com\/product\/yoast-seo-wordpress\/ -->\n<title>Dorian: &quot;Justicia Universal&quot; - COSTA BLANCA UP<\/title>\n<meta name=\"robots\" content=\"index, follow, max-snippet:-1, max-image-preview:large, max-video-preview:-1\" \/>\n<link rel=\"canonical\" href=\"https:\/\/costablancaup.com\/es\/class\/dorian-justicia-universal\/\" \/>\n<meta property=\"og:locale\" content=\"es_ES\" \/>\n<meta property=\"og:type\" content=\"article\" \/>\n<meta property=\"og:title\" content=\"Dorian: &quot;Justicia Universal&quot; - COSTA BLANCA UP\" \/>\n<meta property=\"og:description\" content=\"DORIAN presenta Justicia Universal en Valencia Val\u00e8ncia &#8211; Sala Moon ValenciaCarrer de Sant Vicent M\u00e0rtir, 200, 46007 Val\u00e8ncia, Valencia, Espa\u00f1a15\/12\/201821:00 El \u00faltimo trabajo de Dorian, \u00abJusticia Universal\u00bb, es un \u00e1lbum ambicioso, en el consiguen renovar su trabajo con t\u00e9cnicas de producci\u00f3n de m\u00fasica electr\u00f3nica sin abandonar su se\u00f1a de identidad. Con un tono m\u00e1s reflexivo y reflejando en sus letras el clima social y cultural que se vive en un mundo volcado en una sociedad de consumo, la banda ha trabajado m\u00e1s de doce meses consiguiendo un resultado cargado de grandes \u00e9xitos.\" \/>\n<meta property=\"og:url\" content=\"https:\/\/costablancaup.com\/es\/class\/dorian-justicia-universal\/\" \/>\n<meta property=\"og:site_name\" content=\"COSTA BLANCA UP\" \/>\n<meta name=\"twitter:card\" content=\"summary_large_image\" \/>\n<meta name=\"twitter:label1\" content=\"Tiempo de lectura\" \/>\n\t<meta name=\"twitter:data1\" content=\"1 minuto\" \/>\n<script type=\"application\/ld+json\" class=\"yoast-schema-graph\">{\"@context\":\"https:\\\/\\\/schema.org\",\"@graph\":[{\"@type\":\"WebPage\",\"@id\":\"https:\\\/\\\/costablancaup.com\\\/es\\\/class\\\/dorian-justicia-universal\\\/\",\"url\":\"https:\\\/\\\/costablancaup.com\\\/es\\\/class\\\/dorian-justicia-universal\\\/\",\"name\":\"Dorian: \\\"Justicia Universal\\\" - COSTA BLANCA UP\",\"isPartOf\":{\"@id\":\"https:\\\/\\\/costablancaup.com\\\/es\\\/#website\"},\"datePublished\":\"2018-12-11T13:10:02+00:00\",\"breadcrumb\":{\"@id\":\"https:\\\/\\\/costablancaup.com\\\/es\\\/class\\\/dorian-justicia-universal\\\/#breadcrumb\"},\"inLanguage\":\"es\",\"potentialAction\":[{\"@type\":\"ReadAction\",\"target\":[\"https:\\\/\\\/costablancaup.com\\\/es\\\/class\\\/dorian-justicia-universal\\\/\"]}]},{\"@type\":\"BreadcrumbList\",\"@id\":\"https:\\\/\\\/costablancaup.com\\\/es\\\/class\\\/dorian-justicia-universal\\\/#breadcrumb\",\"itemListElement\":[{\"@type\":\"ListItem\",\"position\":1,\"name\":\"Home\",\"item\":\"https:\\\/\\\/costablancaup.com\\\/es\\\/\"},{\"@type\":\"ListItem\",\"position\":2,\"name\":\"Dorian: \u00abJusticia Universal\u00bb\"}]},{\"@type\":\"WebSite\",\"@id\":\"https:\\\/\\\/costablancaup.com\\\/es\\\/#website\",\"url\":\"https:\\\/\\\/costablancaup.com\\\/es\\\/\",\"name\":\"COSTA BLANCA UP\",\"description\":\"Costa Blanca Events and Agenda\",\"publisher\":{\"@id\":\"https:\\\/\\\/costablancaup.com\\\/es\\\/#organization\"},\"potentialAction\":[{\"@type\":\"SearchAction\",\"target\":{\"@type\":\"EntryPoint\",\"urlTemplate\":\"https:\\\/\\\/costablancaup.com\\\/es\\\/?s={search_term_string}\"},\"query-input\":{\"@type\":\"PropertyValueSpecification\",\"valueRequired\":true,\"valueName\":\"search_term_string\"}}],\"inLanguage\":\"es\"},{\"@type\":\"Organization\",\"@id\":\"https:\\\/\\\/costablancaup.com\\\/es\\\/#organization\",\"name\":\"Costa Blanca Up\",\"url\":\"https:\\\/\\\/costablancaup.com\\\/es\\\/\",\"logo\":{\"@type\":\"ImageObject\",\"inLanguage\":\"es\",\"@id\":\"https:\\\/\\\/costablancaup.com\\\/es\\\/#\\\/schema\\\/logo\\\/image\\\/\",\"url\":\"https:\\\/\\\/costablancaup.com\\\/wp-content\\\/uploads\\\/2018\\\/07\\\/titulo_web-1.png\",\"contentUrl\":\"https:\\\/\\\/costablancaup.com\\\/wp-content\\\/uploads\\\/2018\\\/07\\\/titulo_web-1.png\",\"width\":1973,\"height\":303,\"caption\":\"Costa Blanca Up\"},\"image\":{\"@id\":\"https:\\\/\\\/costablancaup.com\\\/es\\\/#\\\/schema\\\/logo\\\/image\\\/\"}}]}<\/script>\n<!-- \/ Yoast SEO plugin. -->","yoast_head_json":{"title":"Dorian: \"Justicia Universal\" - COSTA BLANCA UP","robots":{"index":"index","follow":"follow","max-snippet":"max-snippet:-1","max-image-preview":"max-image-preview:large","max-video-preview":"max-video-preview:-1"},"canonical":"https:\/\/costablancaup.com\/es\/class\/dorian-justicia-universal\/","og_locale":"es_ES","og_type":"article","og_title":"Dorian: \"Justicia Universal\" - COSTA BLANCA UP","og_description":"DORIAN presenta Justicia Universal en Valencia Val\u00e8ncia &#8211; Sala Moon ValenciaCarrer de Sant Vicent M\u00e0rtir, 200, 46007 Val\u00e8ncia, Valencia, Espa\u00f1a15\/12\/201821:00 El \u00faltimo trabajo de Dorian, \u00abJusticia Universal\u00bb, es un \u00e1lbum ambicioso, en el consiguen renovar su trabajo con t\u00e9cnicas de producci\u00f3n de m\u00fasica electr\u00f3nica sin abandonar su se\u00f1a de identidad. Con un tono m\u00e1s reflexivo y reflejando en sus letras el clima social y cultural que se vive en un mundo volcado en una sociedad de consumo, la banda ha trabajado m\u00e1s de doce meses consiguiendo un resultado cargado de grandes \u00e9xitos.","og_url":"https:\/\/costablancaup.com\/es\/class\/dorian-justicia-universal\/","og_site_name":"COSTA BLANCA UP","twitter_card":"summary_large_image","twitter_misc":{"Tiempo de lectura":"1 minuto"},"schema":{"@context":"https:\/\/schema.org","@graph":[{"@type":"WebPage","@id":"https:\/\/costablancaup.com\/es\/class\/dorian-justicia-universal\/","url":"https:\/\/costablancaup.com\/es\/class\/dorian-justicia-universal\/","name":"Dorian: \"Justicia Universal\" - COSTA BLANCA UP","isPartOf":{"@id":"https:\/\/costablancaup.com\/es\/#website"},"datePublished":"2018-12-11T13:10:02+00:00","breadcrumb":{"@id":"https:\/\/costablancaup.com\/es\/class\/dorian-justicia-universal\/#breadcrumb"},"inLanguage":"es","potentialAction":[{"@type":"ReadAction","target":["https:\/\/costablancaup.com\/es\/class\/dorian-justicia-universal\/"]}]},{"@type":"BreadcrumbList","@id":"https:\/\/costablancaup.com\/es\/class\/dorian-justicia-universal\/#breadcrumb","itemListElement":[{"@type":"ListItem","position":1,"name":"Home","item":"https:\/\/costablancaup.com\/es\/"},{"@type":"ListItem","position":2,"name":"Dorian: \u00abJusticia Universal\u00bb"}]},{"@type":"WebSite","@id":"https:\/\/costablancaup.com\/es\/#website","url":"https:\/\/costablancaup.com\/es\/","name":"COSTA BLANCA UP","description":"Costa Blanca Events and Agenda","publisher":{"@id":"https:\/\/costablancaup.com\/es\/#organization"},"potentialAction":[{"@type":"SearchAction","target":{"@type":"EntryPoint","urlTemplate":"https:\/\/costablancaup.com\/es\/?s={search_term_string}"},"query-input":{"@type":"PropertyValueSpecification","valueRequired":true,"valueName":"search_term_string"}}],"inLanguage":"es"},{"@type":"Organization","@id":"https:\/\/costablancaup.com\/es\/#organization","name":"Costa Blanca Up","url":"https:\/\/costablancaup.com\/es\/","logo":{"@type":"ImageObject","inLanguage":"es","@id":"https:\/\/costablancaup.com\/es\/#\/schema\/logo\/image\/","url":"https:\/\/costablancaup.com\/wp-content\/uploads\/2018\/07\/titulo_web-1.png","contentUrl":"https:\/\/costablancaup.com\/wp-content\/uploads\/2018\/07\/titulo_web-1.png","width":1973,"height":303,"caption":"Costa Blanca Up"},"image":{"@id":"https:\/\/costablancaup.com\/es\/#\/schema\/logo\/image\/"}}]}},"_links":{"self":[{"href":"https:\/\/costablancaup.com\/es\/wp-json\/wp\/v2\/class\/20269","targetHints":{"allow":["GET"]}}],"collection":[{"href":"https:\/\/costablancaup.com\/es\/wp-json\/wp\/v2\/class"}],"about":[{"href":"https:\/\/costablancaup.com\/es\/wp-json\/wp\/v2\/types\/class"}],"wp:attachment":[{"href":"https:\/\/costablancaup.com\/es\/wp-json\/wp\/v2\/media?parent=20269"}],"wp:term":[{"taxonomy":"wcs-type","embeddable":true,"href":"https:\/\/costablancaup.com\/es\/wp-json\/wp\/v2\/wcs-type?post=20269"},{"taxonomy":"wcs-room","embeddable":true,"href":"https:\/\/costablancaup.com\/es\/wp-json\/wp\/v2\/wcs-room?post=20269"},{"taxonomy":"wcs-instructor","embeddable":true,"href":"https:\/\/costablancaup.com\/es\/wp-json\/wp\/v2\/wcs-instructor?post=20269"}],"curies":[{"name":"wp","href":"https:\/\/api.w.org\/{rel}","templated":true}]}}

<h2>DORIAN presenta Justicia Universal en Valencia</h2>
<p>València &#8211; Sala Moon Valencia<br />Carrer de Sant Vicent Màrtir, 200, 46007 València, Valencia, España<br />15/12/2018<br />21:00</p>
<p>El último trabajo de <em>Dorian</em>, «Justicia Universal», es un álbum ambicioso, en el consiguen renovar su trabajo con técnicas de producción de música electrónica sin abandonar su seña de identidad. Con un tono más reflexivo y reflejando en sus letras el clima social y cultural que se vive en un mundo volcado en una sociedad de consumo, la banda ha trabajado más de doce meses consiguiendo un resultado cargado de grandes éxitos.</p>

<p>DORIAN presenta Justicia Universal en Valencia València &#8211; Sala Moon ValenciaCarrer de Sant Vicent Màrtir, 200, 46007 València, Valencia, España15/12/201821:00 El último trabajo de Dorian, «Justicia Universal», es un álbum ambicioso, en el consiguen renovar su trabajo con técnicas de producción de música electrónica sin abandonar su seña de identidad. Con un tono más reflexivo y reflejando en sus letras el clima social y cultural que se vive en un mundo volcado en una sociedad de consumo, la banda ha trabajado más de doce meses consiguiendo un resultado cargado de grandes éxitos.</p>

<!-- This site is optimized with the Yoast SEO plugin v27.4 - https://yoast.com/product/yoast-seo-wordpress/ -->
<title>Dorian: &quot;Justicia Universal&quot; - COSTA BLANCA UP</title>
<meta name="robots" content="index, follow, max-snippet:-1, max-image-preview:large, max-video-preview:-1" />
<link rel="canonical" href="https://costablancaup.com/es/class/dorian-justicia-universal/" />
<meta property="og:locale" content="es_ES" />
<meta property="og:type" content="article" />
<meta property="og:title" content="Dorian: &quot;Justicia Universal&quot; - COSTA BLANCA UP" />
<meta property="og:description" content="DORIAN presenta Justicia Universal en Valencia València &#8211; Sala Moon ValenciaCarrer de Sant Vicent Màrtir, 200, 46007 València, Valencia, España15/12/201821:00 El último trabajo de Dorian, «Justicia Universal», es un álbum ambicioso, en el consiguen renovar su trabajo con técnicas de producción de música electrónica sin abandonar su seña de identidad. Con un tono más reflexivo y reflejando en sus letras el clima social y cultural que se vive en un mundo volcado en una sociedad de consumo, la banda ha trabajado más de doce meses consiguiendo un resultado cargado de grandes éxitos." />
<meta property="og:url" content="https://costablancaup.com/es/class/dorian-justicia-universal/" />
<meta property="og:site_name" content="COSTA BLANCA UP" />
<meta name="twitter:card" content="summary_large_image" />
<meta name="twitter:label1" content="Tiempo de lectura" />
	<meta name="twitter:data1" content="1 minuto" />
<script type="application/ld+json" class="yoast-schema-graph">{"@context":"https:\/\/schema.org","@graph":[{"@type":"WebPage","@id":"https:\/\/costablancaup.com\/es\/class\/dorian-justicia-universal\/","url":"https:\/\/costablancaup.com\/es\/class\/dorian-justicia-universal\/","name":"Dorian: \"Justicia Universal\" - COSTA BLANCA UP","isPartOf":{"@id":"https:\/\/costablancaup.com\/es\/#website"},"datePublished":"2018-12-11T13:10:02+00:00","breadcrumb":{"@id":"https:\/\/costablancaup.com\/es\/class\/dorian-justicia-universal\/#breadcrumb"},"inLanguage":"es","potentialAction":[{"@type":"ReadAction","target":["https:\/\/costablancaup.com\/es\/class\/dorian-justicia-universal\/"]}]},{"@type":"BreadcrumbList","@id":"https:\/\/costablancaup.com\/es\/class\/dorian-justicia-universal\/#breadcrumb","itemListElement":[{"@type":"ListItem","position":1,"name":"Home","item":"https:\/\/costablancaup.com\/es\/"},{"@type":"ListItem","position":2,"name":"Dorian: «Justicia Universal»"}]},{"@type":"WebSite","@id":"https:\/\/costablancaup.com\/es\/#website","url":"https:\/\/costablancaup.com\/es\/","name":"COSTA BLANCA UP","description":"Costa Blanca Events and Agenda","publisher":{"@id":"https:\/\/costablancaup.com\/es\/#organization"},"potentialAction":[{"@type":"SearchAction","target":{"@type":"EntryPoint","urlTemplate":"https:\/\/costablancaup.com\/es\/?s={search_term_string}"},"query-input":{"@type":"PropertyValueSpecification","valueRequired":true,"valueName":"search_term_string"}}],"inLanguage":"es"},{"@type":"Organization","@id":"https:\/\/costablancaup.com\/es\/#organization","name":"Costa Blanca Up","url":"https:\/\/costablancaup.com\/es\/","logo":{"@type":"ImageObject","inLanguage":"es","@id":"https:\/\/costablancaup.com\/es\/#\/schema\/logo\/image\/","url":"https:\/\/costablancaup.com\/wp-content\/uploads\/2018\/07\/titulo_web-1.png","contentUrl":"https:\/\/costablancaup.com\/wp-content\/uploads\/2018\/07\/titulo_web-1.png","width":1973,"height":303,"caption":"Costa Blanca Up"},"image":{"@id":"https:\/\/costablancaup.com\/es\/#\/schema\/logo\/image\/"}}]}</script>
<!-- / Yoast SEO plugin. -->

DORIAN presenta Justicia Universal en Valencia València &#8211; Sala Moon ValenciaCarrer de Sant Vicent Màrtir, 200, 46007 València, Valencia, España15/12/201821:00 El último trabajo de Dorian, «Justicia Universal», es un álbum ambicioso, en el consiguen renovar su trabajo con técnicas de producción de música electrónica sin abandonar su seña de identidad. Con un tono más reflexivo y reflejando en sus letras el clima social y cultural que se vive en un mundo volcado en una sociedad de consumo, la banda ha trabajado más de doce meses consiguiendo un resultado cargado de grandes éxitos.
