{"id":20340,"date":"2018-12-14T12:25:21","date_gmt":"2018-12-14T11:25:21","guid":{"rendered":"https:\/\/costablancaup.com\/?post_type=class&#038;p=20340"},"modified":"2018-12-14T12:25:21","modified_gmt":"2018-12-14T11:25:21","slug":"la-habitacion-roja-memoria","status":"publish","type":"class","link":"https:\/\/costablancaup.com\/es\/class\/la-habitacion-roja-memoria\/","title":{"rendered":"La Habitaci\u00f3n Roja: \u00abMemoria\u00bb"},"content":{"rendered":"<h2>LA HABITACI\u00d3N ROJA<\/h2>\n<p>Elda &#8211; Sala Texola<br \/>Calle de Pedrito Rico, 42, 03600 Elda, Alicante, Espa\u00f1a<br \/>21\/12\/2018<br \/>22:00<\/p>\n<p>El grupo contin\u00faa la gira de presentaci\u00f3n de su \u00faltimo disco \u00abMemoria\u00bb en un concierto en el que nos delitar\u00e1n con todos sus \u00e9xitos.<\/p>\n<p>El de <em>La Habitaci\u00f3n Roja<\/em> es uno de los mejores ejemplos posibles de carrera de fondo en la historia de la m\u00fasica popular en Espa\u00f1a. Veinte a\u00f1os publicando discos y singles de forma regular, con una coherencia y constancia que ha provocado que cada disco suponga un paso m\u00e1s hacia el altar de los cl\u00e1sicos. <\/p>\n","protected":false},"excerpt":{"rendered":"<p>LA HABITACI\u00d3N ROJA Elda &#8211; Sala TexolaCalle de Pedrito Rico, 42, 03600 Elda, Alicante, Espa\u00f1a21\/12\/201822:00 El grupo contin\u00faa la gira de presentaci\u00f3n de su \u00faltimo disco \u00abMemoria\u00bb en un concierto en el que nos delitar\u00e1n con todos sus \u00e9xitos. El de La Habitaci\u00f3n Roja es uno de los mejores ejemplos posibles de carrera de fondo en la historia de la m\u00fasica popular en Espa\u00f1a. Veinte a\u00f1os publicando discos y singles de forma regular, con una coherencia y constancia que ha provocado que cada disco suponga un paso m\u00e1s hacia el altar de los cl\u00e1sicos.<\/p>\n","protected":false},"template":"","meta":[],"wcs-type":[5046],"wcs-room":[5632],"wcs-instructor":[],"class_list":["post-20340","class","type-class","status-publish","hentry","wcs-type-musica","wcs-room-elda-sala-texola"],"yoast_head":"<!-- This site is optimized with the Yoast SEO plugin v27.4 - https:\/\/yoast.com\/product\/yoast-seo-wordpress\/ -->\n<title>La Habitaci\u00f3n Roja: &quot;Memoria&quot; - COSTA BLANCA UP<\/title>\n<meta name=\"robots\" content=\"index, follow, max-snippet:-1, max-image-preview:large, max-video-preview:-1\" \/>\n<link rel=\"canonical\" href=\"https:\/\/costablancaup.com\/es\/class\/la-habitacion-roja-memoria\/\" \/>\n<meta property=\"og:locale\" content=\"es_ES\" \/>\n<meta property=\"og:type\" content=\"article\" \/>\n<meta property=\"og:title\" content=\"La Habitaci\u00f3n Roja: &quot;Memoria&quot; - COSTA BLANCA UP\" \/>\n<meta property=\"og:description\" content=\"LA HABITACI\u00d3N ROJA Elda &#8211; Sala TexolaCalle de Pedrito Rico, 42, 03600 Elda, Alicante, Espa\u00f1a21\/12\/201822:00 El grupo contin\u00faa la gira de presentaci\u00f3n de su \u00faltimo disco \u00abMemoria\u00bb en un concierto en el que nos delitar\u00e1n con todos sus \u00e9xitos. El de La Habitaci\u00f3n Roja es uno de los mejores ejemplos posibles de carrera de fondo en la historia de la m\u00fasica popular en Espa\u00f1a. Veinte a\u00f1os publicando discos y singles de forma regular, con una coherencia y constancia que ha provocado que cada disco suponga un paso m\u00e1s hacia el altar de los cl\u00e1sicos.\" \/>\n<meta property=\"og:url\" content=\"https:\/\/costablancaup.com\/es\/class\/la-habitacion-roja-memoria\/\" \/>\n<meta property=\"og:site_name\" content=\"COSTA BLANCA UP\" \/>\n<meta name=\"twitter:card\" content=\"summary_large_image\" \/>\n<meta name=\"twitter:label1\" content=\"Tiempo de lectura\" \/>\n\t<meta name=\"twitter:data1\" content=\"1 minuto\" \/>\n<script type=\"application\/ld+json\" class=\"yoast-schema-graph\">{\"@context\":\"https:\\\/\\\/schema.org\",\"@graph\":[{\"@type\":\"WebPage\",\"@id\":\"https:\\\/\\\/costablancaup.com\\\/es\\\/class\\\/la-habitacion-roja-memoria\\\/\",\"url\":\"https:\\\/\\\/costablancaup.com\\\/es\\\/class\\\/la-habitacion-roja-memoria\\\/\",\"name\":\"La Habitaci\u00f3n Roja: \\\"Memoria\\\" - COSTA BLANCA UP\",\"isPartOf\":{\"@id\":\"https:\\\/\\\/costablancaup.com\\\/es\\\/#website\"},\"datePublished\":\"2018-12-14T11:25:21+00:00\",\"breadcrumb\":{\"@id\":\"https:\\\/\\\/costablancaup.com\\\/es\\\/class\\\/la-habitacion-roja-memoria\\\/#breadcrumb\"},\"inLanguage\":\"es\",\"potentialAction\":[{\"@type\":\"ReadAction\",\"target\":[\"https:\\\/\\\/costablancaup.com\\\/es\\\/class\\\/la-habitacion-roja-memoria\\\/\"]}]},{\"@type\":\"BreadcrumbList\",\"@id\":\"https:\\\/\\\/costablancaup.com\\\/es\\\/class\\\/la-habitacion-roja-memoria\\\/#breadcrumb\",\"itemListElement\":[{\"@type\":\"ListItem\",\"position\":1,\"name\":\"Home\",\"item\":\"https:\\\/\\\/costablancaup.com\\\/es\\\/\"},{\"@type\":\"ListItem\",\"position\":2,\"name\":\"La Habitaci\u00f3n Roja: &#171;Memoria&#187;\"}]},{\"@type\":\"WebSite\",\"@id\":\"https:\\\/\\\/costablancaup.com\\\/es\\\/#website\",\"url\":\"https:\\\/\\\/costablancaup.com\\\/es\\\/\",\"name\":\"COSTA BLANCA UP\",\"description\":\"Costa Blanca Events and Agenda\",\"publisher\":{\"@id\":\"https:\\\/\\\/costablancaup.com\\\/es\\\/#organization\"},\"potentialAction\":[{\"@type\":\"SearchAction\",\"target\":{\"@type\":\"EntryPoint\",\"urlTemplate\":\"https:\\\/\\\/costablancaup.com\\\/es\\\/?s={search_term_string}\"},\"query-input\":{\"@type\":\"PropertyValueSpecification\",\"valueRequired\":true,\"valueName\":\"search_term_string\"}}],\"inLanguage\":\"es\"},{\"@type\":\"Organization\",\"@id\":\"https:\\\/\\\/costablancaup.com\\\/es\\\/#organization\",\"name\":\"Costa Blanca Up\",\"url\":\"https:\\\/\\\/costablancaup.com\\\/es\\\/\",\"logo\":{\"@type\":\"ImageObject\",\"inLanguage\":\"es\",\"@id\":\"https:\\\/\\\/costablancaup.com\\\/es\\\/#\\\/schema\\\/logo\\\/image\\\/\",\"url\":\"https:\\\/\\\/costablancaup.com\\\/wp-content\\\/uploads\\\/2018\\\/07\\\/titulo_web-1.png\",\"contentUrl\":\"https:\\\/\\\/costablancaup.com\\\/wp-content\\\/uploads\\\/2018\\\/07\\\/titulo_web-1.png\",\"width\":1973,\"height\":303,\"caption\":\"Costa Blanca Up\"},\"image\":{\"@id\":\"https:\\\/\\\/costablancaup.com\\\/es\\\/#\\\/schema\\\/logo\\\/image\\\/\"}}]}<\/script>\n<!-- \/ Yoast SEO plugin. -->","yoast_head_json":{"title":"La Habitaci\u00f3n Roja: \"Memoria\" - COSTA BLANCA UP","robots":{"index":"index","follow":"follow","max-snippet":"max-snippet:-1","max-image-preview":"max-image-preview:large","max-video-preview":"max-video-preview:-1"},"canonical":"https:\/\/costablancaup.com\/es\/class\/la-habitacion-roja-memoria\/","og_locale":"es_ES","og_type":"article","og_title":"La Habitaci\u00f3n Roja: \"Memoria\" - COSTA BLANCA UP","og_description":"LA HABITACI\u00d3N ROJA Elda &#8211; Sala TexolaCalle de Pedrito Rico, 42, 03600 Elda, Alicante, Espa\u00f1a21\/12\/201822:00 El grupo contin\u00faa la gira de presentaci\u00f3n de su \u00faltimo disco \u00abMemoria\u00bb en un concierto en el que nos delitar\u00e1n con todos sus \u00e9xitos. El de La Habitaci\u00f3n Roja es uno de los mejores ejemplos posibles de carrera de fondo en la historia de la m\u00fasica popular en Espa\u00f1a. Veinte a\u00f1os publicando discos y singles de forma regular, con una coherencia y constancia que ha provocado que cada disco suponga un paso m\u00e1s hacia el altar de los cl\u00e1sicos.","og_url":"https:\/\/costablancaup.com\/es\/class\/la-habitacion-roja-memoria\/","og_site_name":"COSTA BLANCA UP","twitter_card":"summary_large_image","twitter_misc":{"Tiempo de lectura":"1 minuto"},"schema":{"@context":"https:\/\/schema.org","@graph":[{"@type":"WebPage","@id":"https:\/\/costablancaup.com\/es\/class\/la-habitacion-roja-memoria\/","url":"https:\/\/costablancaup.com\/es\/class\/la-habitacion-roja-memoria\/","name":"La Habitaci\u00f3n Roja: \"Memoria\" - COSTA BLANCA UP","isPartOf":{"@id":"https:\/\/costablancaup.com\/es\/#website"},"datePublished":"2018-12-14T11:25:21+00:00","breadcrumb":{"@id":"https:\/\/costablancaup.com\/es\/class\/la-habitacion-roja-memoria\/#breadcrumb"},"inLanguage":"es","potentialAction":[{"@type":"ReadAction","target":["https:\/\/costablancaup.com\/es\/class\/la-habitacion-roja-memoria\/"]}]},{"@type":"BreadcrumbList","@id":"https:\/\/costablancaup.com\/es\/class\/la-habitacion-roja-memoria\/#breadcrumb","itemListElement":[{"@type":"ListItem","position":1,"name":"Home","item":"https:\/\/costablancaup.com\/es\/"},{"@type":"ListItem","position":2,"name":"La Habitaci\u00f3n Roja: &#171;Memoria&#187;"}]},{"@type":"WebSite","@id":"https:\/\/costablancaup.com\/es\/#website","url":"https:\/\/costablancaup.com\/es\/","name":"COSTA BLANCA UP","description":"Costa Blanca Events and Agenda","publisher":{"@id":"https:\/\/costablancaup.com\/es\/#organization"},"potentialAction":[{"@type":"SearchAction","target":{"@type":"EntryPoint","urlTemplate":"https:\/\/costablancaup.com\/es\/?s={search_term_string}"},"query-input":{"@type":"PropertyValueSpecification","valueRequired":true,"valueName":"search_term_string"}}],"inLanguage":"es"},{"@type":"Organization","@id":"https:\/\/costablancaup.com\/es\/#organization","name":"Costa Blanca Up","url":"https:\/\/costablancaup.com\/es\/","logo":{"@type":"ImageObject","inLanguage":"es","@id":"https:\/\/costablancaup.com\/es\/#\/schema\/logo\/image\/","url":"https:\/\/costablancaup.com\/wp-content\/uploads\/2018\/07\/titulo_web-1.png","contentUrl":"https:\/\/costablancaup.com\/wp-content\/uploads\/2018\/07\/titulo_web-1.png","width":1973,"height":303,"caption":"Costa Blanca Up"},"image":{"@id":"https:\/\/costablancaup.com\/es\/#\/schema\/logo\/image\/"}}]}},"_links":{"self":[{"href":"https:\/\/costablancaup.com\/es\/wp-json\/wp\/v2\/class\/20340","targetHints":{"allow":["GET"]}}],"collection":[{"href":"https:\/\/costablancaup.com\/es\/wp-json\/wp\/v2\/class"}],"about":[{"href":"https:\/\/costablancaup.com\/es\/wp-json\/wp\/v2\/types\/class"}],"wp:attachment":[{"href":"https:\/\/costablancaup.com\/es\/wp-json\/wp\/v2\/media?parent=20340"}],"wp:term":[{"taxonomy":"wcs-type","embeddable":true,"href":"https:\/\/costablancaup.com\/es\/wp-json\/wp\/v2\/wcs-type?post=20340"},{"taxonomy":"wcs-room","embeddable":true,"href":"https:\/\/costablancaup.com\/es\/wp-json\/wp\/v2\/wcs-room?post=20340"},{"taxonomy":"wcs-instructor","embeddable":true,"href":"https:\/\/costablancaup.com\/es\/wp-json\/wp\/v2\/wcs-instructor?post=20340"}],"curies":[{"name":"wp","href":"https:\/\/api.w.org\/{rel}","templated":true}]}}

La Habitación Roja: «Memoria»

<h2>LA HABITACIÓN ROJA</h2>
<p>Elda &#8211; Sala Texola<br />Calle de Pedrito Rico, 42, 03600 Elda, Alicante, España<br />21/12/2018<br />22:00</p>
<p>El grupo continúa la gira de presentación de su último disco «Memoria» en un concierto en el que nos delitarán con todos sus éxitos.</p>
<p>El de <em>La Habitación Roja</em> es uno de los mejores ejemplos posibles de carrera de fondo en la historia de la música popular en España. Veinte años publicando discos y singles de forma regular, con una coherencia y constancia que ha provocado que cada disco suponga un paso más hacia el altar de los clásicos. </p>

<p>LA HABITACIÓN ROJA Elda &#8211; Sala TexolaCalle de Pedrito Rico, 42, 03600 Elda, Alicante, España21/12/201822:00 El grupo continúa la gira de presentación de su último disco «Memoria» en un concierto en el que nos delitarán con todos sus éxitos. El de La Habitación Roja es uno de los mejores ejemplos posibles de carrera de fondo en la historia de la música popular en España. Veinte años publicando discos y singles de forma regular, con una coherencia y constancia que ha provocado que cada disco suponga un paso más hacia el altar de los clásicos.</p>

<!-- This site is optimized with the Yoast SEO plugin v27.4 - https://yoast.com/product/yoast-seo-wordpress/ -->
<title>La Habitación Roja: &quot;Memoria&quot; - COSTA BLANCA UP</title>
<meta name="robots" content="index, follow, max-snippet:-1, max-image-preview:large, max-video-preview:-1" />
<link rel="canonical" href="https://costablancaup.com/es/class/la-habitacion-roja-memoria/" />
<meta property="og:locale" content="es_ES" />
<meta property="og:type" content="article" />
<meta property="og:title" content="La Habitación Roja: &quot;Memoria&quot; - COSTA BLANCA UP" />
<meta property="og:description" content="LA HABITACIÓN ROJA Elda &#8211; Sala TexolaCalle de Pedrito Rico, 42, 03600 Elda, Alicante, España21/12/201822:00 El grupo continúa la gira de presentación de su último disco «Memoria» en un concierto en el que nos delitarán con todos sus éxitos. El de La Habitación Roja es uno de los mejores ejemplos posibles de carrera de fondo en la historia de la música popular en España. Veinte años publicando discos y singles de forma regular, con una coherencia y constancia que ha provocado que cada disco suponga un paso más hacia el altar de los clásicos." />
<meta property="og:url" content="https://costablancaup.com/es/class/la-habitacion-roja-memoria/" />
<meta property="og:site_name" content="COSTA BLANCA UP" />
<meta name="twitter:card" content="summary_large_image" />
<meta name="twitter:label1" content="Tiempo de lectura" />
	<meta name="twitter:data1" content="1 minuto" />
<script type="application/ld+json" class="yoast-schema-graph">{"@context":"https:\/\/schema.org","@graph":[{"@type":"WebPage","@id":"https:\/\/costablancaup.com\/es\/class\/la-habitacion-roja-memoria\/","url":"https:\/\/costablancaup.com\/es\/class\/la-habitacion-roja-memoria\/","name":"La Habitación Roja: \"Memoria\" - COSTA BLANCA UP","isPartOf":{"@id":"https:\/\/costablancaup.com\/es\/#website"},"datePublished":"2018-12-14T11:25:21+00:00","breadcrumb":{"@id":"https:\/\/costablancaup.com\/es\/class\/la-habitacion-roja-memoria\/#breadcrumb"},"inLanguage":"es","potentialAction":[{"@type":"ReadAction","target":["https:\/\/costablancaup.com\/es\/class\/la-habitacion-roja-memoria\/"]}]},{"@type":"BreadcrumbList","@id":"https:\/\/costablancaup.com\/es\/class\/la-habitacion-roja-memoria\/#breadcrumb","itemListElement":[{"@type":"ListItem","position":1,"name":"Home","item":"https:\/\/costablancaup.com\/es\/"},{"@type":"ListItem","position":2,"name":"La Habitación Roja: &#171;Memoria&#187;"}]},{"@type":"WebSite","@id":"https:\/\/costablancaup.com\/es\/#website","url":"https:\/\/costablancaup.com\/es\/","name":"COSTA BLANCA UP","description":"Costa Blanca Events and Agenda","publisher":{"@id":"https:\/\/costablancaup.com\/es\/#organization"},"potentialAction":[{"@type":"SearchAction","target":{"@type":"EntryPoint","urlTemplate":"https:\/\/costablancaup.com\/es\/?s={search_term_string}"},"query-input":{"@type":"PropertyValueSpecification","valueRequired":true,"valueName":"search_term_string"}}],"inLanguage":"es"},{"@type":"Organization","@id":"https:\/\/costablancaup.com\/es\/#organization","name":"Costa Blanca Up","url":"https:\/\/costablancaup.com\/es\/","logo":{"@type":"ImageObject","inLanguage":"es","@id":"https:\/\/costablancaup.com\/es\/#\/schema\/logo\/image\/","url":"https:\/\/costablancaup.com\/wp-content\/uploads\/2018\/07\/titulo_web-1.png","contentUrl":"https:\/\/costablancaup.com\/wp-content\/uploads\/2018\/07\/titulo_web-1.png","width":1973,"height":303,"caption":"Costa Blanca Up"},"image":{"@id":"https:\/\/costablancaup.com\/es\/#\/schema\/logo\/image\/"}}]}</script>
<!-- / Yoast SEO plugin. -->

La Habitación Roja: "Memoria" - COSTA BLANCA UP

LA HABITACIÓN ROJA Elda &#8211; Sala TexolaCalle de Pedrito Rico, 42, 03600 Elda, Alicante, España21/12/201822:00 El grupo continúa la gira de presentación de su último disco «Memoria» en un concierto en el que nos delitarán con todos sus éxitos. El de La Habitación Roja es uno de los mejores ejemplos posibles de carrera de fondo en la historia de la música popular en España. Veinte años publicando discos y singles de forma regular, con una coherencia y constancia que ha provocado que cada disco suponga un paso más hacia el altar de los clásicos.

La Habitación Roja: &#171;Memoria&#187;
