{"id":20353,"date":"2018-12-14T13:15:38","date_gmt":"2018-12-14T12:15:38","guid":{"rendered":"https:\/\/costablancaup.com\/?post_type=class&#038;p=20353"},"modified":"2018-12-14T13:15:38","modified_gmt":"2018-12-14T12:15:38","slug":"sfa-concierto-extraordinario-de-navidad","status":"publish","type":"class","link":"https:\/\/costablancaup.com\/es\/class\/sfa-concierto-extraordinario-de-navidad\/","title":{"rendered":"SFA: \u00abConcierto extraordinario de Navidad\u00bb"},"content":{"rendered":"<h2>Concierto extraordinario de Navidad, en Altea<\/h2>\n<p>Altea &#8211; Palau Altea<br \/>C\/ Alcoy , 18<br \/>22\/12\/2018<br \/>20:30<\/p>\n<p>La banda sinf\u00f3nica de la Sociedad Filarm\u00f3nica Alteanense, como cada v\u00edspera de Nochebuena, nos ofrecer\u00e1 el tradicional Concierto de Navidad. <\/p>\n<p>En el concierto tambi\u00e9n participar\u00e1 el coro infantil de alumnos de la Escuela de M\u00fasica y Danza de Altea y el Conservatorio Municipal.<\/p>\n","protected":false},"excerpt":{"rendered":"<p>Concierto extraordinario de Navidad, en Altea Altea &#8211; Palau AlteaC\/ Alcoy , 1822\/12\/201820:30 La banda sinf\u00f3nica de la Sociedad Filarm\u00f3nica Alteanense, como cada v\u00edspera de Nochebuena, nos ofrecer\u00e1 el tradicional Concierto de Navidad. En el concierto tambi\u00e9n participar\u00e1 el coro infantil de alumnos de la Escuela de M\u00fasica y Danza de Altea y el Conservatorio Municipal.<\/p>\n","protected":false},"template":"","meta":[],"wcs-type":[5046],"wcs-room":[5576],"wcs-instructor":[],"class_list":["post-20353","class","type-class","status-publish","hentry","wcs-type-musica","wcs-room-altea-palau-altea"],"yoast_head":"<!-- This site is optimized with the Yoast SEO plugin v27.4 - https:\/\/yoast.com\/product\/yoast-seo-wordpress\/ -->\n<title>SFA: &quot;Concierto extraordinario de Navidad&quot; - COSTA BLANCA UP<\/title>\n<meta name=\"robots\" content=\"index, follow, max-snippet:-1, max-image-preview:large, max-video-preview:-1\" \/>\n<link rel=\"canonical\" href=\"https:\/\/costablancaup.com\/es\/class\/sfa-concierto-extraordinario-de-navidad\/\" \/>\n<meta property=\"og:locale\" content=\"es_ES\" \/>\n<meta property=\"og:type\" content=\"article\" \/>\n<meta property=\"og:title\" content=\"SFA: &quot;Concierto extraordinario de Navidad&quot; - COSTA BLANCA UP\" \/>\n<meta property=\"og:description\" content=\"Concierto extraordinario de Navidad, en Altea Altea &#8211; Palau AlteaC\/ Alcoy , 1822\/12\/201820:30 La banda sinf\u00f3nica de la Sociedad Filarm\u00f3nica Alteanense, como cada v\u00edspera de Nochebuena, nos ofrecer\u00e1 el tradicional Concierto de Navidad. En el concierto tambi\u00e9n participar\u00e1 el coro infantil de alumnos de la Escuela de M\u00fasica y Danza de Altea y el Conservatorio Municipal.\" \/>\n<meta property=\"og:url\" content=\"https:\/\/costablancaup.com\/es\/class\/sfa-concierto-extraordinario-de-navidad\/\" \/>\n<meta property=\"og:site_name\" content=\"COSTA BLANCA UP\" \/>\n<meta name=\"twitter:card\" content=\"summary_large_image\" \/>\n<script type=\"application\/ld+json\" class=\"yoast-schema-graph\">{\"@context\":\"https:\\\/\\\/schema.org\",\"@graph\":[{\"@type\":\"WebPage\",\"@id\":\"https:\\\/\\\/costablancaup.com\\\/es\\\/class\\\/sfa-concierto-extraordinario-de-navidad\\\/\",\"url\":\"https:\\\/\\\/costablancaup.com\\\/es\\\/class\\\/sfa-concierto-extraordinario-de-navidad\\\/\",\"name\":\"SFA: \\\"Concierto extraordinario de Navidad\\\" - COSTA BLANCA UP\",\"isPartOf\":{\"@id\":\"https:\\\/\\\/costablancaup.com\\\/es\\\/#website\"},\"datePublished\":\"2018-12-14T12:15:38+00:00\",\"breadcrumb\":{\"@id\":\"https:\\\/\\\/costablancaup.com\\\/es\\\/class\\\/sfa-concierto-extraordinario-de-navidad\\\/#breadcrumb\"},\"inLanguage\":\"es\",\"potentialAction\":[{\"@type\":\"ReadAction\",\"target\":[\"https:\\\/\\\/costablancaup.com\\\/es\\\/class\\\/sfa-concierto-extraordinario-de-navidad\\\/\"]}]},{\"@type\":\"BreadcrumbList\",\"@id\":\"https:\\\/\\\/costablancaup.com\\\/es\\\/class\\\/sfa-concierto-extraordinario-de-navidad\\\/#breadcrumb\",\"itemListElement\":[{\"@type\":\"ListItem\",\"position\":1,\"name\":\"Home\",\"item\":\"https:\\\/\\\/costablancaup.com\\\/es\\\/\"},{\"@type\":\"ListItem\",\"position\":2,\"name\":\"SFA: &#171;Concierto extraordinario de Navidad&#187;\"}]},{\"@type\":\"WebSite\",\"@id\":\"https:\\\/\\\/costablancaup.com\\\/es\\\/#website\",\"url\":\"https:\\\/\\\/costablancaup.com\\\/es\\\/\",\"name\":\"COSTA BLANCA UP\",\"description\":\"Costa Blanca Events and Agenda\",\"publisher\":{\"@id\":\"https:\\\/\\\/costablancaup.com\\\/es\\\/#organization\"},\"potentialAction\":[{\"@type\":\"SearchAction\",\"target\":{\"@type\":\"EntryPoint\",\"urlTemplate\":\"https:\\\/\\\/costablancaup.com\\\/es\\\/?s={search_term_string}\"},\"query-input\":{\"@type\":\"PropertyValueSpecification\",\"valueRequired\":true,\"valueName\":\"search_term_string\"}}],\"inLanguage\":\"es\"},{\"@type\":\"Organization\",\"@id\":\"https:\\\/\\\/costablancaup.com\\\/es\\\/#organization\",\"name\":\"Costa Blanca Up\",\"url\":\"https:\\\/\\\/costablancaup.com\\\/es\\\/\",\"logo\":{\"@type\":\"ImageObject\",\"inLanguage\":\"es\",\"@id\":\"https:\\\/\\\/costablancaup.com\\\/es\\\/#\\\/schema\\\/logo\\\/image\\\/\",\"url\":\"https:\\\/\\\/costablancaup.com\\\/wp-content\\\/uploads\\\/2018\\\/07\\\/titulo_web-1.png\",\"contentUrl\":\"https:\\\/\\\/costablancaup.com\\\/wp-content\\\/uploads\\\/2018\\\/07\\\/titulo_web-1.png\",\"width\":1973,\"height\":303,\"caption\":\"Costa Blanca Up\"},\"image\":{\"@id\":\"https:\\\/\\\/costablancaup.com\\\/es\\\/#\\\/schema\\\/logo\\\/image\\\/\"}}]}<\/script>\n<!-- \/ Yoast SEO plugin. -->","yoast_head_json":{"title":"SFA: \"Concierto extraordinario de Navidad\" - COSTA BLANCA UP","robots":{"index":"index","follow":"follow","max-snippet":"max-snippet:-1","max-image-preview":"max-image-preview:large","max-video-preview":"max-video-preview:-1"},"canonical":"https:\/\/costablancaup.com\/es\/class\/sfa-concierto-extraordinario-de-navidad\/","og_locale":"es_ES","og_type":"article","og_title":"SFA: \"Concierto extraordinario de Navidad\" - COSTA BLANCA UP","og_description":"Concierto extraordinario de Navidad, en Altea Altea &#8211; Palau AlteaC\/ Alcoy , 1822\/12\/201820:30 La banda sinf\u00f3nica de la Sociedad Filarm\u00f3nica Alteanense, como cada v\u00edspera de Nochebuena, nos ofrecer\u00e1 el tradicional Concierto de Navidad. En el concierto tambi\u00e9n participar\u00e1 el coro infantil de alumnos de la Escuela de M\u00fasica y Danza de Altea y el Conservatorio Municipal.","og_url":"https:\/\/costablancaup.com\/es\/class\/sfa-concierto-extraordinario-de-navidad\/","og_site_name":"COSTA BLANCA UP","twitter_card":"summary_large_image","schema":{"@context":"https:\/\/schema.org","@graph":[{"@type":"WebPage","@id":"https:\/\/costablancaup.com\/es\/class\/sfa-concierto-extraordinario-de-navidad\/","url":"https:\/\/costablancaup.com\/es\/class\/sfa-concierto-extraordinario-de-navidad\/","name":"SFA: \"Concierto extraordinario de Navidad\" - COSTA BLANCA UP","isPartOf":{"@id":"https:\/\/costablancaup.com\/es\/#website"},"datePublished":"2018-12-14T12:15:38+00:00","breadcrumb":{"@id":"https:\/\/costablancaup.com\/es\/class\/sfa-concierto-extraordinario-de-navidad\/#breadcrumb"},"inLanguage":"es","potentialAction":[{"@type":"ReadAction","target":["https:\/\/costablancaup.com\/es\/class\/sfa-concierto-extraordinario-de-navidad\/"]}]},{"@type":"BreadcrumbList","@id":"https:\/\/costablancaup.com\/es\/class\/sfa-concierto-extraordinario-de-navidad\/#breadcrumb","itemListElement":[{"@type":"ListItem","position":1,"name":"Home","item":"https:\/\/costablancaup.com\/es\/"},{"@type":"ListItem","position":2,"name":"SFA: &#171;Concierto extraordinario de Navidad&#187;"}]},{"@type":"WebSite","@id":"https:\/\/costablancaup.com\/es\/#website","url":"https:\/\/costablancaup.com\/es\/","name":"COSTA BLANCA UP","description":"Costa Blanca Events and Agenda","publisher":{"@id":"https:\/\/costablancaup.com\/es\/#organization"},"potentialAction":[{"@type":"SearchAction","target":{"@type":"EntryPoint","urlTemplate":"https:\/\/costablancaup.com\/es\/?s={search_term_string}"},"query-input":{"@type":"PropertyValueSpecification","valueRequired":true,"valueName":"search_term_string"}}],"inLanguage":"es"},{"@type":"Organization","@id":"https:\/\/costablancaup.com\/es\/#organization","name":"Costa Blanca Up","url":"https:\/\/costablancaup.com\/es\/","logo":{"@type":"ImageObject","inLanguage":"es","@id":"https:\/\/costablancaup.com\/es\/#\/schema\/logo\/image\/","url":"https:\/\/costablancaup.com\/wp-content\/uploads\/2018\/07\/titulo_web-1.png","contentUrl":"https:\/\/costablancaup.com\/wp-content\/uploads\/2018\/07\/titulo_web-1.png","width":1973,"height":303,"caption":"Costa Blanca Up"},"image":{"@id":"https:\/\/costablancaup.com\/es\/#\/schema\/logo\/image\/"}}]}},"_links":{"self":[{"href":"https:\/\/costablancaup.com\/es\/wp-json\/wp\/v2\/class\/20353","targetHints":{"allow":["GET"]}}],"collection":[{"href":"https:\/\/costablancaup.com\/es\/wp-json\/wp\/v2\/class"}],"about":[{"href":"https:\/\/costablancaup.com\/es\/wp-json\/wp\/v2\/types\/class"}],"wp:attachment":[{"href":"https:\/\/costablancaup.com\/es\/wp-json\/wp\/v2\/media?parent=20353"}],"wp:term":[{"taxonomy":"wcs-type","embeddable":true,"href":"https:\/\/costablancaup.com\/es\/wp-json\/wp\/v2\/wcs-type?post=20353"},{"taxonomy":"wcs-room","embeddable":true,"href":"https:\/\/costablancaup.com\/es\/wp-json\/wp\/v2\/wcs-room?post=20353"},{"taxonomy":"wcs-instructor","embeddable":true,"href":"https:\/\/costablancaup.com\/es\/wp-json\/wp\/v2\/wcs-instructor?post=20353"}],"curies":[{"name":"wp","href":"https:\/\/api.w.org\/{rel}","templated":true}]}}

<h2>Concierto extraordinario de Navidad, en Altea</h2>
<p>Altea &#8211; Palau Altea<br />C/ Alcoy , 18<br />22/12/2018<br />20:30</p>
<p>La banda sinfónica de la Sociedad Filarmónica Alteanense, como cada víspera de Nochebuena, nos ofrecerá el tradicional Concierto de Navidad. </p>
<p>En el concierto también participará el coro infantil de alumnos de la Escuela de Música y Danza de Altea y el Conservatorio Municipal.</p>

<p>Concierto extraordinario de Navidad, en Altea Altea &#8211; Palau AlteaC/ Alcoy , 1822/12/201820:30 La banda sinfónica de la Sociedad Filarmónica Alteanense, como cada víspera de Nochebuena, nos ofrecerá el tradicional Concierto de Navidad. En el concierto también participará el coro infantil de alumnos de la Escuela de Música y Danza de Altea y el Conservatorio Municipal.</p>

<!-- This site is optimized with the Yoast SEO plugin v27.4 - https://yoast.com/product/yoast-seo-wordpress/ -->
<title>SFA: &quot;Concierto extraordinario de Navidad&quot; - COSTA BLANCA UP</title>
<meta name="robots" content="index, follow, max-snippet:-1, max-image-preview:large, max-video-preview:-1" />
<link rel="canonical" href="https://costablancaup.com/es/class/sfa-concierto-extraordinario-de-navidad/" />
<meta property="og:locale" content="es_ES" />
<meta property="og:type" content="article" />
<meta property="og:title" content="SFA: &quot;Concierto extraordinario de Navidad&quot; - COSTA BLANCA UP" />
<meta property="og:description" content="Concierto extraordinario de Navidad, en Altea Altea &#8211; Palau AlteaC/ Alcoy , 1822/12/201820:30 La banda sinfónica de la Sociedad Filarmónica Alteanense, como cada víspera de Nochebuena, nos ofrecerá el tradicional Concierto de Navidad. En el concierto también participará el coro infantil de alumnos de la Escuela de Música y Danza de Altea y el Conservatorio Municipal." />
<meta property="og:url" content="https://costablancaup.com/es/class/sfa-concierto-extraordinario-de-navidad/" />
<meta property="og:site_name" content="COSTA BLANCA UP" />
<meta name="twitter:card" content="summary_large_image" />
<script type="application/ld+json" class="yoast-schema-graph">{"@context":"https:\/\/schema.org","@graph":[{"@type":"WebPage","@id":"https:\/\/costablancaup.com\/es\/class\/sfa-concierto-extraordinario-de-navidad\/","url":"https:\/\/costablancaup.com\/es\/class\/sfa-concierto-extraordinario-de-navidad\/","name":"SFA: \"Concierto extraordinario de Navidad\" - COSTA BLANCA UP","isPartOf":{"@id":"https:\/\/costablancaup.com\/es\/#website"},"datePublished":"2018-12-14T12:15:38+00:00","breadcrumb":{"@id":"https:\/\/costablancaup.com\/es\/class\/sfa-concierto-extraordinario-de-navidad\/#breadcrumb"},"inLanguage":"es","potentialAction":[{"@type":"ReadAction","target":["https:\/\/costablancaup.com\/es\/class\/sfa-concierto-extraordinario-de-navidad\/"]}]},{"@type":"BreadcrumbList","@id":"https:\/\/costablancaup.com\/es\/class\/sfa-concierto-extraordinario-de-navidad\/#breadcrumb","itemListElement":[{"@type":"ListItem","position":1,"name":"Home","item":"https:\/\/costablancaup.com\/es\/"},{"@type":"ListItem","position":2,"name":"SFA: &#171;Concierto extraordinario de Navidad&#187;"}]},{"@type":"WebSite","@id":"https:\/\/costablancaup.com\/es\/#website","url":"https:\/\/costablancaup.com\/es\/","name":"COSTA BLANCA UP","description":"Costa Blanca Events and Agenda","publisher":{"@id":"https:\/\/costablancaup.com\/es\/#organization"},"potentialAction":[{"@type":"SearchAction","target":{"@type":"EntryPoint","urlTemplate":"https:\/\/costablancaup.com\/es\/?s={search_term_string}"},"query-input":{"@type":"PropertyValueSpecification","valueRequired":true,"valueName":"search_term_string"}}],"inLanguage":"es"},{"@type":"Organization","@id":"https:\/\/costablancaup.com\/es\/#organization","name":"Costa Blanca Up","url":"https:\/\/costablancaup.com\/es\/","logo":{"@type":"ImageObject","inLanguage":"es","@id":"https:\/\/costablancaup.com\/es\/#\/schema\/logo\/image\/","url":"https:\/\/costablancaup.com\/wp-content\/uploads\/2018\/07\/titulo_web-1.png","contentUrl":"https:\/\/costablancaup.com\/wp-content\/uploads\/2018\/07\/titulo_web-1.png","width":1973,"height":303,"caption":"Costa Blanca Up"},"image":{"@id":"https:\/\/costablancaup.com\/es\/#\/schema\/logo\/image\/"}}]}</script>
<!-- / Yoast SEO plugin. -->

Concierto extraordinario de Navidad, en Altea Altea &#8211; Palau AlteaC/ Alcoy , 1822/12/201820:30 La banda sinfónica de la Sociedad Filarmónica Alteanense, como cada víspera de Nochebuena, nos ofrecerá el tradicional Concierto de Navidad. En el concierto también participará el coro infantil de alumnos de la Escuela de Música y Danza de Altea y el Conservatorio Municipal.
