{"id":20358,"date":"2018-12-14T13:26:17","date_gmt":"2018-12-14T12:26:17","guid":{"rendered":"https:\/\/costablancaup.com\/?post_type=class&#038;p=20358"},"modified":"2018-12-14T13:26:17","modified_gmt":"2018-12-14T12:26:17","slug":"inc-campos-de-colores","status":"publish","type":"class","link":"https:\/\/costablancaup.com\/es\/class\/inc-campos-de-colores\/","title":{"rendered":"INC: \u00abCampos de Colores\u00bb"},"content":{"rendered":"<h2>INC presenta Campos de Colores en Valencia<\/h2>\n<p>Valencia &#8211; 16 Toneladas<br \/>Carrer de Ricardo Mic\u00f3, 3, 46009 Val\u00e8ncia, Valencia, Espa\u00f1a<br \/>22\/12\/2018<br \/>22:30<\/p>\n<p>Despu\u00e9s de m\u00e1s de 9 meses girando con su disco \u00abCampos de Colores\u00bb, <em>INC<\/em> cierra su gira con un especial en directo.<\/p>\n<p>\u00abCampos de Colores\u00bb sal\u00edo a la luz el pasado mes de Marzo y en pocos meses ha cautivado a gran parte de la cr\u00edtica musical a la vez que a un p\u00fablico de diversas edades. Su reminiscencias brit\u00e1nicas, letras ir\u00f3nicas y con garra pero sobre todo su imponente directo sit\u00faan al cuarteto valenciano como una de las bandas a seguir en los pr\u00f3ximos tiempos del Rock en Espa\u00f1a.<\/p>\n","protected":false},"excerpt":{"rendered":"<p>INC presenta Campos de Colores en Valencia Valencia &#8211; 16 ToneladasCarrer de Ricardo Mic\u00f3, 3, 46009 Val\u00e8ncia, Valencia, Espa\u00f1a22\/12\/201822:30 Despu\u00e9s de m\u00e1s de 9 meses girando con su disco \u00abCampos de Colores\u00bb, INC cierra su gira con un especial en directo. \u00abCampos de Colores\u00bb sal\u00edo a la luz el pasado mes de Marzo y en pocos meses ha cautivado a gran parte de la cr\u00edtica musical a la vez que a un p\u00fablico de diversas edades. Su reminiscencias brit\u00e1nicas, letras ir\u00f3nicas y con garra pero sobre todo su imponente directo sit\u00faan al cuarteto valenciano como una de las bandas a [&hellip;]<\/p>\n","protected":false},"template":"","meta":[],"wcs-type":[5046],"wcs-room":[5612],"wcs-instructor":[],"class_list":["post-20358","class","type-class","status-publish","hentry","wcs-type-musica","wcs-room-valencia-16-toneladas"],"yoast_head":"<!-- This site is optimized with the Yoast SEO plugin v27.4 - https:\/\/yoast.com\/product\/yoast-seo-wordpress\/ -->\n<title>INC: &quot;Campos de Colores&quot; - COSTA BLANCA UP<\/title>\n<meta name=\"robots\" content=\"index, follow, max-snippet:-1, max-image-preview:large, max-video-preview:-1\" \/>\n<link rel=\"canonical\" href=\"https:\/\/costablancaup.com\/es\/class\/inc-campos-de-colores\/\" \/>\n<meta property=\"og:locale\" content=\"es_ES\" \/>\n<meta property=\"og:type\" content=\"article\" \/>\n<meta property=\"og:title\" content=\"INC: &quot;Campos de Colores&quot; - COSTA BLANCA UP\" \/>\n<meta property=\"og:description\" content=\"INC presenta Campos de Colores en Valencia Valencia &#8211; 16 ToneladasCarrer de Ricardo Mic\u00f3, 3, 46009 Val\u00e8ncia, Valencia, Espa\u00f1a22\/12\/201822:30 Despu\u00e9s de m\u00e1s de 9 meses girando con su disco \u00abCampos de Colores\u00bb, INC cierra su gira con un especial en directo. \u00abCampos de Colores\u00bb sal\u00edo a la luz el pasado mes de Marzo y en pocos meses ha cautivado a gran parte de la cr\u00edtica musical a la vez que a un p\u00fablico de diversas edades. Su reminiscencias brit\u00e1nicas, letras ir\u00f3nicas y con garra pero sobre todo su imponente directo sit\u00faan al cuarteto valenciano como una de las bandas a [&hellip;]\" \/>\n<meta property=\"og:url\" content=\"https:\/\/costablancaup.com\/es\/class\/inc-campos-de-colores\/\" \/>\n<meta property=\"og:site_name\" content=\"COSTA BLANCA UP\" \/>\n<meta name=\"twitter:card\" content=\"summary_large_image\" \/>\n<meta name=\"twitter:label1\" content=\"Tiempo de lectura\" \/>\n\t<meta name=\"twitter:data1\" content=\"1 minuto\" \/>\n<script type=\"application\/ld+json\" class=\"yoast-schema-graph\">{\"@context\":\"https:\\\/\\\/schema.org\",\"@graph\":[{\"@type\":\"WebPage\",\"@id\":\"https:\\\/\\\/costablancaup.com\\\/es\\\/class\\\/inc-campos-de-colores\\\/\",\"url\":\"https:\\\/\\\/costablancaup.com\\\/es\\\/class\\\/inc-campos-de-colores\\\/\",\"name\":\"INC: \\\"Campos de Colores\\\" - COSTA BLANCA UP\",\"isPartOf\":{\"@id\":\"https:\\\/\\\/costablancaup.com\\\/es\\\/#website\"},\"datePublished\":\"2018-12-14T12:26:17+00:00\",\"breadcrumb\":{\"@id\":\"https:\\\/\\\/costablancaup.com\\\/es\\\/class\\\/inc-campos-de-colores\\\/#breadcrumb\"},\"inLanguage\":\"es\",\"potentialAction\":[{\"@type\":\"ReadAction\",\"target\":[\"https:\\\/\\\/costablancaup.com\\\/es\\\/class\\\/inc-campos-de-colores\\\/\"]}]},{\"@type\":\"BreadcrumbList\",\"@id\":\"https:\\\/\\\/costablancaup.com\\\/es\\\/class\\\/inc-campos-de-colores\\\/#breadcrumb\",\"itemListElement\":[{\"@type\":\"ListItem\",\"position\":1,\"name\":\"Home\",\"item\":\"https:\\\/\\\/costablancaup.com\\\/es\\\/\"},{\"@type\":\"ListItem\",\"position\":2,\"name\":\"INC: &#171;Campos de Colores&#187;\"}]},{\"@type\":\"WebSite\",\"@id\":\"https:\\\/\\\/costablancaup.com\\\/es\\\/#website\",\"url\":\"https:\\\/\\\/costablancaup.com\\\/es\\\/\",\"name\":\"COSTA BLANCA UP\",\"description\":\"Costa Blanca Events and Agenda\",\"publisher\":{\"@id\":\"https:\\\/\\\/costablancaup.com\\\/es\\\/#organization\"},\"potentialAction\":[{\"@type\":\"SearchAction\",\"target\":{\"@type\":\"EntryPoint\",\"urlTemplate\":\"https:\\\/\\\/costablancaup.com\\\/es\\\/?s={search_term_string}\"},\"query-input\":{\"@type\":\"PropertyValueSpecification\",\"valueRequired\":true,\"valueName\":\"search_term_string\"}}],\"inLanguage\":\"es\"},{\"@type\":\"Organization\",\"@id\":\"https:\\\/\\\/costablancaup.com\\\/es\\\/#organization\",\"name\":\"Costa Blanca Up\",\"url\":\"https:\\\/\\\/costablancaup.com\\\/es\\\/\",\"logo\":{\"@type\":\"ImageObject\",\"inLanguage\":\"es\",\"@id\":\"https:\\\/\\\/costablancaup.com\\\/es\\\/#\\\/schema\\\/logo\\\/image\\\/\",\"url\":\"https:\\\/\\\/costablancaup.com\\\/wp-content\\\/uploads\\\/2018\\\/07\\\/titulo_web-1.png\",\"contentUrl\":\"https:\\\/\\\/costablancaup.com\\\/wp-content\\\/uploads\\\/2018\\\/07\\\/titulo_web-1.png\",\"width\":1973,\"height\":303,\"caption\":\"Costa Blanca Up\"},\"image\":{\"@id\":\"https:\\\/\\\/costablancaup.com\\\/es\\\/#\\\/schema\\\/logo\\\/image\\\/\"}}]}<\/script>\n<!-- \/ Yoast SEO plugin. -->","yoast_head_json":{"title":"INC: \"Campos de Colores\" - COSTA BLANCA UP","robots":{"index":"index","follow":"follow","max-snippet":"max-snippet:-1","max-image-preview":"max-image-preview:large","max-video-preview":"max-video-preview:-1"},"canonical":"https:\/\/costablancaup.com\/es\/class\/inc-campos-de-colores\/","og_locale":"es_ES","og_type":"article","og_title":"INC: \"Campos de Colores\" - COSTA BLANCA UP","og_description":"INC presenta Campos de Colores en Valencia Valencia &#8211; 16 ToneladasCarrer de Ricardo Mic\u00f3, 3, 46009 Val\u00e8ncia, Valencia, Espa\u00f1a22\/12\/201822:30 Despu\u00e9s de m\u00e1s de 9 meses girando con su disco \u00abCampos de Colores\u00bb, INC cierra su gira con un especial en directo. \u00abCampos de Colores\u00bb sal\u00edo a la luz el pasado mes de Marzo y en pocos meses ha cautivado a gran parte de la cr\u00edtica musical a la vez que a un p\u00fablico de diversas edades. Su reminiscencias brit\u00e1nicas, letras ir\u00f3nicas y con garra pero sobre todo su imponente directo sit\u00faan al cuarteto valenciano como una de las bandas a [&hellip;]","og_url":"https:\/\/costablancaup.com\/es\/class\/inc-campos-de-colores\/","og_site_name":"COSTA BLANCA UP","twitter_card":"summary_large_image","twitter_misc":{"Tiempo de lectura":"1 minuto"},"schema":{"@context":"https:\/\/schema.org","@graph":[{"@type":"WebPage","@id":"https:\/\/costablancaup.com\/es\/class\/inc-campos-de-colores\/","url":"https:\/\/costablancaup.com\/es\/class\/inc-campos-de-colores\/","name":"INC: \"Campos de Colores\" - COSTA BLANCA UP","isPartOf":{"@id":"https:\/\/costablancaup.com\/es\/#website"},"datePublished":"2018-12-14T12:26:17+00:00","breadcrumb":{"@id":"https:\/\/costablancaup.com\/es\/class\/inc-campos-de-colores\/#breadcrumb"},"inLanguage":"es","potentialAction":[{"@type":"ReadAction","target":["https:\/\/costablancaup.com\/es\/class\/inc-campos-de-colores\/"]}]},{"@type":"BreadcrumbList","@id":"https:\/\/costablancaup.com\/es\/class\/inc-campos-de-colores\/#breadcrumb","itemListElement":[{"@type":"ListItem","position":1,"name":"Home","item":"https:\/\/costablancaup.com\/es\/"},{"@type":"ListItem","position":2,"name":"INC: &#171;Campos de Colores&#187;"}]},{"@type":"WebSite","@id":"https:\/\/costablancaup.com\/es\/#website","url":"https:\/\/costablancaup.com\/es\/","name":"COSTA BLANCA UP","description":"Costa Blanca Events and Agenda","publisher":{"@id":"https:\/\/costablancaup.com\/es\/#organization"},"potentialAction":[{"@type":"SearchAction","target":{"@type":"EntryPoint","urlTemplate":"https:\/\/costablancaup.com\/es\/?s={search_term_string}"},"query-input":{"@type":"PropertyValueSpecification","valueRequired":true,"valueName":"search_term_string"}}],"inLanguage":"es"},{"@type":"Organization","@id":"https:\/\/costablancaup.com\/es\/#organization","name":"Costa Blanca Up","url":"https:\/\/costablancaup.com\/es\/","logo":{"@type":"ImageObject","inLanguage":"es","@id":"https:\/\/costablancaup.com\/es\/#\/schema\/logo\/image\/","url":"https:\/\/costablancaup.com\/wp-content\/uploads\/2018\/07\/titulo_web-1.png","contentUrl":"https:\/\/costablancaup.com\/wp-content\/uploads\/2018\/07\/titulo_web-1.png","width":1973,"height":303,"caption":"Costa Blanca Up"},"image":{"@id":"https:\/\/costablancaup.com\/es\/#\/schema\/logo\/image\/"}}]}},"_links":{"self":[{"href":"https:\/\/costablancaup.com\/es\/wp-json\/wp\/v2\/class\/20358","targetHints":{"allow":["GET"]}}],"collection":[{"href":"https:\/\/costablancaup.com\/es\/wp-json\/wp\/v2\/class"}],"about":[{"href":"https:\/\/costablancaup.com\/es\/wp-json\/wp\/v2\/types\/class"}],"wp:attachment":[{"href":"https:\/\/costablancaup.com\/es\/wp-json\/wp\/v2\/media?parent=20358"}],"wp:term":[{"taxonomy":"wcs-type","embeddable":true,"href":"https:\/\/costablancaup.com\/es\/wp-json\/wp\/v2\/wcs-type?post=20358"},{"taxonomy":"wcs-room","embeddable":true,"href":"https:\/\/costablancaup.com\/es\/wp-json\/wp\/v2\/wcs-room?post=20358"},{"taxonomy":"wcs-instructor","embeddable":true,"href":"https:\/\/costablancaup.com\/es\/wp-json\/wp\/v2\/wcs-instructor?post=20358"}],"curies":[{"name":"wp","href":"https:\/\/api.w.org\/{rel}","templated":true}]}}

<h2>INC presenta Campos de Colores en Valencia</h2>
<p>Valencia &#8211; 16 Toneladas<br />Carrer de Ricardo Micó, 3, 46009 València, Valencia, España<br />22/12/2018<br />22:30</p>
<p>Después de más de 9 meses girando con su disco «Campos de Colores», <em>INC</em> cierra su gira con un especial en directo.</p>
<p>«Campos de Colores» salío a la luz el pasado mes de Marzo y en pocos meses ha cautivado a gran parte de la crítica musical a la vez que a un público de diversas edades. Su reminiscencias británicas, letras irónicas y con garra pero sobre todo su imponente directo sitúan al cuarteto valenciano como una de las bandas a seguir en los próximos tiempos del Rock en España.</p>

<p>INC presenta Campos de Colores en Valencia Valencia &#8211; 16 ToneladasCarrer de Ricardo Micó, 3, 46009 València, Valencia, España22/12/201822:30 Después de más de 9 meses girando con su disco «Campos de Colores», INC cierra su gira con un especial en directo. «Campos de Colores» salío a la luz el pasado mes de Marzo y en pocos meses ha cautivado a gran parte de la crítica musical a la vez que a un público de diversas edades. Su reminiscencias británicas, letras irónicas y con garra pero sobre todo su imponente directo sitúan al cuarteto valenciano como una de las bandas a [&hellip;]</p>

<!-- This site is optimized with the Yoast SEO plugin v27.4 - https://yoast.com/product/yoast-seo-wordpress/ -->
<title>INC: &quot;Campos de Colores&quot; - COSTA BLANCA UP</title>
<meta name="robots" content="index, follow, max-snippet:-1, max-image-preview:large, max-video-preview:-1" />
<link rel="canonical" href="https://costablancaup.com/es/class/inc-campos-de-colores/" />
<meta property="og:locale" content="es_ES" />
<meta property="og:type" content="article" />
<meta property="og:title" content="INC: &quot;Campos de Colores&quot; - COSTA BLANCA UP" />
<meta property="og:description" content="INC presenta Campos de Colores en Valencia Valencia &#8211; 16 ToneladasCarrer de Ricardo Micó, 3, 46009 València, Valencia, España22/12/201822:30 Después de más de 9 meses girando con su disco «Campos de Colores», INC cierra su gira con un especial en directo. «Campos de Colores» salío a la luz el pasado mes de Marzo y en pocos meses ha cautivado a gran parte de la crítica musical a la vez que a un público de diversas edades. Su reminiscencias británicas, letras irónicas y con garra pero sobre todo su imponente directo sitúan al cuarteto valenciano como una de las bandas a [&hellip;]" />
<meta property="og:url" content="https://costablancaup.com/es/class/inc-campos-de-colores/" />
<meta property="og:site_name" content="COSTA BLANCA UP" />
<meta name="twitter:card" content="summary_large_image" />
<meta name="twitter:label1" content="Tiempo de lectura" />
	<meta name="twitter:data1" content="1 minuto" />
<script type="application/ld+json" class="yoast-schema-graph">{"@context":"https:\/\/schema.org","@graph":[{"@type":"WebPage","@id":"https:\/\/costablancaup.com\/es\/class\/inc-campos-de-colores\/","url":"https:\/\/costablancaup.com\/es\/class\/inc-campos-de-colores\/","name":"INC: \"Campos de Colores\" - COSTA BLANCA UP","isPartOf":{"@id":"https:\/\/costablancaup.com\/es\/#website"},"datePublished":"2018-12-14T12:26:17+00:00","breadcrumb":{"@id":"https:\/\/costablancaup.com\/es\/class\/inc-campos-de-colores\/#breadcrumb"},"inLanguage":"es","potentialAction":[{"@type":"ReadAction","target":["https:\/\/costablancaup.com\/es\/class\/inc-campos-de-colores\/"]}]},{"@type":"BreadcrumbList","@id":"https:\/\/costablancaup.com\/es\/class\/inc-campos-de-colores\/#breadcrumb","itemListElement":[{"@type":"ListItem","position":1,"name":"Home","item":"https:\/\/costablancaup.com\/es\/"},{"@type":"ListItem","position":2,"name":"INC: &#171;Campos de Colores&#187;"}]},{"@type":"WebSite","@id":"https:\/\/costablancaup.com\/es\/#website","url":"https:\/\/costablancaup.com\/es\/","name":"COSTA BLANCA UP","description":"Costa Blanca Events and Agenda","publisher":{"@id":"https:\/\/costablancaup.com\/es\/#organization"},"potentialAction":[{"@type":"SearchAction","target":{"@type":"EntryPoint","urlTemplate":"https:\/\/costablancaup.com\/es\/?s={search_term_string}"},"query-input":{"@type":"PropertyValueSpecification","valueRequired":true,"valueName":"search_term_string"}}],"inLanguage":"es"},{"@type":"Organization","@id":"https:\/\/costablancaup.com\/es\/#organization","name":"Costa Blanca Up","url":"https:\/\/costablancaup.com\/es\/","logo":{"@type":"ImageObject","inLanguage":"es","@id":"https:\/\/costablancaup.com\/es\/#\/schema\/logo\/image\/","url":"https:\/\/costablancaup.com\/wp-content\/uploads\/2018\/07\/titulo_web-1.png","contentUrl":"https:\/\/costablancaup.com\/wp-content\/uploads\/2018\/07\/titulo_web-1.png","width":1973,"height":303,"caption":"Costa Blanca Up"},"image":{"@id":"https:\/\/costablancaup.com\/es\/#\/schema\/logo\/image\/"}}]}</script>
<!-- / Yoast SEO plugin. -->

INC presenta Campos de Colores en Valencia Valencia &#8211; 16 ToneladasCarrer de Ricardo Micó, 3, 46009 València, Valencia, España22/12/201822:30 Después de más de 9 meses girando con su disco «Campos de Colores», INC cierra su gira con un especial en directo. «Campos de Colores» salío a la luz el pasado mes de Marzo y en pocos meses ha cautivado a gran parte de la crítica musical a la vez que a un público de diversas edades. Su reminiscencias británicas, letras irónicas y con garra pero sobre todo su imponente directo sitúan al cuarteto valenciano como una de las bandas a [&hellip;]
