{"id":20711,"date":"2019-01-24T11:06:12","date_gmt":"2019-01-24T10:06:12","guid":{"rendered":"https:\/\/costablancaup.com\/?post_type=class&#038;p=20711"},"modified":"2019-01-24T11:07:55","modified_gmt":"2019-01-24T10:07:55","slug":"dani-martinez-ya-lo-digo-yo","status":"publish","type":"class","link":"https:\/\/costablancaup.com\/es\/class\/dani-martinez-ya-lo-digo-yo\/","title":{"rendered":"Dani Mart\u00ednez: \u00ab\u00a1Ya lo digo yo!\u00bb"},"content":{"rendered":"<h2>DANI MARTINEZ YA LO DIGO YO<\/h2>\n<p>Alicante &#8211; Aula CAM Alicante<br \/>Avda. Doctor Gadea, 1<br \/>23\/02\/2019<br \/>20:30<\/p>\n<p>El c\u00f3mico y presentador <em>Dani Mart\u00ednez<\/em> improvisa y nos hace re\u00edr sobre el escenario hablando de temas \u00abespinosos\u00bb.<\/p>\n<p>\u00ab\u00a1Ya lo digo yo!\u00bb es su nuevo espect\u00e1culo donde hay imitaciones, m\u00fasica, efectos visuales, una gran pantalla que nos va llevando de un tema a otro y, sobre todo, mucha mucha improvisaci\u00f3n. Como te habr\u00e1s dado cuenta, el t\u00edtulo es toda una declaraci\u00f3n de intenciones: no te preocupes por nada porque <em>Dani<\/em> ya se ocupa de gritar a los cuatro vientos lo que t\u00fa piensas pero no te atreves a expresar.<\/p>\n<p><img decoding=\"async\" class=\"aligncenter\" src=\"\/event_img\/TKT158781_dani-martinez-ya-lo-digo-yo-en-alicante_1.jpg\" alt=\"Dani Mart\u00ednez\" \/><\/p>\n","protected":false},"excerpt":{"rendered":"<p>DANI MARTINEZ YA LO DIGO YO Alicante &#8211; Aula CAM AlicanteAvda. Doctor Gadea, 123\/02\/201920:30 El c\u00f3mico y presentador Dani Mart\u00ednez improvisa y nos hace re\u00edr sobre el escenario hablando de temas \u00abespinosos\u00bb. \u00ab\u00a1Ya lo digo yo!\u00bb es su nuevo espect\u00e1culo donde hay imitaciones, m\u00fasica, efectos visuales, una gran pantalla que nos va llevando de un tema a otro y, sobre todo, mucha mucha improvisaci\u00f3n. Como te habr\u00e1s dado cuenta, el t\u00edtulo es toda una declaraci\u00f3n de intenciones: no te preocupes por nada porque Dani ya se ocupa de gritar a los cuatro vientos lo que t\u00fa piensas pero no te [&hellip;]<\/p>\n","protected":false},"template":"","meta":[],"wcs-type":[5356],"wcs-room":[5649],"wcs-instructor":[],"class_list":["post-20711","class","type-class","status-publish","hentry","wcs-type-monologos","wcs-room-alicante-aula-cam-alicante"],"yoast_head":"<!-- This site is optimized with the Yoast SEO plugin v27.4 - https:\/\/yoast.com\/product\/yoast-seo-wordpress\/ -->\n<title>Dani Mart\u00ednez: &quot;\u00a1Ya lo digo yo!&quot; - COSTA BLANCA UP<\/title>\n<meta name=\"robots\" content=\"index, follow, max-snippet:-1, max-image-preview:large, max-video-preview:-1\" \/>\n<link rel=\"canonical\" href=\"https:\/\/costablancaup.com\/es\/class\/dani-martinez-ya-lo-digo-yo\/\" \/>\n<meta property=\"og:locale\" content=\"es_ES\" \/>\n<meta property=\"og:type\" content=\"article\" \/>\n<meta property=\"og:title\" content=\"Dani Mart\u00ednez: &quot;\u00a1Ya lo digo yo!&quot; - COSTA BLANCA UP\" \/>\n<meta property=\"og:description\" content=\"DANI MARTINEZ YA LO DIGO YO Alicante &#8211; Aula CAM AlicanteAvda. Doctor Gadea, 123\/02\/201920:30 El c\u00f3mico y presentador Dani Mart\u00ednez improvisa y nos hace re\u00edr sobre el escenario hablando de temas \u00abespinosos\u00bb. \u00ab\u00a1Ya lo digo yo!\u00bb es su nuevo espect\u00e1culo donde hay imitaciones, m\u00fasica, efectos visuales, una gran pantalla que nos va llevando de un tema a otro y, sobre todo, mucha mucha improvisaci\u00f3n. Como te habr\u00e1s dado cuenta, el t\u00edtulo es toda una declaraci\u00f3n de intenciones: no te preocupes por nada porque Dani ya se ocupa de gritar a los cuatro vientos lo que t\u00fa piensas pero no te [&hellip;]\" \/>\n<meta property=\"og:url\" content=\"https:\/\/costablancaup.com\/es\/class\/dani-martinez-ya-lo-digo-yo\/\" \/>\n<meta property=\"og:site_name\" content=\"COSTA BLANCA UP\" \/>\n<meta property=\"article:modified_time\" content=\"2019-01-24T10:07:55+00:00\" \/>\n<meta property=\"og:image\" content=\"https:\/\/costablancaup.com\/event_img\/TKT158781_dani-martinez-ya-lo-digo-yo-en-alicante_1.jpg\" \/>\n<meta name=\"twitter:card\" content=\"summary_large_image\" \/>\n<meta name=\"twitter:label1\" content=\"Tiempo de lectura\" \/>\n\t<meta name=\"twitter:data1\" content=\"1 minuto\" \/>\n<script type=\"application\/ld+json\" class=\"yoast-schema-graph\">{\"@context\":\"https:\\\/\\\/schema.org\",\"@graph\":[{\"@type\":\"WebPage\",\"@id\":\"https:\\\/\\\/costablancaup.com\\\/es\\\/class\\\/dani-martinez-ya-lo-digo-yo\\\/\",\"url\":\"https:\\\/\\\/costablancaup.com\\\/es\\\/class\\\/dani-martinez-ya-lo-digo-yo\\\/\",\"name\":\"Dani Mart\u00ednez: \\\"\u00a1Ya lo digo yo!\\\" - COSTA BLANCA UP\",\"isPartOf\":{\"@id\":\"https:\\\/\\\/costablancaup.com\\\/es\\\/#website\"},\"datePublished\":\"2019-01-24T10:06:12+00:00\",\"dateModified\":\"2019-01-24T10:07:55+00:00\",\"breadcrumb\":{\"@id\":\"https:\\\/\\\/costablancaup.com\\\/es\\\/class\\\/dani-martinez-ya-lo-digo-yo\\\/#breadcrumb\"},\"inLanguage\":\"es\",\"potentialAction\":[{\"@type\":\"ReadAction\",\"target\":[\"https:\\\/\\\/costablancaup.com\\\/es\\\/class\\\/dani-martinez-ya-lo-digo-yo\\\/\"]}]},{\"@type\":\"BreadcrumbList\",\"@id\":\"https:\\\/\\\/costablancaup.com\\\/es\\\/class\\\/dani-martinez-ya-lo-digo-yo\\\/#breadcrumb\",\"itemListElement\":[{\"@type\":\"ListItem\",\"position\":1,\"name\":\"Home\",\"item\":\"https:\\\/\\\/costablancaup.com\\\/es\\\/\"},{\"@type\":\"ListItem\",\"position\":2,\"name\":\"Dani Mart\u00ednez: \u00ab\u00a1Ya lo digo yo!\u00bb\"}]},{\"@type\":\"WebSite\",\"@id\":\"https:\\\/\\\/costablancaup.com\\\/es\\\/#website\",\"url\":\"https:\\\/\\\/costablancaup.com\\\/es\\\/\",\"name\":\"COSTA BLANCA UP\",\"description\":\"Costa Blanca Events and Agenda\",\"publisher\":{\"@id\":\"https:\\\/\\\/costablancaup.com\\\/es\\\/#organization\"},\"potentialAction\":[{\"@type\":\"SearchAction\",\"target\":{\"@type\":\"EntryPoint\",\"urlTemplate\":\"https:\\\/\\\/costablancaup.com\\\/es\\\/?s={search_term_string}\"},\"query-input\":{\"@type\":\"PropertyValueSpecification\",\"valueRequired\":true,\"valueName\":\"search_term_string\"}}],\"inLanguage\":\"es\"},{\"@type\":\"Organization\",\"@id\":\"https:\\\/\\\/costablancaup.com\\\/es\\\/#organization\",\"name\":\"Costa Blanca Up\",\"url\":\"https:\\\/\\\/costablancaup.com\\\/es\\\/\",\"logo\":{\"@type\":\"ImageObject\",\"inLanguage\":\"es\",\"@id\":\"https:\\\/\\\/costablancaup.com\\\/es\\\/#\\\/schema\\\/logo\\\/image\\\/\",\"url\":\"https:\\\/\\\/costablancaup.com\\\/wp-content\\\/uploads\\\/2018\\\/07\\\/titulo_web-1.png\",\"contentUrl\":\"https:\\\/\\\/costablancaup.com\\\/wp-content\\\/uploads\\\/2018\\\/07\\\/titulo_web-1.png\",\"width\":1973,\"height\":303,\"caption\":\"Costa Blanca Up\"},\"image\":{\"@id\":\"https:\\\/\\\/costablancaup.com\\\/es\\\/#\\\/schema\\\/logo\\\/image\\\/\"}}]}<\/script>\n<!-- \/ Yoast SEO plugin. -->","yoast_head_json":{"title":"Dani Mart\u00ednez: \"\u00a1Ya lo digo yo!\" - COSTA BLANCA UP","robots":{"index":"index","follow":"follow","max-snippet":"max-snippet:-1","max-image-preview":"max-image-preview:large","max-video-preview":"max-video-preview:-1"},"canonical":"https:\/\/costablancaup.com\/es\/class\/dani-martinez-ya-lo-digo-yo\/","og_locale":"es_ES","og_type":"article","og_title":"Dani Mart\u00ednez: \"\u00a1Ya lo digo yo!\" - COSTA BLANCA UP","og_description":"DANI MARTINEZ YA LO DIGO YO Alicante &#8211; Aula CAM AlicanteAvda. Doctor Gadea, 123\/02\/201920:30 El c\u00f3mico y presentador Dani Mart\u00ednez improvisa y nos hace re\u00edr sobre el escenario hablando de temas \u00abespinosos\u00bb. \u00ab\u00a1Ya lo digo yo!\u00bb es su nuevo espect\u00e1culo donde hay imitaciones, m\u00fasica, efectos visuales, una gran pantalla que nos va llevando de un tema a otro y, sobre todo, mucha mucha improvisaci\u00f3n. Como te habr\u00e1s dado cuenta, el t\u00edtulo es toda una declaraci\u00f3n de intenciones: no te preocupes por nada porque Dani ya se ocupa de gritar a los cuatro vientos lo que t\u00fa piensas pero no te [&hellip;]","og_url":"https:\/\/costablancaup.com\/es\/class\/dani-martinez-ya-lo-digo-yo\/","og_site_name":"COSTA BLANCA UP","article_modified_time":"2019-01-24T10:07:55+00:00","og_image":[{"url":"https:\/\/costablancaup.com\/event_img\/TKT158781_dani-martinez-ya-lo-digo-yo-en-alicante_1.jpg","type":"","width":"","height":""}],"twitter_card":"summary_large_image","twitter_misc":{"Tiempo de lectura":"1 minuto"},"schema":{"@context":"https:\/\/schema.org","@graph":[{"@type":"WebPage","@id":"https:\/\/costablancaup.com\/es\/class\/dani-martinez-ya-lo-digo-yo\/","url":"https:\/\/costablancaup.com\/es\/class\/dani-martinez-ya-lo-digo-yo\/","name":"Dani Mart\u00ednez: \"\u00a1Ya lo digo yo!\" - COSTA BLANCA UP","isPartOf":{"@id":"https:\/\/costablancaup.com\/es\/#website"},"datePublished":"2019-01-24T10:06:12+00:00","dateModified":"2019-01-24T10:07:55+00:00","breadcrumb":{"@id":"https:\/\/costablancaup.com\/es\/class\/dani-martinez-ya-lo-digo-yo\/#breadcrumb"},"inLanguage":"es","potentialAction":[{"@type":"ReadAction","target":["https:\/\/costablancaup.com\/es\/class\/dani-martinez-ya-lo-digo-yo\/"]}]},{"@type":"BreadcrumbList","@id":"https:\/\/costablancaup.com\/es\/class\/dani-martinez-ya-lo-digo-yo\/#breadcrumb","itemListElement":[{"@type":"ListItem","position":1,"name":"Home","item":"https:\/\/costablancaup.com\/es\/"},{"@type":"ListItem","position":2,"name":"Dani Mart\u00ednez: \u00ab\u00a1Ya lo digo yo!\u00bb"}]},{"@type":"WebSite","@id":"https:\/\/costablancaup.com\/es\/#website","url":"https:\/\/costablancaup.com\/es\/","name":"COSTA BLANCA UP","description":"Costa Blanca Events and Agenda","publisher":{"@id":"https:\/\/costablancaup.com\/es\/#organization"},"potentialAction":[{"@type":"SearchAction","target":{"@type":"EntryPoint","urlTemplate":"https:\/\/costablancaup.com\/es\/?s={search_term_string}"},"query-input":{"@type":"PropertyValueSpecification","valueRequired":true,"valueName":"search_term_string"}}],"inLanguage":"es"},{"@type":"Organization","@id":"https:\/\/costablancaup.com\/es\/#organization","name":"Costa Blanca Up","url":"https:\/\/costablancaup.com\/es\/","logo":{"@type":"ImageObject","inLanguage":"es","@id":"https:\/\/costablancaup.com\/es\/#\/schema\/logo\/image\/","url":"https:\/\/costablancaup.com\/wp-content\/uploads\/2018\/07\/titulo_web-1.png","contentUrl":"https:\/\/costablancaup.com\/wp-content\/uploads\/2018\/07\/titulo_web-1.png","width":1973,"height":303,"caption":"Costa Blanca Up"},"image":{"@id":"https:\/\/costablancaup.com\/es\/#\/schema\/logo\/image\/"}}]}},"_links":{"self":[{"href":"https:\/\/costablancaup.com\/es\/wp-json\/wp\/v2\/class\/20711","targetHints":{"allow":["GET"]}}],"collection":[{"href":"https:\/\/costablancaup.com\/es\/wp-json\/wp\/v2\/class"}],"about":[{"href":"https:\/\/costablancaup.com\/es\/wp-json\/wp\/v2\/types\/class"}],"wp:attachment":[{"href":"https:\/\/costablancaup.com\/es\/wp-json\/wp\/v2\/media?parent=20711"}],"wp:term":[{"taxonomy":"wcs-type","embeddable":true,"href":"https:\/\/costablancaup.com\/es\/wp-json\/wp\/v2\/wcs-type?post=20711"},{"taxonomy":"wcs-room","embeddable":true,"href":"https:\/\/costablancaup.com\/es\/wp-json\/wp\/v2\/wcs-room?post=20711"},{"taxonomy":"wcs-instructor","embeddable":true,"href":"https:\/\/costablancaup.com\/es\/wp-json\/wp\/v2\/wcs-instructor?post=20711"}],"curies":[{"name":"wp","href":"https:\/\/api.w.org\/{rel}","templated":true}]}}

Dani Martínez: «¡Ya lo digo yo!»

<h2>DANI MARTINEZ YA LO DIGO YO</h2>
<p>Alicante &#8211; Aula CAM Alicante<br />Avda. Doctor Gadea, 1<br />23/02/2019<br />20:30</p>
<p>El cómico y presentador <em>Dani Martínez</em> improvisa y nos hace reír sobre el escenario hablando de temas «espinosos».</p>
<p>«¡Ya lo digo yo!» es su nuevo espectáculo donde hay imitaciones, música, efectos visuales, una gran pantalla que nos va llevando de un tema a otro y, sobre todo, mucha mucha improvisación. Como te habrás dado cuenta, el título es toda una declaración de intenciones: no te preocupes por nada porque <em>Dani</em> ya se ocupa de gritar a los cuatro vientos lo que tú piensas pero no te atreves a expresar.</p>
<p><img decoding="async" class="aligncenter" src="/event_img/TKT158781_dani-martinez-ya-lo-digo-yo-en-alicante_1.jpg" alt="Dani Martínez" /></p>

<p>DANI MARTINEZ YA LO DIGO YO Alicante &#8211; Aula CAM AlicanteAvda. Doctor Gadea, 123/02/201920:30 El cómico y presentador Dani Martínez improvisa y nos hace reír sobre el escenario hablando de temas «espinosos». «¡Ya lo digo yo!» es su nuevo espectáculo donde hay imitaciones, música, efectos visuales, una gran pantalla que nos va llevando de un tema a otro y, sobre todo, mucha mucha improvisación. Como te habrás dado cuenta, el título es toda una declaración de intenciones: no te preocupes por nada porque Dani ya se ocupa de gritar a los cuatro vientos lo que tú piensas pero no te [&hellip;]</p>

<!-- This site is optimized with the Yoast SEO plugin v27.4 - https://yoast.com/product/yoast-seo-wordpress/ -->
<title>Dani Martínez: &quot;¡Ya lo digo yo!&quot; - COSTA BLANCA UP</title>
<meta name="robots" content="index, follow, max-snippet:-1, max-image-preview:large, max-video-preview:-1" />
<link rel="canonical" href="https://costablancaup.com/es/class/dani-martinez-ya-lo-digo-yo/" />
<meta property="og:locale" content="es_ES" />
<meta property="og:type" content="article" />
<meta property="og:title" content="Dani Martínez: &quot;¡Ya lo digo yo!&quot; - COSTA BLANCA UP" />
<meta property="og:description" content="DANI MARTINEZ YA LO DIGO YO Alicante &#8211; Aula CAM AlicanteAvda. Doctor Gadea, 123/02/201920:30 El cómico y presentador Dani Martínez improvisa y nos hace reír sobre el escenario hablando de temas «espinosos». «¡Ya lo digo yo!» es su nuevo espectáculo donde hay imitaciones, música, efectos visuales, una gran pantalla que nos va llevando de un tema a otro y, sobre todo, mucha mucha improvisación. Como te habrás dado cuenta, el título es toda una declaración de intenciones: no te preocupes por nada porque Dani ya se ocupa de gritar a los cuatro vientos lo que tú piensas pero no te [&hellip;]" />
<meta property="og:url" content="https://costablancaup.com/es/class/dani-martinez-ya-lo-digo-yo/" />
<meta property="og:site_name" content="COSTA BLANCA UP" />
<meta property="article:modified_time" content="2019-01-24T10:07:55+00:00" />
<meta property="og:image" content="https://costablancaup.com/event_img/TKT158781_dani-martinez-ya-lo-digo-yo-en-alicante_1.jpg" />
<meta name="twitter:card" content="summary_large_image" />
<meta name="twitter:label1" content="Tiempo de lectura" />
	<meta name="twitter:data1" content="1 minuto" />
<script type="application/ld+json" class="yoast-schema-graph">{"@context":"https:\/\/schema.org","@graph":[{"@type":"WebPage","@id":"https:\/\/costablancaup.com\/es\/class\/dani-martinez-ya-lo-digo-yo\/","url":"https:\/\/costablancaup.com\/es\/class\/dani-martinez-ya-lo-digo-yo\/","name":"Dani Martínez: \"¡Ya lo digo yo!\" - COSTA BLANCA UP","isPartOf":{"@id":"https:\/\/costablancaup.com\/es\/#website"},"datePublished":"2019-01-24T10:06:12+00:00","dateModified":"2019-01-24T10:07:55+00:00","breadcrumb":{"@id":"https:\/\/costablancaup.com\/es\/class\/dani-martinez-ya-lo-digo-yo\/#breadcrumb"},"inLanguage":"es","potentialAction":[{"@type":"ReadAction","target":["https:\/\/costablancaup.com\/es\/class\/dani-martinez-ya-lo-digo-yo\/"]}]},{"@type":"BreadcrumbList","@id":"https:\/\/costablancaup.com\/es\/class\/dani-martinez-ya-lo-digo-yo\/#breadcrumb","itemListElement":[{"@type":"ListItem","position":1,"name":"Home","item":"https:\/\/costablancaup.com\/es\/"},{"@type":"ListItem","position":2,"name":"Dani Martínez: «¡Ya lo digo yo!»"}]},{"@type":"WebSite","@id":"https:\/\/costablancaup.com\/es\/#website","url":"https:\/\/costablancaup.com\/es\/","name":"COSTA BLANCA UP","description":"Costa Blanca Events and Agenda","publisher":{"@id":"https:\/\/costablancaup.com\/es\/#organization"},"potentialAction":[{"@type":"SearchAction","target":{"@type":"EntryPoint","urlTemplate":"https:\/\/costablancaup.com\/es\/?s={search_term_string}"},"query-input":{"@type":"PropertyValueSpecification","valueRequired":true,"valueName":"search_term_string"}}],"inLanguage":"es"},{"@type":"Organization","@id":"https:\/\/costablancaup.com\/es\/#organization","name":"Costa Blanca Up","url":"https:\/\/costablancaup.com\/es\/","logo":{"@type":"ImageObject","inLanguage":"es","@id":"https:\/\/costablancaup.com\/es\/#\/schema\/logo\/image\/","url":"https:\/\/costablancaup.com\/wp-content\/uploads\/2018\/07\/titulo_web-1.png","contentUrl":"https:\/\/costablancaup.com\/wp-content\/uploads\/2018\/07\/titulo_web-1.png","width":1973,"height":303,"caption":"Costa Blanca Up"},"image":{"@id":"https:\/\/costablancaup.com\/es\/#\/schema\/logo\/image\/"}}]}</script>
<!-- / Yoast SEO plugin. -->

Dani Martínez: "¡Ya lo digo yo!" - COSTA BLANCA UP

DANI MARTINEZ YA LO DIGO YO Alicante &#8211; Aula CAM AlicanteAvda. Doctor Gadea, 123/02/201920:30 El cómico y presentador Dani Martínez improvisa y nos hace reír sobre el escenario hablando de temas «espinosos». «¡Ya lo digo yo!» es su nuevo espectáculo donde hay imitaciones, música, efectos visuales, una gran pantalla que nos va llevando de un tema a otro y, sobre todo, mucha mucha improvisación. Como te habrás dado cuenta, el título es toda una declaración de intenciones: no te preocupes por nada porque Dani ya se ocupa de gritar a los cuatro vientos lo que tú piensas pero no te [&hellip;]
