{"id":20818,"date":"2019-02-27T16:28:56","date_gmt":"2019-02-27T15:28:56","guid":{"rendered":"https:\/\/costablancaup.com\/?post_type=class&#038;p=20818"},"modified":"2019-02-27T16:30:52","modified_gmt":"2019-02-27T15:30:52","slug":"yo-fui-a-egb-la-gira","status":"publish","type":"class","link":"https:\/\/costablancaup.com\/es\/class\/yo-fui-a-egb-la-gira\/","title":{"rendered":"\u00abYo fui a EGB La gira\u00bb"},"content":{"rendered":"<h2>Yo fui a EGB la gira<\/h2>\n<p>Valencia &#8211; Auditorio Marina Sur<br \/>Carrer Marina Baixa, 1<br \/>11\/05\/2019<br \/>18:00<\/p>\n<p>\u00abYo fui a EGB La gira\u00bb llega a Valencia y pone un pie el recinto Marina Sur. El concierto revive los grandes \u00e9xitos musicales de los a\u00f1os 70, 80 y 90 de la mano de artistas que marcaron a toda una generaci\u00f3n. El cartel est\u00e1 encabezado por la estrella brit\u00e1nica, <em>Samantha Fox<\/em>, <em>Pino D&#8217;Angio<\/em> y la cantante y ex vocalista de Mecano, <em>Ana Torroja<\/em>.<\/p>\n<p>Bajo la conducci\u00f3n del valenciano <em>Carlos Latre<\/em>, \u00abYo fui a EGB La gira\u00bb contar\u00e1 con espect\u00e1culos y performances que evocan el esp\u00edritu y la moda de la \u00e9poca, donde no podr\u00e1n faltar gui\u00f1os a <em>Dirty Dancing<\/em>, <em>Grease<\/em>, <em>Michael Jackson<\/em> o <em>Queen<\/em>.<\/p>\n<p>Adem\u00e1s de los tres artistas principales, el concierto se nutrir\u00e1 de solistas y grupos como <em>Desireless, Katrina &#038; The Waves, Ricchi e Poveri, Javier de Los Pecos, Nacha Pop, La Uni\u00f3n, Obk, Ol\u00e9 Ol\u00e9 con Vicky Larraz, Seguridad Social, Danza Invisible, Azul y Negro, La Frontera, La Guardia, Miguel Costas (de Siniestro Total), Tennessee, Los Toreros Muertos, The Refrescos y Viceversa<\/em>.<\/p>\n","protected":false},"excerpt":{"rendered":"<p>Yo fui a EGB la gira Valencia &#8211; Auditorio Marina SurCarrer Marina Baixa, 111\/05\/201918:00 \u00abYo fui a EGB La gira\u00bb llega a Valencia y pone un pie el recinto Marina Sur. El concierto revive los grandes \u00e9xitos musicales de los a\u00f1os 70, 80 y 90 de la mano de artistas que marcaron a toda una generaci\u00f3n. El cartel est\u00e1 encabezado por la estrella brit\u00e1nica, Samantha Fox, Pino D&#8217;Angio y la cantante y ex vocalista de Mecano, Ana Torroja. Bajo la conducci\u00f3n del valenciano Carlos Latre, \u00abYo fui a EGB La gira\u00bb contar\u00e1 con espect\u00e1culos y performances que evocan el esp\u00edritu [&hellip;]<\/p>\n","protected":false},"template":"","meta":[],"wcs-type":[5046],"wcs-room":[5331],"wcs-instructor":[],"class_list":["post-20818","class","type-class","status-publish","hentry","wcs-type-musica","wcs-room-valencia-auditorio-marina-sur"],"yoast_head":"<!-- This site is optimized with the Yoast SEO plugin v27.4 - https:\/\/yoast.com\/product\/yoast-seo-wordpress\/ -->\n<title>&quot;Yo fui a EGB La gira&quot; - COSTA BLANCA UP<\/title>\n<meta name=\"robots\" content=\"index, follow, max-snippet:-1, max-image-preview:large, max-video-preview:-1\" \/>\n<link rel=\"canonical\" href=\"https:\/\/costablancaup.com\/es\/class\/yo-fui-a-egb-la-gira\/\" \/>\n<meta property=\"og:locale\" content=\"es_ES\" \/>\n<meta property=\"og:type\" content=\"article\" \/>\n<meta property=\"og:title\" content=\"&quot;Yo fui a EGB La gira&quot; - COSTA BLANCA UP\" \/>\n<meta property=\"og:description\" content=\"Yo fui a EGB la gira Valencia &#8211; Auditorio Marina SurCarrer Marina Baixa, 111\/05\/201918:00 \u00abYo fui a EGB La gira\u00bb llega a Valencia y pone un pie el recinto Marina Sur. El concierto revive los grandes \u00e9xitos musicales de los a\u00f1os 70, 80 y 90 de la mano de artistas que marcaron a toda una generaci\u00f3n. El cartel est\u00e1 encabezado por la estrella brit\u00e1nica, Samantha Fox, Pino D&#8217;Angio y la cantante y ex vocalista de Mecano, Ana Torroja. Bajo la conducci\u00f3n del valenciano Carlos Latre, \u00abYo fui a EGB La gira\u00bb contar\u00e1 con espect\u00e1culos y performances que evocan el esp\u00edritu [&hellip;]\" \/>\n<meta property=\"og:url\" content=\"https:\/\/costablancaup.com\/es\/class\/yo-fui-a-egb-la-gira\/\" \/>\n<meta property=\"og:site_name\" content=\"COSTA BLANCA UP\" \/>\n<meta property=\"article:modified_time\" content=\"2019-02-27T15:30:52+00:00\" \/>\n<meta name=\"twitter:card\" content=\"summary_large_image\" \/>\n<meta name=\"twitter:label1\" content=\"Tiempo de lectura\" \/>\n\t<meta name=\"twitter:data1\" content=\"1 minuto\" \/>\n<script type=\"application\/ld+json\" class=\"yoast-schema-graph\">{\"@context\":\"https:\\\/\\\/schema.org\",\"@graph\":[{\"@type\":\"WebPage\",\"@id\":\"https:\\\/\\\/costablancaup.com\\\/es\\\/class\\\/yo-fui-a-egb-la-gira\\\/\",\"url\":\"https:\\\/\\\/costablancaup.com\\\/es\\\/class\\\/yo-fui-a-egb-la-gira\\\/\",\"name\":\"\\\"Yo fui a EGB La gira\\\" - COSTA BLANCA UP\",\"isPartOf\":{\"@id\":\"https:\\\/\\\/costablancaup.com\\\/es\\\/#website\"},\"datePublished\":\"2019-02-27T15:28:56+00:00\",\"dateModified\":\"2019-02-27T15:30:52+00:00\",\"breadcrumb\":{\"@id\":\"https:\\\/\\\/costablancaup.com\\\/es\\\/class\\\/yo-fui-a-egb-la-gira\\\/#breadcrumb\"},\"inLanguage\":\"es\",\"potentialAction\":[{\"@type\":\"ReadAction\",\"target\":[\"https:\\\/\\\/costablancaup.com\\\/es\\\/class\\\/yo-fui-a-egb-la-gira\\\/\"]}]},{\"@type\":\"BreadcrumbList\",\"@id\":\"https:\\\/\\\/costablancaup.com\\\/es\\\/class\\\/yo-fui-a-egb-la-gira\\\/#breadcrumb\",\"itemListElement\":[{\"@type\":\"ListItem\",\"position\":1,\"name\":\"Home\",\"item\":\"https:\\\/\\\/costablancaup.com\\\/es\\\/\"},{\"@type\":\"ListItem\",\"position\":2,\"name\":\"\u00abYo fui a EGB La gira\u00bb\"}]},{\"@type\":\"WebSite\",\"@id\":\"https:\\\/\\\/costablancaup.com\\\/es\\\/#website\",\"url\":\"https:\\\/\\\/costablancaup.com\\\/es\\\/\",\"name\":\"COSTA BLANCA UP\",\"description\":\"Costa Blanca Events and Agenda\",\"publisher\":{\"@id\":\"https:\\\/\\\/costablancaup.com\\\/es\\\/#organization\"},\"potentialAction\":[{\"@type\":\"SearchAction\",\"target\":{\"@type\":\"EntryPoint\",\"urlTemplate\":\"https:\\\/\\\/costablancaup.com\\\/es\\\/?s={search_term_string}\"},\"query-input\":{\"@type\":\"PropertyValueSpecification\",\"valueRequired\":true,\"valueName\":\"search_term_string\"}}],\"inLanguage\":\"es\"},{\"@type\":\"Organization\",\"@id\":\"https:\\\/\\\/costablancaup.com\\\/es\\\/#organization\",\"name\":\"Costa Blanca Up\",\"url\":\"https:\\\/\\\/costablancaup.com\\\/es\\\/\",\"logo\":{\"@type\":\"ImageObject\",\"inLanguage\":\"es\",\"@id\":\"https:\\\/\\\/costablancaup.com\\\/es\\\/#\\\/schema\\\/logo\\\/image\\\/\",\"url\":\"https:\\\/\\\/costablancaup.com\\\/wp-content\\\/uploads\\\/2018\\\/07\\\/titulo_web-1.png\",\"contentUrl\":\"https:\\\/\\\/costablancaup.com\\\/wp-content\\\/uploads\\\/2018\\\/07\\\/titulo_web-1.png\",\"width\":1973,\"height\":303,\"caption\":\"Costa Blanca Up\"},\"image\":{\"@id\":\"https:\\\/\\\/costablancaup.com\\\/es\\\/#\\\/schema\\\/logo\\\/image\\\/\"}}]}<\/script>\n<!-- \/ Yoast SEO plugin. -->","yoast_head_json":{"title":"\"Yo fui a EGB La gira\" - COSTA BLANCA UP","robots":{"index":"index","follow":"follow","max-snippet":"max-snippet:-1","max-image-preview":"max-image-preview:large","max-video-preview":"max-video-preview:-1"},"canonical":"https:\/\/costablancaup.com\/es\/class\/yo-fui-a-egb-la-gira\/","og_locale":"es_ES","og_type":"article","og_title":"\"Yo fui a EGB La gira\" - COSTA BLANCA UP","og_description":"Yo fui a EGB la gira Valencia &#8211; Auditorio Marina SurCarrer Marina Baixa, 111\/05\/201918:00 \u00abYo fui a EGB La gira\u00bb llega a Valencia y pone un pie el recinto Marina Sur. El concierto revive los grandes \u00e9xitos musicales de los a\u00f1os 70, 80 y 90 de la mano de artistas que marcaron a toda una generaci\u00f3n. El cartel est\u00e1 encabezado por la estrella brit\u00e1nica, Samantha Fox, Pino D&#8217;Angio y la cantante y ex vocalista de Mecano, Ana Torroja. Bajo la conducci\u00f3n del valenciano Carlos Latre, \u00abYo fui a EGB La gira\u00bb contar\u00e1 con espect\u00e1culos y performances que evocan el esp\u00edritu [&hellip;]","og_url":"https:\/\/costablancaup.com\/es\/class\/yo-fui-a-egb-la-gira\/","og_site_name":"COSTA BLANCA UP","article_modified_time":"2019-02-27T15:30:52+00:00","twitter_card":"summary_large_image","twitter_misc":{"Tiempo de lectura":"1 minuto"},"schema":{"@context":"https:\/\/schema.org","@graph":[{"@type":"WebPage","@id":"https:\/\/costablancaup.com\/es\/class\/yo-fui-a-egb-la-gira\/","url":"https:\/\/costablancaup.com\/es\/class\/yo-fui-a-egb-la-gira\/","name":"\"Yo fui a EGB La gira\" - COSTA BLANCA UP","isPartOf":{"@id":"https:\/\/costablancaup.com\/es\/#website"},"datePublished":"2019-02-27T15:28:56+00:00","dateModified":"2019-02-27T15:30:52+00:00","breadcrumb":{"@id":"https:\/\/costablancaup.com\/es\/class\/yo-fui-a-egb-la-gira\/#breadcrumb"},"inLanguage":"es","potentialAction":[{"@type":"ReadAction","target":["https:\/\/costablancaup.com\/es\/class\/yo-fui-a-egb-la-gira\/"]}]},{"@type":"BreadcrumbList","@id":"https:\/\/costablancaup.com\/es\/class\/yo-fui-a-egb-la-gira\/#breadcrumb","itemListElement":[{"@type":"ListItem","position":1,"name":"Home","item":"https:\/\/costablancaup.com\/es\/"},{"@type":"ListItem","position":2,"name":"\u00abYo fui a EGB La gira\u00bb"}]},{"@type":"WebSite","@id":"https:\/\/costablancaup.com\/es\/#website","url":"https:\/\/costablancaup.com\/es\/","name":"COSTA BLANCA UP","description":"Costa Blanca Events and Agenda","publisher":{"@id":"https:\/\/costablancaup.com\/es\/#organization"},"potentialAction":[{"@type":"SearchAction","target":{"@type":"EntryPoint","urlTemplate":"https:\/\/costablancaup.com\/es\/?s={search_term_string}"},"query-input":{"@type":"PropertyValueSpecification","valueRequired":true,"valueName":"search_term_string"}}],"inLanguage":"es"},{"@type":"Organization","@id":"https:\/\/costablancaup.com\/es\/#organization","name":"Costa Blanca Up","url":"https:\/\/costablancaup.com\/es\/","logo":{"@type":"ImageObject","inLanguage":"es","@id":"https:\/\/costablancaup.com\/es\/#\/schema\/logo\/image\/","url":"https:\/\/costablancaup.com\/wp-content\/uploads\/2018\/07\/titulo_web-1.png","contentUrl":"https:\/\/costablancaup.com\/wp-content\/uploads\/2018\/07\/titulo_web-1.png","width":1973,"height":303,"caption":"Costa Blanca Up"},"image":{"@id":"https:\/\/costablancaup.com\/es\/#\/schema\/logo\/image\/"}}]}},"_links":{"self":[{"href":"https:\/\/costablancaup.com\/es\/wp-json\/wp\/v2\/class\/20818","targetHints":{"allow":["GET"]}}],"collection":[{"href":"https:\/\/costablancaup.com\/es\/wp-json\/wp\/v2\/class"}],"about":[{"href":"https:\/\/costablancaup.com\/es\/wp-json\/wp\/v2\/types\/class"}],"wp:attachment":[{"href":"https:\/\/costablancaup.com\/es\/wp-json\/wp\/v2\/media?parent=20818"}],"wp:term":[{"taxonomy":"wcs-type","embeddable":true,"href":"https:\/\/costablancaup.com\/es\/wp-json\/wp\/v2\/wcs-type?post=20818"},{"taxonomy":"wcs-room","embeddable":true,"href":"https:\/\/costablancaup.com\/es\/wp-json\/wp\/v2\/wcs-room?post=20818"},{"taxonomy":"wcs-instructor","embeddable":true,"href":"https:\/\/costablancaup.com\/es\/wp-json\/wp\/v2\/wcs-instructor?post=20818"}],"curies":[{"name":"wp","href":"https:\/\/api.w.org\/{rel}","templated":true}]}}

<h2>Yo fui a EGB la gira</h2>
<p>Valencia &#8211; Auditorio Marina Sur<br />Carrer Marina Baixa, 1<br />11/05/2019<br />18:00</p>
<p>«Yo fui a EGB La gira» llega a Valencia y pone un pie el recinto Marina Sur. El concierto revive los grandes éxitos musicales de los años 70, 80 y 90 de la mano de artistas que marcaron a toda una generación. El cartel está encabezado por la estrella británica, <em>Samantha Fox</em>, <em>Pino D&#8217;Angio</em> y la cantante y ex vocalista de Mecano, <em>Ana Torroja</em>.</p>
<p>Bajo la conducción del valenciano <em>Carlos Latre</em>, «Yo fui a EGB La gira» contará con espectáculos y performances que evocan el espíritu y la moda de la época, donde no podrán faltar guiños a <em>Dirty Dancing</em>, <em>Grease</em>, <em>Michael Jackson</em> o <em>Queen</em>.</p>
<p>Además de los tres artistas principales, el concierto se nutrirá de solistas y grupos como <em>Desireless, Katrina &#038; The Waves, Ricchi e Poveri, Javier de Los Pecos, Nacha Pop, La Unión, Obk, Olé Olé con Vicky Larraz, Seguridad Social, Danza Invisible, Azul y Negro, La Frontera, La Guardia, Miguel Costas (de Siniestro Total), Tennessee, Los Toreros Muertos, The Refrescos y Viceversa</em>.</p>

<p>Yo fui a EGB la gira Valencia &#8211; Auditorio Marina SurCarrer Marina Baixa, 111/05/201918:00 «Yo fui a EGB La gira» llega a Valencia y pone un pie el recinto Marina Sur. El concierto revive los grandes éxitos musicales de los años 70, 80 y 90 de la mano de artistas que marcaron a toda una generación. El cartel está encabezado por la estrella británica, Samantha Fox, Pino D&#8217;Angio y la cantante y ex vocalista de Mecano, Ana Torroja. Bajo la conducción del valenciano Carlos Latre, «Yo fui a EGB La gira» contará con espectáculos y performances que evocan el espíritu [&hellip;]</p>

<!-- This site is optimized with the Yoast SEO plugin v27.4 - https://yoast.com/product/yoast-seo-wordpress/ -->
<title>&quot;Yo fui a EGB La gira&quot; - COSTA BLANCA UP</title>
<meta name="robots" content="index, follow, max-snippet:-1, max-image-preview:large, max-video-preview:-1" />
<link rel="canonical" href="https://costablancaup.com/es/class/yo-fui-a-egb-la-gira/" />
<meta property="og:locale" content="es_ES" />
<meta property="og:type" content="article" />
<meta property="og:title" content="&quot;Yo fui a EGB La gira&quot; - COSTA BLANCA UP" />
<meta property="og:description" content="Yo fui a EGB la gira Valencia &#8211; Auditorio Marina SurCarrer Marina Baixa, 111/05/201918:00 «Yo fui a EGB La gira» llega a Valencia y pone un pie el recinto Marina Sur. El concierto revive los grandes éxitos musicales de los años 70, 80 y 90 de la mano de artistas que marcaron a toda una generación. El cartel está encabezado por la estrella británica, Samantha Fox, Pino D&#8217;Angio y la cantante y ex vocalista de Mecano, Ana Torroja. Bajo la conducción del valenciano Carlos Latre, «Yo fui a EGB La gira» contará con espectáculos y performances que evocan el espíritu [&hellip;]" />
<meta property="og:url" content="https://costablancaup.com/es/class/yo-fui-a-egb-la-gira/" />
<meta property="og:site_name" content="COSTA BLANCA UP" />
<meta property="article:modified_time" content="2019-02-27T15:30:52+00:00" />
<meta name="twitter:card" content="summary_large_image" />
<meta name="twitter:label1" content="Tiempo de lectura" />
	<meta name="twitter:data1" content="1 minuto" />
<script type="application/ld+json" class="yoast-schema-graph">{"@context":"https:\/\/schema.org","@graph":[{"@type":"WebPage","@id":"https:\/\/costablancaup.com\/es\/class\/yo-fui-a-egb-la-gira\/","url":"https:\/\/costablancaup.com\/es\/class\/yo-fui-a-egb-la-gira\/","name":"\"Yo fui a EGB La gira\" - COSTA BLANCA UP","isPartOf":{"@id":"https:\/\/costablancaup.com\/es\/#website"},"datePublished":"2019-02-27T15:28:56+00:00","dateModified":"2019-02-27T15:30:52+00:00","breadcrumb":{"@id":"https:\/\/costablancaup.com\/es\/class\/yo-fui-a-egb-la-gira\/#breadcrumb"},"inLanguage":"es","potentialAction":[{"@type":"ReadAction","target":["https:\/\/costablancaup.com\/es\/class\/yo-fui-a-egb-la-gira\/"]}]},{"@type":"BreadcrumbList","@id":"https:\/\/costablancaup.com\/es\/class\/yo-fui-a-egb-la-gira\/#breadcrumb","itemListElement":[{"@type":"ListItem","position":1,"name":"Home","item":"https:\/\/costablancaup.com\/es\/"},{"@type":"ListItem","position":2,"name":"«Yo fui a EGB La gira»"}]},{"@type":"WebSite","@id":"https:\/\/costablancaup.com\/es\/#website","url":"https:\/\/costablancaup.com\/es\/","name":"COSTA BLANCA UP","description":"Costa Blanca Events and Agenda","publisher":{"@id":"https:\/\/costablancaup.com\/es\/#organization"},"potentialAction":[{"@type":"SearchAction","target":{"@type":"EntryPoint","urlTemplate":"https:\/\/costablancaup.com\/es\/?s={search_term_string}"},"query-input":{"@type":"PropertyValueSpecification","valueRequired":true,"valueName":"search_term_string"}}],"inLanguage":"es"},{"@type":"Organization","@id":"https:\/\/costablancaup.com\/es\/#organization","name":"Costa Blanca Up","url":"https:\/\/costablancaup.com\/es\/","logo":{"@type":"ImageObject","inLanguage":"es","@id":"https:\/\/costablancaup.com\/es\/#\/schema\/logo\/image\/","url":"https:\/\/costablancaup.com\/wp-content\/uploads\/2018\/07\/titulo_web-1.png","contentUrl":"https:\/\/costablancaup.com\/wp-content\/uploads\/2018\/07\/titulo_web-1.png","width":1973,"height":303,"caption":"Costa Blanca Up"},"image":{"@id":"https:\/\/costablancaup.com\/es\/#\/schema\/logo\/image\/"}}]}</script>
<!-- / Yoast SEO plugin. -->

Yo fui a EGB la gira Valencia &#8211; Auditorio Marina SurCarrer Marina Baixa, 111/05/201918:00 «Yo fui a EGB La gira» llega a Valencia y pone un pie el recinto Marina Sur. El concierto revive los grandes éxitos musicales de los años 70, 80 y 90 de la mano de artistas que marcaron a toda una generación. El cartel está encabezado por la estrella británica, Samantha Fox, Pino D&#8217;Angio y la cantante y ex vocalista de Mecano, Ana Torroja. Bajo la conducción del valenciano Carlos Latre, «Yo fui a EGB La gira» contará con espectáculos y performances que evocan el espíritu [&hellip;]
