{"id":23337,"date":"2019-01-04T10:38:21","date_gmt":"2019-01-04T09:38:21","guid":{"rendered":"https:\/\/costablancaup.com\/class\/cia-dunataca-voces-2-2\/"},"modified":"2019-01-04T10:42:30","modified_gmt":"2019-01-04T09:42:30","slug":"cabalgata-de-reyes-de-valencia","status":"publish","type":"class","link":"https:\/\/costablancaup.com\/es\/class\/cabalgata-de-reyes-de-valencia\/","title":{"rendered":"Cabalgata de Reyes de Valencia"},"content":{"rendered":"<h2>La Cabalgata recorrer\u00e1 a partir de las 18:00 horas del 5 de enero algunas de las principales calles del centro de la ciudad.<\/h2>\n<p>Los Reyes Magos, Melchor, G\u00e1spar y Baltasar, llegar\u00e1n al Puerto de Valencia embarcados en un catamar\u00e1n. Desde all\u00ed se desplazar\u00e1n al Paseo de la Alameda, desde donde empezar\u00e1 el desfile.<\/p>\n<p>La Cabalgata contar\u00e1 con grupos de animaci\u00f3n, m\u00fasica y comparsas, adem\u00e1s de los gigantes Jaume y Violanda acompa\u00f1ados de los cabezudos de la ciudad, que se encargar\u00e1n de abrir el desfile.<\/p>\n<p>Una vez lleguen todos al final del recorrido, Sus Majestades se dirigir\u00e1n a los ni\u00f1os desde el balc\u00f3n del Ayuntamiento.<\/p>\n<p>Y para terminar, tendr\u00e1 lugar un espect\u00e1culo piromusical que unir\u00e1 los fuegos artificiales con la interpretaci\u00f3n de una pieza cl\u00e1sica navide\u00f1a.<\/p>\n<h3>Localizaci\u00f3n<\/h3>\n\r\n            \r\n            \r\n            \r\n            <a name='map39'><\/a>\r\n            \r\n            \r\n            \r\n            \r\n            <div class=\"wpgmza_map \"  id=\"wpgmza_map_39\" style=\"display:block; overflow:auto; width:100%; height:400px; float:left;\" data-settings='{\"id\":\"39\",\"map_title\":\"Plaza del Ayuntamiento (Valencia)\",\"map_width\":\"100\",\"map_height\":\"400\",\"map_start_lat\":\"39.464545\",\"map_start_lng\":\"-0.372407\",\"map_start_location\":\"39.46454481107512,-0.3724068191677361\",\"map_start_zoom\":\"14\",\"default_marker\":\"0\",\"type\":\"1\",\"alignment\":\"1\",\"directions_enabled\":\"0\",\"styling_enabled\":\"0\",\"styling_json\":\"\",\"active\":\"0\",\"kml\":\"\",\"bicycle\":\"0\",\"traffic\":\"0\",\"dbox\":\"1\",\"dbox_width\":\"100\",\"listmarkers\":\"0\",\"listmarkers_advanced\":\"0\",\"filterbycat\":\"0\",\"ugm_enabled\":\"0\",\"ugm_category_enabled\":\"0\",\"fusion\":\"\",\"map_width_type\":\"\\\\%\",\"map_height_type\":\"px\",\"mass_marker_support\":\"0\",\"ugm_access\":\"0\",\"order_markers_by\":\"1\",\"order_markers_choice\":\"2\",\"show_user_location\":\"2\",\"default_to\":\"\",\"other_settings\":{\"wpgmza_store_locator_restrict\":\"\",\"wpgmza_sl_animation\":\"1\",\"store_locator_query_string\":\"ZIP \\\/ Address:\",\"store_locator_name_string\":\"Title \\\/ Description:\",\"store_locator_default_address\":\"\",\"wpgmza_dbox_width_type\":\"%\",\"map_max_zoom\":\"3\",\"map_min_zoom\":\"21\",\"sl_stroke_color\":\"FF0000\",\"sl_stroke_opacity\":\"0.25\",\"sl_fill_color\":\"FF0000\",\"sl_fill_opacity\":\"0.15\",\"click_open_link\":2,\"transport_layer\":0,\"iw_primary_color\":\"2A3744\",\"iw_accent_color\":\"252F3A\",\"iw_text_color\":\"FFFFFF\",\"wpgmza_iw_type\":\"0\",\"list_markers_by\":\"0\",\"push_in_map\":\"\",\"push_in_map_placement\":\"9\",\"wpgmza_push_in_map_width\":\"\",\"wpgmza_push_in_map_height\":\"\",\"wpgmza_theme_data\":\"\",\"upload_default_ul_marker\":\"\",\"upload_default_sl_marker\":\"\",\"shortcodeAttributes\":{\"id\":\"39\"}}}' data-map-id='39' data-shortcode-attributes='{\"id\":\"39\"}'> <\/div>\r\n            \r\n               \r\n        \n","protected":false},"excerpt":{"rendered":"<p>La Cabalgata recorrer\u00e1 a partir de las 18:00 horas del 5 de enero algunas de las principales calles del centro de la ciudad. Los Reyes Magos, Melchor, G\u00e1spar y Baltasar, llegar\u00e1n al Puerto de Valencia embarcados en un catamar\u00e1n. Desde all\u00ed se desplazar\u00e1n al Paseo de la Alameda, desde donde empezar\u00e1 el desfile. La Cabalgata contar\u00e1 con grupos de animaci\u00f3n, m\u00fasica y comparsas, adem\u00e1s de los gigantes Jaume y Violanda acompa\u00f1ados de los cabezudos de la ciudad, que se encargar\u00e1n de abrir el desfile. Una vez lleguen todos al final del recorrido, Sus Majestades se dirigir\u00e1n a los ni\u00f1os desde [&hellip;]<\/p>\n","protected":false},"template":"","meta":[],"wcs-type":[5053,5036],"wcs-room":[5726],"wcs-instructor":[],"class_list":["post-23337","class","type-class","status-publish","hentry","wcs-type-fiestas","wcs-type-ninos","wcs-room-plaza-del-ayuntamiento-valencia"],"yoast_head":"<!-- This site is optimized with the Yoast SEO plugin v27.4 - https:\/\/yoast.com\/product\/yoast-seo-wordpress\/ -->\n<title>Cabalgata de Reyes de Valencia - COSTA BLANCA UP<\/title>\n<meta name=\"robots\" content=\"index, follow, max-snippet:-1, max-image-preview:large, max-video-preview:-1\" \/>\n<link rel=\"canonical\" href=\"https:\/\/costablancaup.com\/es\/class\/cabalgata-de-reyes-de-valencia\/\" \/>\n<meta property=\"og:locale\" content=\"es_ES\" \/>\n<meta property=\"og:type\" content=\"article\" \/>\n<meta property=\"og:title\" content=\"Cabalgata de Reyes de Valencia - COSTA BLANCA UP\" \/>\n<meta property=\"og:description\" content=\"La Cabalgata recorrer\u00e1 a partir de las 18:00 horas del 5 de enero algunas de las principales calles del centro de la ciudad. Los Reyes Magos, Melchor, G\u00e1spar y Baltasar, llegar\u00e1n al Puerto de Valencia embarcados en un catamar\u00e1n. Desde all\u00ed se desplazar\u00e1n al Paseo de la Alameda, desde donde empezar\u00e1 el desfile. La Cabalgata contar\u00e1 con grupos de animaci\u00f3n, m\u00fasica y comparsas, adem\u00e1s de los gigantes Jaume y Violanda acompa\u00f1ados de los cabezudos de la ciudad, que se encargar\u00e1n de abrir el desfile. Una vez lleguen todos al final del recorrido, Sus Majestades se dirigir\u00e1n a los ni\u00f1os desde [&hellip;]\" \/>\n<meta property=\"og:url\" content=\"https:\/\/costablancaup.com\/es\/class\/cabalgata-de-reyes-de-valencia\/\" \/>\n<meta property=\"og:site_name\" content=\"COSTA BLANCA UP\" \/>\n<meta property=\"article:modified_time\" content=\"2019-01-04T09:42:30+00:00\" \/>\n<meta name=\"twitter:card\" content=\"summary_large_image\" \/>\n<meta name=\"twitter:label1\" content=\"Tiempo de lectura\" \/>\n\t<meta name=\"twitter:data1\" content=\"1 minuto\" \/>\n<script type=\"application\/ld+json\" class=\"yoast-schema-graph\">{\"@context\":\"https:\\\/\\\/schema.org\",\"@graph\":[{\"@type\":\"WebPage\",\"@id\":\"https:\\\/\\\/costablancaup.com\\\/es\\\/class\\\/cabalgata-de-reyes-de-valencia\\\/\",\"url\":\"https:\\\/\\\/costablancaup.com\\\/es\\\/class\\\/cabalgata-de-reyes-de-valencia\\\/\",\"name\":\"Cabalgata de Reyes de Valencia - COSTA BLANCA UP\",\"isPartOf\":{\"@id\":\"https:\\\/\\\/costablancaup.com\\\/es\\\/#website\"},\"datePublished\":\"2019-01-04T09:38:21+00:00\",\"dateModified\":\"2019-01-04T09:42:30+00:00\",\"breadcrumb\":{\"@id\":\"https:\\\/\\\/costablancaup.com\\\/es\\\/class\\\/cabalgata-de-reyes-de-valencia\\\/#breadcrumb\"},\"inLanguage\":\"es\",\"potentialAction\":[{\"@type\":\"ReadAction\",\"target\":[\"https:\\\/\\\/costablancaup.com\\\/es\\\/class\\\/cabalgata-de-reyes-de-valencia\\\/\"]}]},{\"@type\":\"BreadcrumbList\",\"@id\":\"https:\\\/\\\/costablancaup.com\\\/es\\\/class\\\/cabalgata-de-reyes-de-valencia\\\/#breadcrumb\",\"itemListElement\":[{\"@type\":\"ListItem\",\"position\":1,\"name\":\"Home\",\"item\":\"https:\\\/\\\/costablancaup.com\\\/es\\\/\"},{\"@type\":\"ListItem\",\"position\":2,\"name\":\"Cabalgata de Reyes de Valencia\"}]},{\"@type\":\"WebSite\",\"@id\":\"https:\\\/\\\/costablancaup.com\\\/es\\\/#website\",\"url\":\"https:\\\/\\\/costablancaup.com\\\/es\\\/\",\"name\":\"COSTA BLANCA UP\",\"description\":\"Costa Blanca Events and Agenda\",\"publisher\":{\"@id\":\"https:\\\/\\\/costablancaup.com\\\/es\\\/#organization\"},\"potentialAction\":[{\"@type\":\"SearchAction\",\"target\":{\"@type\":\"EntryPoint\",\"urlTemplate\":\"https:\\\/\\\/costablancaup.com\\\/es\\\/?s={search_term_string}\"},\"query-input\":{\"@type\":\"PropertyValueSpecification\",\"valueRequired\":true,\"valueName\":\"search_term_string\"}}],\"inLanguage\":\"es\"},{\"@type\":\"Organization\",\"@id\":\"https:\\\/\\\/costablancaup.com\\\/es\\\/#organization\",\"name\":\"Costa Blanca Up\",\"url\":\"https:\\\/\\\/costablancaup.com\\\/es\\\/\",\"logo\":{\"@type\":\"ImageObject\",\"inLanguage\":\"es\",\"@id\":\"https:\\\/\\\/costablancaup.com\\\/es\\\/#\\\/schema\\\/logo\\\/image\\\/\",\"url\":\"https:\\\/\\\/costablancaup.com\\\/wp-content\\\/uploads\\\/2018\\\/07\\\/titulo_web-1.png\",\"contentUrl\":\"https:\\\/\\\/costablancaup.com\\\/wp-content\\\/uploads\\\/2018\\\/07\\\/titulo_web-1.png\",\"width\":1973,\"height\":303,\"caption\":\"Costa Blanca Up\"},\"image\":{\"@id\":\"https:\\\/\\\/costablancaup.com\\\/es\\\/#\\\/schema\\\/logo\\\/image\\\/\"}}]}<\/script>\n<!-- \/ Yoast SEO plugin. -->","yoast_head_json":{"title":"Cabalgata de Reyes de Valencia - COSTA BLANCA UP","robots":{"index":"index","follow":"follow","max-snippet":"max-snippet:-1","max-image-preview":"max-image-preview:large","max-video-preview":"max-video-preview:-1"},"canonical":"https:\/\/costablancaup.com\/es\/class\/cabalgata-de-reyes-de-valencia\/","og_locale":"es_ES","og_type":"article","og_title":"Cabalgata de Reyes de Valencia - COSTA BLANCA UP","og_description":"La Cabalgata recorrer\u00e1 a partir de las 18:00 horas del 5 de enero algunas de las principales calles del centro de la ciudad. Los Reyes Magos, Melchor, G\u00e1spar y Baltasar, llegar\u00e1n al Puerto de Valencia embarcados en un catamar\u00e1n. Desde all\u00ed se desplazar\u00e1n al Paseo de la Alameda, desde donde empezar\u00e1 el desfile. La Cabalgata contar\u00e1 con grupos de animaci\u00f3n, m\u00fasica y comparsas, adem\u00e1s de los gigantes Jaume y Violanda acompa\u00f1ados de los cabezudos de la ciudad, que se encargar\u00e1n de abrir el desfile. Una vez lleguen todos al final del recorrido, Sus Majestades se dirigir\u00e1n a los ni\u00f1os desde [&hellip;]","og_url":"https:\/\/costablancaup.com\/es\/class\/cabalgata-de-reyes-de-valencia\/","og_site_name":"COSTA BLANCA UP","article_modified_time":"2019-01-04T09:42:30+00:00","twitter_card":"summary_large_image","twitter_misc":{"Tiempo de lectura":"1 minuto"},"schema":{"@context":"https:\/\/schema.org","@graph":[{"@type":"WebPage","@id":"https:\/\/costablancaup.com\/es\/class\/cabalgata-de-reyes-de-valencia\/","url":"https:\/\/costablancaup.com\/es\/class\/cabalgata-de-reyes-de-valencia\/","name":"Cabalgata de Reyes de Valencia - COSTA BLANCA UP","isPartOf":{"@id":"https:\/\/costablancaup.com\/es\/#website"},"datePublished":"2019-01-04T09:38:21+00:00","dateModified":"2019-01-04T09:42:30+00:00","breadcrumb":{"@id":"https:\/\/costablancaup.com\/es\/class\/cabalgata-de-reyes-de-valencia\/#breadcrumb"},"inLanguage":"es","potentialAction":[{"@type":"ReadAction","target":["https:\/\/costablancaup.com\/es\/class\/cabalgata-de-reyes-de-valencia\/"]}]},{"@type":"BreadcrumbList","@id":"https:\/\/costablancaup.com\/es\/class\/cabalgata-de-reyes-de-valencia\/#breadcrumb","itemListElement":[{"@type":"ListItem","position":1,"name":"Home","item":"https:\/\/costablancaup.com\/es\/"},{"@type":"ListItem","position":2,"name":"Cabalgata de Reyes de Valencia"}]},{"@type":"WebSite","@id":"https:\/\/costablancaup.com\/es\/#website","url":"https:\/\/costablancaup.com\/es\/","name":"COSTA BLANCA UP","description":"Costa Blanca Events and Agenda","publisher":{"@id":"https:\/\/costablancaup.com\/es\/#organization"},"potentialAction":[{"@type":"SearchAction","target":{"@type":"EntryPoint","urlTemplate":"https:\/\/costablancaup.com\/es\/?s={search_term_string}"},"query-input":{"@type":"PropertyValueSpecification","valueRequired":true,"valueName":"search_term_string"}}],"inLanguage":"es"},{"@type":"Organization","@id":"https:\/\/costablancaup.com\/es\/#organization","name":"Costa Blanca Up","url":"https:\/\/costablancaup.com\/es\/","logo":{"@type":"ImageObject","inLanguage":"es","@id":"https:\/\/costablancaup.com\/es\/#\/schema\/logo\/image\/","url":"https:\/\/costablancaup.com\/wp-content\/uploads\/2018\/07\/titulo_web-1.png","contentUrl":"https:\/\/costablancaup.com\/wp-content\/uploads\/2018\/07\/titulo_web-1.png","width":1973,"height":303,"caption":"Costa Blanca Up"},"image":{"@id":"https:\/\/costablancaup.com\/es\/#\/schema\/logo\/image\/"}}]}},"_links":{"self":[{"href":"https:\/\/costablancaup.com\/es\/wp-json\/wp\/v2\/class\/23337","targetHints":{"allow":["GET"]}}],"collection":[{"href":"https:\/\/costablancaup.com\/es\/wp-json\/wp\/v2\/class"}],"about":[{"href":"https:\/\/costablancaup.com\/es\/wp-json\/wp\/v2\/types\/class"}],"wp:attachment":[{"href":"https:\/\/costablancaup.com\/es\/wp-json\/wp\/v2\/media?parent=23337"}],"wp:term":[{"taxonomy":"wcs-type","embeddable":true,"href":"https:\/\/costablancaup.com\/es\/wp-json\/wp\/v2\/wcs-type?post=23337"},{"taxonomy":"wcs-room","embeddable":true,"href":"https:\/\/costablancaup.com\/es\/wp-json\/wp\/v2\/wcs-room?post=23337"},{"taxonomy":"wcs-instructor","embeddable":true,"href":"https:\/\/costablancaup.com\/es\/wp-json\/wp\/v2\/wcs-instructor?post=23337"}],"curies":[{"name":"wp","href":"https:\/\/api.w.org\/{rel}","templated":true}]}}

<h2>La Cabalgata recorrerá a partir de las 18:00 horas del 5 de enero algunas de las principales calles del centro de la ciudad.</h2>
<p>Los Reyes Magos, Melchor, Gáspar y Baltasar, llegarán al Puerto de Valencia embarcados en un catamarán. Desde allí se desplazarán al Paseo de la Alameda, desde donde empezará el desfile.</p>
<p>La Cabalgata contará con grupos de animación, música y comparsas, además de los gigantes Jaume y Violanda acompañados de los cabezudos de la ciudad, que se encargarán de abrir el desfile.</p>
<p>Una vez lleguen todos al final del recorrido, Sus Majestades se dirigirán a los niños desde el balcón del Ayuntamiento.</p>
<p>Y para terminar, tendrá lugar un espectáculo piromusical que unirá los fuegos artificiales con la interpretación de una pieza clásica navideña.</p>
<h3>Localización</h3>

            
            
            
            <a name='map39'></a>
            
            
            
            
            <div class="wpgmza_map "  id="wpgmza_map_39" style="display:block; overflow:auto; width:100%; height:400px; float:left;" data-settings='{"id":"39","map_title":"Plaza del Ayuntamiento (Valencia)","map_width":"100","map_height":"400","map_start_lat":"39.464545","map_start_lng":"-0.372407","map_start_location":"39.46454481107512,-0.3724068191677361","map_start_zoom":"14","default_marker":"0","type":"1","alignment":"1","directions_enabled":"0","styling_enabled":"0","styling_json":"","active":"0","kml":"","bicycle":"0","traffic":"0","dbox":"1","dbox_width":"100","listmarkers":"0","listmarkers_advanced":"0","filterbycat":"0","ugm_enabled":"0","ugm_category_enabled":"0","fusion":"","map_width_type":"\\%","map_height_type":"px","mass_marker_support":"0","ugm_access":"0","order_markers_by":"1","order_markers_choice":"2","show_user_location":"2","default_to":"","other_settings":{"wpgmza_store_locator_restrict":"","wpgmza_sl_animation":"1","store_locator_query_string":"ZIP \/ Address:","store_locator_name_string":"Title \/ Description:","store_locator_default_address":"","wpgmza_dbox_width_type":"%","map_max_zoom":"3","map_min_zoom":"21","sl_stroke_color":"FF0000","sl_stroke_opacity":"0.25","sl_fill_color":"FF0000","sl_fill_opacity":"0.15","click_open_link":2,"transport_layer":0,"iw_primary_color":"2A3744","iw_accent_color":"252F3A","iw_text_color":"FFFFFF","wpgmza_iw_type":"0","list_markers_by":"0","push_in_map":"","push_in_map_placement":"9","wpgmza_push_in_map_width":"","wpgmza_push_in_map_height":"","wpgmza_theme_data":"","upload_default_ul_marker":"","upload_default_sl_marker":"","shortcodeAttributes":{"id":"39"}}}' data-map-id='39' data-shortcode-attributes='{"id":"39"}'> </div>

<p>La Cabalgata recorrerá a partir de las 18:00 horas del 5 de enero algunas de las principales calles del centro de la ciudad. Los Reyes Magos, Melchor, Gáspar y Baltasar, llegarán al Puerto de Valencia embarcados en un catamarán. Desde allí se desplazarán al Paseo de la Alameda, desde donde empezará el desfile. La Cabalgata contará con grupos de animación, música y comparsas, además de los gigantes Jaume y Violanda acompañados de los cabezudos de la ciudad, que se encargarán de abrir el desfile. Una vez lleguen todos al final del recorrido, Sus Majestades se dirigirán a los niños desde [&hellip;]</p>

<!-- This site is optimized with the Yoast SEO plugin v27.4 - https://yoast.com/product/yoast-seo-wordpress/ -->
<title>Cabalgata de Reyes de Valencia - COSTA BLANCA UP</title>
<meta name="robots" content="index, follow, max-snippet:-1, max-image-preview:large, max-video-preview:-1" />
<link rel="canonical" href="https://costablancaup.com/es/class/cabalgata-de-reyes-de-valencia/" />
<meta property="og:locale" content="es_ES" />
<meta property="og:type" content="article" />
<meta property="og:title" content="Cabalgata de Reyes de Valencia - COSTA BLANCA UP" />
<meta property="og:description" content="La Cabalgata recorrerá a partir de las 18:00 horas del 5 de enero algunas de las principales calles del centro de la ciudad. Los Reyes Magos, Melchor, Gáspar y Baltasar, llegarán al Puerto de Valencia embarcados en un catamarán. Desde allí se desplazarán al Paseo de la Alameda, desde donde empezará el desfile. La Cabalgata contará con grupos de animación, música y comparsas, además de los gigantes Jaume y Violanda acompañados de los cabezudos de la ciudad, que se encargarán de abrir el desfile. Una vez lleguen todos al final del recorrido, Sus Majestades se dirigirán a los niños desde [&hellip;]" />
<meta property="og:url" content="https://costablancaup.com/es/class/cabalgata-de-reyes-de-valencia/" />
<meta property="og:site_name" content="COSTA BLANCA UP" />
<meta property="article:modified_time" content="2019-01-04T09:42:30+00:00" />
<meta name="twitter:card" content="summary_large_image" />
<meta name="twitter:label1" content="Tiempo de lectura" />
	<meta name="twitter:data1" content="1 minuto" />
<script type="application/ld+json" class="yoast-schema-graph">{"@context":"https:\/\/schema.org","@graph":[{"@type":"WebPage","@id":"https:\/\/costablancaup.com\/es\/class\/cabalgata-de-reyes-de-valencia\/","url":"https:\/\/costablancaup.com\/es\/class\/cabalgata-de-reyes-de-valencia\/","name":"Cabalgata de Reyes de Valencia - COSTA BLANCA UP","isPartOf":{"@id":"https:\/\/costablancaup.com\/es\/#website"},"datePublished":"2019-01-04T09:38:21+00:00","dateModified":"2019-01-04T09:42:30+00:00","breadcrumb":{"@id":"https:\/\/costablancaup.com\/es\/class\/cabalgata-de-reyes-de-valencia\/#breadcrumb"},"inLanguage":"es","potentialAction":[{"@type":"ReadAction","target":["https:\/\/costablancaup.com\/es\/class\/cabalgata-de-reyes-de-valencia\/"]}]},{"@type":"BreadcrumbList","@id":"https:\/\/costablancaup.com\/es\/class\/cabalgata-de-reyes-de-valencia\/#breadcrumb","itemListElement":[{"@type":"ListItem","position":1,"name":"Home","item":"https:\/\/costablancaup.com\/es\/"},{"@type":"ListItem","position":2,"name":"Cabalgata de Reyes de Valencia"}]},{"@type":"WebSite","@id":"https:\/\/costablancaup.com\/es\/#website","url":"https:\/\/costablancaup.com\/es\/","name":"COSTA BLANCA UP","description":"Costa Blanca Events and Agenda","publisher":{"@id":"https:\/\/costablancaup.com\/es\/#organization"},"potentialAction":[{"@type":"SearchAction","target":{"@type":"EntryPoint","urlTemplate":"https:\/\/costablancaup.com\/es\/?s={search_term_string}"},"query-input":{"@type":"PropertyValueSpecification","valueRequired":true,"valueName":"search_term_string"}}],"inLanguage":"es"},{"@type":"Organization","@id":"https:\/\/costablancaup.com\/es\/#organization","name":"Costa Blanca Up","url":"https:\/\/costablancaup.com\/es\/","logo":{"@type":"ImageObject","inLanguage":"es","@id":"https:\/\/costablancaup.com\/es\/#\/schema\/logo\/image\/","url":"https:\/\/costablancaup.com\/wp-content\/uploads\/2018\/07\/titulo_web-1.png","contentUrl":"https:\/\/costablancaup.com\/wp-content\/uploads\/2018\/07\/titulo_web-1.png","width":1973,"height":303,"caption":"Costa Blanca Up"},"image":{"@id":"https:\/\/costablancaup.com\/es\/#\/schema\/logo\/image\/"}}]}</script>
<!-- / Yoast SEO plugin. -->

La Cabalgata recorrerá a partir de las 18:00 horas del 5 de enero algunas de las principales calles del centro de la ciudad. Los Reyes Magos, Melchor, Gáspar y Baltasar, llegarán al Puerto de Valencia embarcados en un catamarán. Desde allí se desplazarán al Paseo de la Alameda, desde donde empezará el desfile. La Cabalgata contará con grupos de animación, música y comparsas, además de los gigantes Jaume y Violanda acompañados de los cabezudos de la ciudad, que se encargarán de abrir el desfile. Una vez lleguen todos al final del recorrido, Sus Majestades se dirigirán a los niños desde [&hellip;]
