{"id":26698,"date":"2019-03-15T11:34:21","date_gmt":"2019-03-15T10:34:21","guid":{"rendered":"https:\/\/costablancaup.com\/class\/las-fallas-de-valencia-3-2\/"},"modified":"2019-03-15T11:36:17","modified_gmt":"2019-03-15T10:36:17","slug":"las-fallas-de-valencia-4","status":"publish","type":"class","link":"https:\/\/costablancaup.com\/es\/class\/las-fallas-de-valencia-4\/","title":{"rendered":"\u00abLas Fallas\u00bb de Valencia"},"content":{"rendered":"<h2>Del 15 al 19 de marzo, no te pierdas los mejores eventos de la fiesta de \u00abLas Fallas\u00bb.<\/h2>\n<p>Durante estos d\u00edas la ciudad de Valencia se vuelca con la celebraci\u00f3n de esta fiesta protagonizada por el fuego y la p\u00f3lvora.<\/p>\n<p>La fiesta, declarada de Inter\u00e9s Tur\u00edstico Internacional y Patrimonio Cultural Inmaterial de la Unesco, combina la s\u00e1tira y el arte de los monumentos con la tradici\u00f3n, la religi\u00f3n, la m\u00fasica, los espect\u00e1culos y la gastronom\u00eda.<\/p>\n<p>\u00abLas Fallas\u00bb empiezan oficialmente el viernes con la \u00abPlant\u00e0\u00bb de los monumentos y terminan el martes siguiente con \u00abLa Crem\u00e0\u00bb de los mismos.<\/p>\n<h3>Programa<\/h3>\n<p><strong>Lunes 18 de marzo<\/strong><\/p>\n<ul>\n<li>10:30 horas: Homenaje al poeta Maximiliano Thous, en su monumento, situado en el cruce de las calles de Sagunto y Maximiliano Thous.<\/li>\n<li>12:00 horas: Homenaje al maestro Serrano, que tendr\u00e1 lugar en su monumento de la avenida del Reino de Val\u00e8ncia.<\/li>\n<li>14:00 horas: \u00abMasclet\u00e0\u00bb en la plaza del Ayuntamiento de Valencia.<\/li>\n<li>20:00 horas: Calles iluminadas de Fallas.<\/li>\n<li>01:30 horas: Gran \u00abNIT DEL FOC\u00bb. Castillo de fuegos artificiales en el paseo de la Alameda.<\/li>\n<\/ul>\n","protected":false},"excerpt":{"rendered":"<p>Del 15 al 19 de marzo, no te pierdas los mejores eventos de la fiesta de \u00abLas Fallas\u00bb. Durante estos d\u00edas la ciudad de Valencia se vuelca con la celebraci\u00f3n de esta fiesta protagonizada por el fuego y la p\u00f3lvora. La fiesta, declarada de Inter\u00e9s Tur\u00edstico Internacional y Patrimonio Cultural Inmaterial de la Unesco, combina la s\u00e1tira y el arte de los monumentos con la tradici\u00f3n, la religi\u00f3n, la m\u00fasica, los espect\u00e1culos y la gastronom\u00eda. \u00abLas Fallas\u00bb empiezan oficialmente el viernes con la \u00abPlant\u00e0\u00bb de los monumentos y terminan el martes siguiente con \u00abLa Crem\u00e0\u00bb de los mismos. Programa Lunes [&hellip;]<\/p>\n","protected":false},"template":"","meta":[],"wcs-type":[5042,5053,5226],"wcs-room":[5395],"wcs-instructor":[],"class_list":["post-26698","class","type-class","status-publish","hentry","wcs-type-espectaculos","wcs-type-fiestas","wcs-type-otros","wcs-room-valencia"],"yoast_head":"<!-- This site is optimized with the Yoast SEO plugin v27.4 - https:\/\/yoast.com\/product\/yoast-seo-wordpress\/ -->\n<title>&quot;Las Fallas&quot; de Valencia - COSTA BLANCA UP<\/title>\n<meta name=\"robots\" content=\"index, follow, max-snippet:-1, max-image-preview:large, max-video-preview:-1\" \/>\n<link rel=\"canonical\" href=\"https:\/\/costablancaup.com\/es\/class\/las-fallas-de-valencia-4\/\" \/>\n<meta property=\"og:locale\" content=\"es_ES\" \/>\n<meta property=\"og:type\" content=\"article\" \/>\n<meta property=\"og:title\" content=\"&quot;Las Fallas&quot; de Valencia - COSTA BLANCA UP\" \/>\n<meta property=\"og:description\" content=\"Del 15 al 19 de marzo, no te pierdas los mejores eventos de la fiesta de \u00abLas Fallas\u00bb. Durante estos d\u00edas la ciudad de Valencia se vuelca con la celebraci\u00f3n de esta fiesta protagonizada por el fuego y la p\u00f3lvora. La fiesta, declarada de Inter\u00e9s Tur\u00edstico Internacional y Patrimonio Cultural Inmaterial de la Unesco, combina la s\u00e1tira y el arte de los monumentos con la tradici\u00f3n, la religi\u00f3n, la m\u00fasica, los espect\u00e1culos y la gastronom\u00eda. \u00abLas Fallas\u00bb empiezan oficialmente el viernes con la \u00abPlant\u00e0\u00bb de los monumentos y terminan el martes siguiente con \u00abLa Crem\u00e0\u00bb de los mismos. Programa Lunes [&hellip;]\" \/>\n<meta property=\"og:url\" content=\"https:\/\/costablancaup.com\/es\/class\/las-fallas-de-valencia-4\/\" \/>\n<meta property=\"og:site_name\" content=\"COSTA BLANCA UP\" \/>\n<meta property=\"article:modified_time\" content=\"2019-03-15T10:36:17+00:00\" \/>\n<meta name=\"twitter:card\" content=\"summary_large_image\" \/>\n<meta name=\"twitter:label1\" content=\"Tiempo de lectura\" \/>\n\t<meta name=\"twitter:data1\" content=\"1 minuto\" \/>\n<script type=\"application\/ld+json\" class=\"yoast-schema-graph\">{\"@context\":\"https:\\\/\\\/schema.org\",\"@graph\":[{\"@type\":\"WebPage\",\"@id\":\"https:\\\/\\\/costablancaup.com\\\/es\\\/class\\\/las-fallas-de-valencia-4\\\/\",\"url\":\"https:\\\/\\\/costablancaup.com\\\/es\\\/class\\\/las-fallas-de-valencia-4\\\/\",\"name\":\"\\\"Las Fallas\\\" de Valencia - COSTA BLANCA UP\",\"isPartOf\":{\"@id\":\"https:\\\/\\\/costablancaup.com\\\/es\\\/#website\"},\"datePublished\":\"2019-03-15T10:34:21+00:00\",\"dateModified\":\"2019-03-15T10:36:17+00:00\",\"breadcrumb\":{\"@id\":\"https:\\\/\\\/costablancaup.com\\\/es\\\/class\\\/las-fallas-de-valencia-4\\\/#breadcrumb\"},\"inLanguage\":\"es\",\"potentialAction\":[{\"@type\":\"ReadAction\",\"target\":[\"https:\\\/\\\/costablancaup.com\\\/es\\\/class\\\/las-fallas-de-valencia-4\\\/\"]}]},{\"@type\":\"BreadcrumbList\",\"@id\":\"https:\\\/\\\/costablancaup.com\\\/es\\\/class\\\/las-fallas-de-valencia-4\\\/#breadcrumb\",\"itemListElement\":[{\"@type\":\"ListItem\",\"position\":1,\"name\":\"Home\",\"item\":\"https:\\\/\\\/costablancaup.com\\\/es\\\/\"},{\"@type\":\"ListItem\",\"position\":2,\"name\":\"&#171;Las Fallas&#187; de Valencia\"}]},{\"@type\":\"WebSite\",\"@id\":\"https:\\\/\\\/costablancaup.com\\\/es\\\/#website\",\"url\":\"https:\\\/\\\/costablancaup.com\\\/es\\\/\",\"name\":\"COSTA BLANCA UP\",\"description\":\"Costa Blanca Events and Agenda\",\"publisher\":{\"@id\":\"https:\\\/\\\/costablancaup.com\\\/es\\\/#organization\"},\"potentialAction\":[{\"@type\":\"SearchAction\",\"target\":{\"@type\":\"EntryPoint\",\"urlTemplate\":\"https:\\\/\\\/costablancaup.com\\\/es\\\/?s={search_term_string}\"},\"query-input\":{\"@type\":\"PropertyValueSpecification\",\"valueRequired\":true,\"valueName\":\"search_term_string\"}}],\"inLanguage\":\"es\"},{\"@type\":\"Organization\",\"@id\":\"https:\\\/\\\/costablancaup.com\\\/es\\\/#organization\",\"name\":\"Costa Blanca Up\",\"url\":\"https:\\\/\\\/costablancaup.com\\\/es\\\/\",\"logo\":{\"@type\":\"ImageObject\",\"inLanguage\":\"es\",\"@id\":\"https:\\\/\\\/costablancaup.com\\\/es\\\/#\\\/schema\\\/logo\\\/image\\\/\",\"url\":\"https:\\\/\\\/costablancaup.com\\\/wp-content\\\/uploads\\\/2018\\\/07\\\/titulo_web-1.png\",\"contentUrl\":\"https:\\\/\\\/costablancaup.com\\\/wp-content\\\/uploads\\\/2018\\\/07\\\/titulo_web-1.png\",\"width\":1973,\"height\":303,\"caption\":\"Costa Blanca Up\"},\"image\":{\"@id\":\"https:\\\/\\\/costablancaup.com\\\/es\\\/#\\\/schema\\\/logo\\\/image\\\/\"}}]}<\/script>\n<!-- \/ Yoast SEO plugin. -->","yoast_head_json":{"title":"\"Las Fallas\" de Valencia - COSTA BLANCA UP","robots":{"index":"index","follow":"follow","max-snippet":"max-snippet:-1","max-image-preview":"max-image-preview:large","max-video-preview":"max-video-preview:-1"},"canonical":"https:\/\/costablancaup.com\/es\/class\/las-fallas-de-valencia-4\/","og_locale":"es_ES","og_type":"article","og_title":"\"Las Fallas\" de Valencia - COSTA BLANCA UP","og_description":"Del 15 al 19 de marzo, no te pierdas los mejores eventos de la fiesta de \u00abLas Fallas\u00bb. Durante estos d\u00edas la ciudad de Valencia se vuelca con la celebraci\u00f3n de esta fiesta protagonizada por el fuego y la p\u00f3lvora. La fiesta, declarada de Inter\u00e9s Tur\u00edstico Internacional y Patrimonio Cultural Inmaterial de la Unesco, combina la s\u00e1tira y el arte de los monumentos con la tradici\u00f3n, la religi\u00f3n, la m\u00fasica, los espect\u00e1culos y la gastronom\u00eda. \u00abLas Fallas\u00bb empiezan oficialmente el viernes con la \u00abPlant\u00e0\u00bb de los monumentos y terminan el martes siguiente con \u00abLa Crem\u00e0\u00bb de los mismos. Programa Lunes [&hellip;]","og_url":"https:\/\/costablancaup.com\/es\/class\/las-fallas-de-valencia-4\/","og_site_name":"COSTA BLANCA UP","article_modified_time":"2019-03-15T10:36:17+00:00","twitter_card":"summary_large_image","twitter_misc":{"Tiempo de lectura":"1 minuto"},"schema":{"@context":"https:\/\/schema.org","@graph":[{"@type":"WebPage","@id":"https:\/\/costablancaup.com\/es\/class\/las-fallas-de-valencia-4\/","url":"https:\/\/costablancaup.com\/es\/class\/las-fallas-de-valencia-4\/","name":"\"Las Fallas\" de Valencia - COSTA BLANCA UP","isPartOf":{"@id":"https:\/\/costablancaup.com\/es\/#website"},"datePublished":"2019-03-15T10:34:21+00:00","dateModified":"2019-03-15T10:36:17+00:00","breadcrumb":{"@id":"https:\/\/costablancaup.com\/es\/class\/las-fallas-de-valencia-4\/#breadcrumb"},"inLanguage":"es","potentialAction":[{"@type":"ReadAction","target":["https:\/\/costablancaup.com\/es\/class\/las-fallas-de-valencia-4\/"]}]},{"@type":"BreadcrumbList","@id":"https:\/\/costablancaup.com\/es\/class\/las-fallas-de-valencia-4\/#breadcrumb","itemListElement":[{"@type":"ListItem","position":1,"name":"Home","item":"https:\/\/costablancaup.com\/es\/"},{"@type":"ListItem","position":2,"name":"&#171;Las Fallas&#187; de Valencia"}]},{"@type":"WebSite","@id":"https:\/\/costablancaup.com\/es\/#website","url":"https:\/\/costablancaup.com\/es\/","name":"COSTA BLANCA UP","description":"Costa Blanca Events and Agenda","publisher":{"@id":"https:\/\/costablancaup.com\/es\/#organization"},"potentialAction":[{"@type":"SearchAction","target":{"@type":"EntryPoint","urlTemplate":"https:\/\/costablancaup.com\/es\/?s={search_term_string}"},"query-input":{"@type":"PropertyValueSpecification","valueRequired":true,"valueName":"search_term_string"}}],"inLanguage":"es"},{"@type":"Organization","@id":"https:\/\/costablancaup.com\/es\/#organization","name":"Costa Blanca Up","url":"https:\/\/costablancaup.com\/es\/","logo":{"@type":"ImageObject","inLanguage":"es","@id":"https:\/\/costablancaup.com\/es\/#\/schema\/logo\/image\/","url":"https:\/\/costablancaup.com\/wp-content\/uploads\/2018\/07\/titulo_web-1.png","contentUrl":"https:\/\/costablancaup.com\/wp-content\/uploads\/2018\/07\/titulo_web-1.png","width":1973,"height":303,"caption":"Costa Blanca Up"},"image":{"@id":"https:\/\/costablancaup.com\/es\/#\/schema\/logo\/image\/"}}]}},"_links":{"self":[{"href":"https:\/\/costablancaup.com\/es\/wp-json\/wp\/v2\/class\/26698","targetHints":{"allow":["GET"]}}],"collection":[{"href":"https:\/\/costablancaup.com\/es\/wp-json\/wp\/v2\/class"}],"about":[{"href":"https:\/\/costablancaup.com\/es\/wp-json\/wp\/v2\/types\/class"}],"wp:attachment":[{"href":"https:\/\/costablancaup.com\/es\/wp-json\/wp\/v2\/media?parent=26698"}],"wp:term":[{"taxonomy":"wcs-type","embeddable":true,"href":"https:\/\/costablancaup.com\/es\/wp-json\/wp\/v2\/wcs-type?post=26698"},{"taxonomy":"wcs-room","embeddable":true,"href":"https:\/\/costablancaup.com\/es\/wp-json\/wp\/v2\/wcs-room?post=26698"},{"taxonomy":"wcs-instructor","embeddable":true,"href":"https:\/\/costablancaup.com\/es\/wp-json\/wp\/v2\/wcs-instructor?post=26698"}],"curies":[{"name":"wp","href":"https:\/\/api.w.org\/{rel}","templated":true}]}}

<h2>Del 15 al 19 de marzo, no te pierdas los mejores eventos de la fiesta de «Las Fallas».</h2>
<p>Durante estos días la ciudad de Valencia se vuelca con la celebración de esta fiesta protagonizada por el fuego y la pólvora.</p>
<p>La fiesta, declarada de Interés Turístico Internacional y Patrimonio Cultural Inmaterial de la Unesco, combina la sátira y el arte de los monumentos con la tradición, la religión, la música, los espectáculos y la gastronomía.</p>
<p>«Las Fallas» empiezan oficialmente el viernes con la «Plantà» de los monumentos y terminan el martes siguiente con «La Cremà» de los mismos.</p>
<h3>Programa</h3>
<p><strong>Lunes 18 de marzo</strong></p>
<ul>
<li>10:30 horas: Homenaje al poeta Maximiliano Thous, en su monumento, situado en el cruce de las calles de Sagunto y Maximiliano Thous.</li>
<li>12:00 horas: Homenaje al maestro Serrano, que tendrá lugar en su monumento de la avenida del Reino de València.</li>
<li>14:00 horas: «Mascletà» en la plaza del Ayuntamiento de Valencia.</li>
<li>20:00 horas: Calles iluminadas de Fallas.</li>
<li>01:30 horas: Gran «NIT DEL FOC». Castillo de fuegos artificiales en el paseo de la Alameda.</li>
</ul>

<p>Del 15 al 19 de marzo, no te pierdas los mejores eventos de la fiesta de «Las Fallas». Durante estos días la ciudad de Valencia se vuelca con la celebración de esta fiesta protagonizada por el fuego y la pólvora. La fiesta, declarada de Interés Turístico Internacional y Patrimonio Cultural Inmaterial de la Unesco, combina la sátira y el arte de los monumentos con la tradición, la religión, la música, los espectáculos y la gastronomía. «Las Fallas» empiezan oficialmente el viernes con la «Plantà» de los monumentos y terminan el martes siguiente con «La Cremà» de los mismos. Programa Lunes [&hellip;]</p>

<!-- This site is optimized with the Yoast SEO plugin v27.4 - https://yoast.com/product/yoast-seo-wordpress/ -->
<title>&quot;Las Fallas&quot; de Valencia - COSTA BLANCA UP</title>
<meta name="robots" content="index, follow, max-snippet:-1, max-image-preview:large, max-video-preview:-1" />
<link rel="canonical" href="https://costablancaup.com/es/class/las-fallas-de-valencia-4/" />
<meta property="og:locale" content="es_ES" />
<meta property="og:type" content="article" />
<meta property="og:title" content="&quot;Las Fallas&quot; de Valencia - COSTA BLANCA UP" />
<meta property="og:description" content="Del 15 al 19 de marzo, no te pierdas los mejores eventos de la fiesta de «Las Fallas». Durante estos días la ciudad de Valencia se vuelca con la celebración de esta fiesta protagonizada por el fuego y la pólvora. La fiesta, declarada de Interés Turístico Internacional y Patrimonio Cultural Inmaterial de la Unesco, combina la sátira y el arte de los monumentos con la tradición, la religión, la música, los espectáculos y la gastronomía. «Las Fallas» empiezan oficialmente el viernes con la «Plantà» de los monumentos y terminan el martes siguiente con «La Cremà» de los mismos. Programa Lunes [&hellip;]" />
<meta property="og:url" content="https://costablancaup.com/es/class/las-fallas-de-valencia-4/" />
<meta property="og:site_name" content="COSTA BLANCA UP" />
<meta property="article:modified_time" content="2019-03-15T10:36:17+00:00" />
<meta name="twitter:card" content="summary_large_image" />
<meta name="twitter:label1" content="Tiempo de lectura" />
	<meta name="twitter:data1" content="1 minuto" />
<script type="application/ld+json" class="yoast-schema-graph">{"@context":"https:\/\/schema.org","@graph":[{"@type":"WebPage","@id":"https:\/\/costablancaup.com\/es\/class\/las-fallas-de-valencia-4\/","url":"https:\/\/costablancaup.com\/es\/class\/las-fallas-de-valencia-4\/","name":"\"Las Fallas\" de Valencia - COSTA BLANCA UP","isPartOf":{"@id":"https:\/\/costablancaup.com\/es\/#website"},"datePublished":"2019-03-15T10:34:21+00:00","dateModified":"2019-03-15T10:36:17+00:00","breadcrumb":{"@id":"https:\/\/costablancaup.com\/es\/class\/las-fallas-de-valencia-4\/#breadcrumb"},"inLanguage":"es","potentialAction":[{"@type":"ReadAction","target":["https:\/\/costablancaup.com\/es\/class\/las-fallas-de-valencia-4\/"]}]},{"@type":"BreadcrumbList","@id":"https:\/\/costablancaup.com\/es\/class\/las-fallas-de-valencia-4\/#breadcrumb","itemListElement":[{"@type":"ListItem","position":1,"name":"Home","item":"https:\/\/costablancaup.com\/es\/"},{"@type":"ListItem","position":2,"name":"&#171;Las Fallas&#187; de Valencia"}]},{"@type":"WebSite","@id":"https:\/\/costablancaup.com\/es\/#website","url":"https:\/\/costablancaup.com\/es\/","name":"COSTA BLANCA UP","description":"Costa Blanca Events and Agenda","publisher":{"@id":"https:\/\/costablancaup.com\/es\/#organization"},"potentialAction":[{"@type":"SearchAction","target":{"@type":"EntryPoint","urlTemplate":"https:\/\/costablancaup.com\/es\/?s={search_term_string}"},"query-input":{"@type":"PropertyValueSpecification","valueRequired":true,"valueName":"search_term_string"}}],"inLanguage":"es"},{"@type":"Organization","@id":"https:\/\/costablancaup.com\/es\/#organization","name":"Costa Blanca Up","url":"https:\/\/costablancaup.com\/es\/","logo":{"@type":"ImageObject","inLanguage":"es","@id":"https:\/\/costablancaup.com\/es\/#\/schema\/logo\/image\/","url":"https:\/\/costablancaup.com\/wp-content\/uploads\/2018\/07\/titulo_web-1.png","contentUrl":"https:\/\/costablancaup.com\/wp-content\/uploads\/2018\/07\/titulo_web-1.png","width":1973,"height":303,"caption":"Costa Blanca Up"},"image":{"@id":"https:\/\/costablancaup.com\/es\/#\/schema\/logo\/image\/"}}]}</script>
<!-- / Yoast SEO plugin. -->

Del 15 al 19 de marzo, no te pierdas los mejores eventos de la fiesta de «Las Fallas». Durante estos días la ciudad de Valencia se vuelca con la celebración de esta fiesta protagonizada por el fuego y la pólvora. La fiesta, declarada de Interés Turístico Internacional y Patrimonio Cultural Inmaterial de la Unesco, combina la sátira y el arte de los monumentos con la tradición, la religión, la música, los espectáculos y la gastronomía. «Las Fallas» empiezan oficialmente el viernes con la «Plantà» de los monumentos y terminan el martes siguiente con «La Cremà» de los mismos. Programa Lunes [&hellip;]
