{"id":26962,"date":"2019-03-20T12:05:00","date_gmt":"2019-03-20T11:05:00","guid":{"rendered":"https:\/\/costablancaup.com\/?post_type=class&#038;p=26962"},"modified":"2019-03-20T12:05:00","modified_gmt":"2019-03-20T11:05:00","slug":"la-habitacion-roja-memoria-2","status":"publish","type":"class","link":"https:\/\/costablancaup.com\/es\/class\/la-habitacion-roja-memoria-2\/","title":{"rendered":"La Habitaci\u00f3n Roja: \u00abMemoria\u00bb"},"content":{"rendered":"<p>El de <em>La Habitaci\u00f3n Roja<\/em> es uno de los mejores ejemplos posibles de carrera\u00a0de fondo en la historia de la m\u00fasica popular en Espa\u00f1a.<\/p>\n<p>Veinte a\u00f1os publicando canciones sin parar, con diez discos oficiales y montones de singles y EPs, y\u00a0una coherencia y constancia que ha provocado que cada disco suponga un paso m\u00e1s hacia el altar de\u00a0los cl\u00e1sicos. Su mejor momento siempre ha sido el presente, y eso es algo de lo que pocos m\u00e1s pueden presumir.<\/p>\n<p>Han recibido el Premio de la M\u00fasica Independiente a la Mejor Canci\u00f3n (\u201cAyer\u201d) y Album Pop (\u201cLa moneda en el aire\u201d), tambi\u00e9n el IMAS mexicano al Mejor Artista Espa\u00f1ol. En 2015 celebraros su 20\u00ba aniversario, con varios homenajes y conciertos inolvidables.<\/p>\n<p>Sus discos ocupan desde hace a\u00f1os el Top10 de los m\u00e1s vendidos en Espa\u00f1a. Cada uno incorpora nuevos cl\u00e1sicos a un repertorio que no para de crecer, que suma seguidores en cada gira, en cada concierto.<\/p>\n<p><img decoding=\"async\" src=\"\/event_img\/TKT163669_la-habitacion-roja-en-alicante_1.jpg\" alt=\"La Habitaci\u00f3n Roja\" \/><\/p>\n","protected":false},"excerpt":{"rendered":"<p>El de La Habitaci\u00f3n Roja es uno de los mejores ejemplos posibles de carrera\u00a0de fondo en la historia de la m\u00fasica popular en Espa\u00f1a. Veinte a\u00f1os publicando canciones sin parar, con diez discos oficiales y montones de singles y EPs, y\u00a0una coherencia y constancia que ha provocado que cada disco suponga un paso m\u00e1s hacia el altar de\u00a0los cl\u00e1sicos. Su mejor momento siempre ha sido el presente, y eso es algo de lo que pocos m\u00e1s pueden presumir. Han recibido el Premio de la M\u00fasica Independiente a la Mejor Canci\u00f3n (\u201cAyer\u201d) y Album Pop (\u201cLa moneda en el aire\u201d), tambi\u00e9n [&hellip;]<\/p>\n","protected":false},"template":"","meta":[],"wcs-type":[5046],"wcs-room":[5908],"wcs-instructor":[],"class_list":["post-26962","class","type-class","status-publish","hentry","wcs-type-musica","wcs-room-alicante-caja-negra-centro-cultural-las-cigarreras"],"yoast_head":"<!-- This site is optimized with the Yoast SEO plugin v27.4 - https:\/\/yoast.com\/product\/yoast-seo-wordpress\/ -->\n<title>La Habitaci\u00f3n Roja: &quot;Memoria&quot; - COSTA BLANCA UP<\/title>\n<meta name=\"robots\" content=\"index, follow, max-snippet:-1, max-image-preview:large, max-video-preview:-1\" \/>\n<link rel=\"canonical\" href=\"https:\/\/costablancaup.com\/es\/class\/la-habitacion-roja-memoria-2\/\" \/>\n<meta property=\"og:locale\" content=\"es_ES\" \/>\n<meta property=\"og:type\" content=\"article\" \/>\n<meta property=\"og:title\" content=\"La Habitaci\u00f3n Roja: &quot;Memoria&quot; - COSTA BLANCA UP\" \/>\n<meta property=\"og:description\" content=\"El de La Habitaci\u00f3n Roja es uno de los mejores ejemplos posibles de carrera\u00a0de fondo en la historia de la m\u00fasica popular en Espa\u00f1a. Veinte a\u00f1os publicando canciones sin parar, con diez discos oficiales y montones de singles y EPs, y\u00a0una coherencia y constancia que ha provocado que cada disco suponga un paso m\u00e1s hacia el altar de\u00a0los cl\u00e1sicos. Su mejor momento siempre ha sido el presente, y eso es algo de lo que pocos m\u00e1s pueden presumir. Han recibido el Premio de la M\u00fasica Independiente a la Mejor Canci\u00f3n (\u201cAyer\u201d) y Album Pop (\u201cLa moneda en el aire\u201d), tambi\u00e9n [&hellip;]\" \/>\n<meta property=\"og:url\" content=\"https:\/\/costablancaup.com\/es\/class\/la-habitacion-roja-memoria-2\/\" \/>\n<meta property=\"og:site_name\" content=\"COSTA BLANCA UP\" \/>\n<meta property=\"og:image\" content=\"https:\/\/costablancaup.com\/event_img\/TKT163669_la-habitacion-roja-en-alicante_1.jpg\" \/>\n<meta name=\"twitter:card\" content=\"summary_large_image\" \/>\n<meta name=\"twitter:label1\" content=\"Tiempo de lectura\" \/>\n\t<meta name=\"twitter:data1\" content=\"1 minuto\" \/>\n<script type=\"application\/ld+json\" class=\"yoast-schema-graph\">{\"@context\":\"https:\\\/\\\/schema.org\",\"@graph\":[{\"@type\":\"WebPage\",\"@id\":\"https:\\\/\\\/costablancaup.com\\\/es\\\/class\\\/la-habitacion-roja-memoria-2\\\/\",\"url\":\"https:\\\/\\\/costablancaup.com\\\/es\\\/class\\\/la-habitacion-roja-memoria-2\\\/\",\"name\":\"La Habitaci\u00f3n Roja: \\\"Memoria\\\" - COSTA BLANCA UP\",\"isPartOf\":{\"@id\":\"https:\\\/\\\/costablancaup.com\\\/es\\\/#website\"},\"datePublished\":\"2019-03-20T11:05:00+00:00\",\"breadcrumb\":{\"@id\":\"https:\\\/\\\/costablancaup.com\\\/es\\\/class\\\/la-habitacion-roja-memoria-2\\\/#breadcrumb\"},\"inLanguage\":\"es\",\"potentialAction\":[{\"@type\":\"ReadAction\",\"target\":[\"https:\\\/\\\/costablancaup.com\\\/es\\\/class\\\/la-habitacion-roja-memoria-2\\\/\"]}]},{\"@type\":\"BreadcrumbList\",\"@id\":\"https:\\\/\\\/costablancaup.com\\\/es\\\/class\\\/la-habitacion-roja-memoria-2\\\/#breadcrumb\",\"itemListElement\":[{\"@type\":\"ListItem\",\"position\":1,\"name\":\"Home\",\"item\":\"https:\\\/\\\/costablancaup.com\\\/es\\\/\"},{\"@type\":\"ListItem\",\"position\":2,\"name\":\"La Habitaci\u00f3n Roja: \u00abMemoria\u00bb\"}]},{\"@type\":\"WebSite\",\"@id\":\"https:\\\/\\\/costablancaup.com\\\/es\\\/#website\",\"url\":\"https:\\\/\\\/costablancaup.com\\\/es\\\/\",\"name\":\"COSTA BLANCA UP\",\"description\":\"Costa Blanca Events and Agenda\",\"publisher\":{\"@id\":\"https:\\\/\\\/costablancaup.com\\\/es\\\/#organization\"},\"potentialAction\":[{\"@type\":\"SearchAction\",\"target\":{\"@type\":\"EntryPoint\",\"urlTemplate\":\"https:\\\/\\\/costablancaup.com\\\/es\\\/?s={search_term_string}\"},\"query-input\":{\"@type\":\"PropertyValueSpecification\",\"valueRequired\":true,\"valueName\":\"search_term_string\"}}],\"inLanguage\":\"es\"},{\"@type\":\"Organization\",\"@id\":\"https:\\\/\\\/costablancaup.com\\\/es\\\/#organization\",\"name\":\"Costa Blanca Up\",\"url\":\"https:\\\/\\\/costablancaup.com\\\/es\\\/\",\"logo\":{\"@type\":\"ImageObject\",\"inLanguage\":\"es\",\"@id\":\"https:\\\/\\\/costablancaup.com\\\/es\\\/#\\\/schema\\\/logo\\\/image\\\/\",\"url\":\"https:\\\/\\\/costablancaup.com\\\/wp-content\\\/uploads\\\/2018\\\/07\\\/titulo_web-1.png\",\"contentUrl\":\"https:\\\/\\\/costablancaup.com\\\/wp-content\\\/uploads\\\/2018\\\/07\\\/titulo_web-1.png\",\"width\":1973,\"height\":303,\"caption\":\"Costa Blanca Up\"},\"image\":{\"@id\":\"https:\\\/\\\/costablancaup.com\\\/es\\\/#\\\/schema\\\/logo\\\/image\\\/\"}}]}<\/script>\n<!-- \/ Yoast SEO plugin. -->","yoast_head_json":{"title":"La Habitaci\u00f3n Roja: \"Memoria\" - COSTA BLANCA UP","robots":{"index":"index","follow":"follow","max-snippet":"max-snippet:-1","max-image-preview":"max-image-preview:large","max-video-preview":"max-video-preview:-1"},"canonical":"https:\/\/costablancaup.com\/es\/class\/la-habitacion-roja-memoria-2\/","og_locale":"es_ES","og_type":"article","og_title":"La Habitaci\u00f3n Roja: \"Memoria\" - COSTA BLANCA UP","og_description":"El de La Habitaci\u00f3n Roja es uno de los mejores ejemplos posibles de carrera\u00a0de fondo en la historia de la m\u00fasica popular en Espa\u00f1a. Veinte a\u00f1os publicando canciones sin parar, con diez discos oficiales y montones de singles y EPs, y\u00a0una coherencia y constancia que ha provocado que cada disco suponga un paso m\u00e1s hacia el altar de\u00a0los cl\u00e1sicos. Su mejor momento siempre ha sido el presente, y eso es algo de lo que pocos m\u00e1s pueden presumir. Han recibido el Premio de la M\u00fasica Independiente a la Mejor Canci\u00f3n (\u201cAyer\u201d) y Album Pop (\u201cLa moneda en el aire\u201d), tambi\u00e9n [&hellip;]","og_url":"https:\/\/costablancaup.com\/es\/class\/la-habitacion-roja-memoria-2\/","og_site_name":"COSTA BLANCA UP","og_image":[{"url":"https:\/\/costablancaup.com\/event_img\/TKT163669_la-habitacion-roja-en-alicante_1.jpg","type":"","width":"","height":""}],"twitter_card":"summary_large_image","twitter_misc":{"Tiempo de lectura":"1 minuto"},"schema":{"@context":"https:\/\/schema.org","@graph":[{"@type":"WebPage","@id":"https:\/\/costablancaup.com\/es\/class\/la-habitacion-roja-memoria-2\/","url":"https:\/\/costablancaup.com\/es\/class\/la-habitacion-roja-memoria-2\/","name":"La Habitaci\u00f3n Roja: \"Memoria\" - COSTA BLANCA UP","isPartOf":{"@id":"https:\/\/costablancaup.com\/es\/#website"},"datePublished":"2019-03-20T11:05:00+00:00","breadcrumb":{"@id":"https:\/\/costablancaup.com\/es\/class\/la-habitacion-roja-memoria-2\/#breadcrumb"},"inLanguage":"es","potentialAction":[{"@type":"ReadAction","target":["https:\/\/costablancaup.com\/es\/class\/la-habitacion-roja-memoria-2\/"]}]},{"@type":"BreadcrumbList","@id":"https:\/\/costablancaup.com\/es\/class\/la-habitacion-roja-memoria-2\/#breadcrumb","itemListElement":[{"@type":"ListItem","position":1,"name":"Home","item":"https:\/\/costablancaup.com\/es\/"},{"@type":"ListItem","position":2,"name":"La Habitaci\u00f3n Roja: \u00abMemoria\u00bb"}]},{"@type":"WebSite","@id":"https:\/\/costablancaup.com\/es\/#website","url":"https:\/\/costablancaup.com\/es\/","name":"COSTA BLANCA UP","description":"Costa Blanca Events and Agenda","publisher":{"@id":"https:\/\/costablancaup.com\/es\/#organization"},"potentialAction":[{"@type":"SearchAction","target":{"@type":"EntryPoint","urlTemplate":"https:\/\/costablancaup.com\/es\/?s={search_term_string}"},"query-input":{"@type":"PropertyValueSpecification","valueRequired":true,"valueName":"search_term_string"}}],"inLanguage":"es"},{"@type":"Organization","@id":"https:\/\/costablancaup.com\/es\/#organization","name":"Costa Blanca Up","url":"https:\/\/costablancaup.com\/es\/","logo":{"@type":"ImageObject","inLanguage":"es","@id":"https:\/\/costablancaup.com\/es\/#\/schema\/logo\/image\/","url":"https:\/\/costablancaup.com\/wp-content\/uploads\/2018\/07\/titulo_web-1.png","contentUrl":"https:\/\/costablancaup.com\/wp-content\/uploads\/2018\/07\/titulo_web-1.png","width":1973,"height":303,"caption":"Costa Blanca Up"},"image":{"@id":"https:\/\/costablancaup.com\/es\/#\/schema\/logo\/image\/"}}]}},"_links":{"self":[{"href":"https:\/\/costablancaup.com\/es\/wp-json\/wp\/v2\/class\/26962","targetHints":{"allow":["GET"]}}],"collection":[{"href":"https:\/\/costablancaup.com\/es\/wp-json\/wp\/v2\/class"}],"about":[{"href":"https:\/\/costablancaup.com\/es\/wp-json\/wp\/v2\/types\/class"}],"wp:attachment":[{"href":"https:\/\/costablancaup.com\/es\/wp-json\/wp\/v2\/media?parent=26962"}],"wp:term":[{"taxonomy":"wcs-type","embeddable":true,"href":"https:\/\/costablancaup.com\/es\/wp-json\/wp\/v2\/wcs-type?post=26962"},{"taxonomy":"wcs-room","embeddable":true,"href":"https:\/\/costablancaup.com\/es\/wp-json\/wp\/v2\/wcs-room?post=26962"},{"taxonomy":"wcs-instructor","embeddable":true,"href":"https:\/\/costablancaup.com\/es\/wp-json\/wp\/v2\/wcs-instructor?post=26962"}],"curies":[{"name":"wp","href":"https:\/\/api.w.org\/{rel}","templated":true}]}}

La Habitación Roja: «Memoria»

<p>El de <em>La Habitación Roja</em> es uno de los mejores ejemplos posibles de carrera de fondo en la historia de la música popular en España.</p>
<p>Veinte años publicando canciones sin parar, con diez discos oficiales y montones de singles y EPs, y una coherencia y constancia que ha provocado que cada disco suponga un paso más hacia el altar de los clásicos. Su mejor momento siempre ha sido el presente, y eso es algo de lo que pocos más pueden presumir.</p>
<p>Han recibido el Premio de la Música Independiente a la Mejor Canción (“Ayer”) y Album Pop (“La moneda en el aire”), también el IMAS mexicano al Mejor Artista Español. En 2015 celebraros su 20º aniversario, con varios homenajes y conciertos inolvidables.</p>
<p>Sus discos ocupan desde hace años el Top10 de los más vendidos en España. Cada uno incorpora nuevos clásicos a un repertorio que no para de crecer, que suma seguidores en cada gira, en cada concierto.</p>
<p><img decoding="async" src="/event_img/TKT163669_la-habitacion-roja-en-alicante_1.jpg" alt="La Habitación Roja" /></p>

<p>El de La Habitación Roja es uno de los mejores ejemplos posibles de carrera de fondo en la historia de la música popular en España. Veinte años publicando canciones sin parar, con diez discos oficiales y montones de singles y EPs, y una coherencia y constancia que ha provocado que cada disco suponga un paso más hacia el altar de los clásicos. Su mejor momento siempre ha sido el presente, y eso es algo de lo que pocos más pueden presumir. Han recibido el Premio de la Música Independiente a la Mejor Canción (“Ayer”) y Album Pop (“La moneda en el aire”), también [&hellip;]</p>

<!-- This site is optimized with the Yoast SEO plugin v27.4 - https://yoast.com/product/yoast-seo-wordpress/ -->
<title>La Habitación Roja: &quot;Memoria&quot; - COSTA BLANCA UP</title>
<meta name="robots" content="index, follow, max-snippet:-1, max-image-preview:large, max-video-preview:-1" />
<link rel="canonical" href="https://costablancaup.com/es/class/la-habitacion-roja-memoria-2/" />
<meta property="og:locale" content="es_ES" />
<meta property="og:type" content="article" />
<meta property="og:title" content="La Habitación Roja: &quot;Memoria&quot; - COSTA BLANCA UP" />
<meta property="og:description" content="El de La Habitación Roja es uno de los mejores ejemplos posibles de carrera de fondo en la historia de la música popular en España. Veinte años publicando canciones sin parar, con diez discos oficiales y montones de singles y EPs, y una coherencia y constancia que ha provocado que cada disco suponga un paso más hacia el altar de los clásicos. Su mejor momento siempre ha sido el presente, y eso es algo de lo que pocos más pueden presumir. Han recibido el Premio de la Música Independiente a la Mejor Canción (“Ayer”) y Album Pop (“La moneda en el aire”), también [&hellip;]" />
<meta property="og:url" content="https://costablancaup.com/es/class/la-habitacion-roja-memoria-2/" />
<meta property="og:site_name" content="COSTA BLANCA UP" />
<meta property="og:image" content="https://costablancaup.com/event_img/TKT163669_la-habitacion-roja-en-alicante_1.jpg" />
<meta name="twitter:card" content="summary_large_image" />
<meta name="twitter:label1" content="Tiempo de lectura" />
	<meta name="twitter:data1" content="1 minuto" />
<script type="application/ld+json" class="yoast-schema-graph">{"@context":"https:\/\/schema.org","@graph":[{"@type":"WebPage","@id":"https:\/\/costablancaup.com\/es\/class\/la-habitacion-roja-memoria-2\/","url":"https:\/\/costablancaup.com\/es\/class\/la-habitacion-roja-memoria-2\/","name":"La Habitación Roja: \"Memoria\" - COSTA BLANCA UP","isPartOf":{"@id":"https:\/\/costablancaup.com\/es\/#website"},"datePublished":"2019-03-20T11:05:00+00:00","breadcrumb":{"@id":"https:\/\/costablancaup.com\/es\/class\/la-habitacion-roja-memoria-2\/#breadcrumb"},"inLanguage":"es","potentialAction":[{"@type":"ReadAction","target":["https:\/\/costablancaup.com\/es\/class\/la-habitacion-roja-memoria-2\/"]}]},{"@type":"BreadcrumbList","@id":"https:\/\/costablancaup.com\/es\/class\/la-habitacion-roja-memoria-2\/#breadcrumb","itemListElement":[{"@type":"ListItem","position":1,"name":"Home","item":"https:\/\/costablancaup.com\/es\/"},{"@type":"ListItem","position":2,"name":"La Habitación Roja: «Memoria»"}]},{"@type":"WebSite","@id":"https:\/\/costablancaup.com\/es\/#website","url":"https:\/\/costablancaup.com\/es\/","name":"COSTA BLANCA UP","description":"Costa Blanca Events and Agenda","publisher":{"@id":"https:\/\/costablancaup.com\/es\/#organization"},"potentialAction":[{"@type":"SearchAction","target":{"@type":"EntryPoint","urlTemplate":"https:\/\/costablancaup.com\/es\/?s={search_term_string}"},"query-input":{"@type":"PropertyValueSpecification","valueRequired":true,"valueName":"search_term_string"}}],"inLanguage":"es"},{"@type":"Organization","@id":"https:\/\/costablancaup.com\/es\/#organization","name":"Costa Blanca Up","url":"https:\/\/costablancaup.com\/es\/","logo":{"@type":"ImageObject","inLanguage":"es","@id":"https:\/\/costablancaup.com\/es\/#\/schema\/logo\/image\/","url":"https:\/\/costablancaup.com\/wp-content\/uploads\/2018\/07\/titulo_web-1.png","contentUrl":"https:\/\/costablancaup.com\/wp-content\/uploads\/2018\/07\/titulo_web-1.png","width":1973,"height":303,"caption":"Costa Blanca Up"},"image":{"@id":"https:\/\/costablancaup.com\/es\/#\/schema\/logo\/image\/"}}]}</script>
<!-- / Yoast SEO plugin. -->

La Habitación Roja: "Memoria" - COSTA BLANCA UP

El de La Habitación Roja es uno de los mejores ejemplos posibles de carrera de fondo en la historia de la música popular en España. Veinte años publicando canciones sin parar, con diez discos oficiales y montones de singles y EPs, y una coherencia y constancia que ha provocado que cada disco suponga un paso más hacia el altar de los clásicos. Su mejor momento siempre ha sido el presente, y eso es algo de lo que pocos más pueden presumir. Han recibido el Premio de la Música Independiente a la Mejor Canción (“Ayer”) y Album Pop (“La moneda en el aire”), también [&hellip;]
