{"id":28141,"date":"2019-05-24T15:35:21","date_gmt":"2019-05-24T13:35:21","guid":{"rendered":"https:\/\/costablancaup.com\/?post_type=class&#038;p=28141"},"modified":"2019-05-24T15:35:21","modified_gmt":"2019-05-24T13:35:21","slug":"luis-albert-segura-amenaza-tormenta","status":"publish","type":"class","link":"https:\/\/costablancaup.com\/es\/class\/luis-albert-segura-amenaza-tormenta\/","title":{"rendered":"Luis Albert Segura: \u00abAmenaza tormenta\u00bb"},"content":{"rendered":"<h2>Concierto de Luis Albert Segura en Valencia<\/h2>\n<p>Val\u00e8ncia &#8211; Sala Moon Valencia<br \/>Carrer de Sant Vicent M\u00e0rtir, 200, 46007 Val\u00e8ncia, Valencia, Espa\u00f1a<br \/>24\/05\/2019<br \/>19:00<\/p>\n<p><em>Luis Albert Segura<\/em>, ex l\u00edder de la banda mallorquina <em>L.A.<\/em>, presentar\u00e1 el 24 de mayo en la <em>sala Moon<\/em> de Valencia su primer disco en solitario.<\/p>\n<p><em>Luis Albert Segura<\/em> se embarca por primera vez en la composici\u00f3n de letras en castellano \u00abque dar\u00e1n forma a un disco compuesto de historias que emanan un sonido delicado y delicioso\u00bb.<\/p>\n","protected":false},"excerpt":{"rendered":"<p>Concierto de Luis Albert Segura en Valencia Val\u00e8ncia &#8211; Sala Moon ValenciaCarrer de Sant Vicent M\u00e0rtir, 200, 46007 Val\u00e8ncia, Valencia, Espa\u00f1a24\/05\/201919:00 Luis Albert Segura, ex l\u00edder de la banda mallorquina L.A., presentar\u00e1 el 24 de mayo en la sala Moon de Valencia su primer disco en solitario. Luis Albert Segura se embarca por primera vez en la composici\u00f3n de letras en castellano \u00abque dar\u00e1n forma a un disco compuesto de historias que emanan un sonido delicado y delicioso\u00bb.<\/p>\n","protected":false},"template":"","meta":[],"wcs-type":[5046],"wcs-room":[5316],"wcs-instructor":[],"class_list":["post-28141","class","type-class","status-publish","hentry","wcs-type-musica","wcs-room-valencia-sala-moon-valencia"],"yoast_head":"<!-- This site is optimized with the Yoast SEO plugin v27.4 - https:\/\/yoast.com\/product\/yoast-seo-wordpress\/ -->\n<title>Luis Albert Segura: &quot;Amenaza tormenta&quot; - COSTA BLANCA UP<\/title>\n<meta name=\"robots\" content=\"index, follow, max-snippet:-1, max-image-preview:large, max-video-preview:-1\" \/>\n<link rel=\"canonical\" href=\"https:\/\/costablancaup.com\/es\/class\/luis-albert-segura-amenaza-tormenta\/\" \/>\n<meta property=\"og:locale\" content=\"es_ES\" \/>\n<meta property=\"og:type\" content=\"article\" \/>\n<meta property=\"og:title\" content=\"Luis Albert Segura: &quot;Amenaza tormenta&quot; - COSTA BLANCA UP\" \/>\n<meta property=\"og:description\" content=\"Concierto de Luis Albert Segura en Valencia Val\u00e8ncia &#8211; Sala Moon ValenciaCarrer de Sant Vicent M\u00e0rtir, 200, 46007 Val\u00e8ncia, Valencia, Espa\u00f1a24\/05\/201919:00 Luis Albert Segura, ex l\u00edder de la banda mallorquina L.A., presentar\u00e1 el 24 de mayo en la sala Moon de Valencia su primer disco en solitario. Luis Albert Segura se embarca por primera vez en la composici\u00f3n de letras en castellano \u00abque dar\u00e1n forma a un disco compuesto de historias que emanan un sonido delicado y delicioso\u00bb.\" \/>\n<meta property=\"og:url\" content=\"https:\/\/costablancaup.com\/es\/class\/luis-albert-segura-amenaza-tormenta\/\" \/>\n<meta property=\"og:site_name\" content=\"COSTA BLANCA UP\" \/>\n<meta name=\"twitter:card\" content=\"summary_large_image\" \/>\n<script type=\"application\/ld+json\" class=\"yoast-schema-graph\">{\"@context\":\"https:\\\/\\\/schema.org\",\"@graph\":[{\"@type\":\"WebPage\",\"@id\":\"https:\\\/\\\/costablancaup.com\\\/es\\\/class\\\/luis-albert-segura-amenaza-tormenta\\\/\",\"url\":\"https:\\\/\\\/costablancaup.com\\\/es\\\/class\\\/luis-albert-segura-amenaza-tormenta\\\/\",\"name\":\"Luis Albert Segura: \\\"Amenaza tormenta\\\" - COSTA BLANCA UP\",\"isPartOf\":{\"@id\":\"https:\\\/\\\/costablancaup.com\\\/es\\\/#website\"},\"datePublished\":\"2019-05-24T13:35:21+00:00\",\"breadcrumb\":{\"@id\":\"https:\\\/\\\/costablancaup.com\\\/es\\\/class\\\/luis-albert-segura-amenaza-tormenta\\\/#breadcrumb\"},\"inLanguage\":\"es\",\"potentialAction\":[{\"@type\":\"ReadAction\",\"target\":[\"https:\\\/\\\/costablancaup.com\\\/es\\\/class\\\/luis-albert-segura-amenaza-tormenta\\\/\"]}]},{\"@type\":\"BreadcrumbList\",\"@id\":\"https:\\\/\\\/costablancaup.com\\\/es\\\/class\\\/luis-albert-segura-amenaza-tormenta\\\/#breadcrumb\",\"itemListElement\":[{\"@type\":\"ListItem\",\"position\":1,\"name\":\"Home\",\"item\":\"https:\\\/\\\/costablancaup.com\\\/es\\\/\"},{\"@type\":\"ListItem\",\"position\":2,\"name\":\"Luis Albert Segura: \u00abAmenaza tormenta\u00bb\"}]},{\"@type\":\"WebSite\",\"@id\":\"https:\\\/\\\/costablancaup.com\\\/es\\\/#website\",\"url\":\"https:\\\/\\\/costablancaup.com\\\/es\\\/\",\"name\":\"COSTA BLANCA UP\",\"description\":\"Costa Blanca Events and Agenda\",\"publisher\":{\"@id\":\"https:\\\/\\\/costablancaup.com\\\/es\\\/#organization\"},\"potentialAction\":[{\"@type\":\"SearchAction\",\"target\":{\"@type\":\"EntryPoint\",\"urlTemplate\":\"https:\\\/\\\/costablancaup.com\\\/es\\\/?s={search_term_string}\"},\"query-input\":{\"@type\":\"PropertyValueSpecification\",\"valueRequired\":true,\"valueName\":\"search_term_string\"}}],\"inLanguage\":\"es\"},{\"@type\":\"Organization\",\"@id\":\"https:\\\/\\\/costablancaup.com\\\/es\\\/#organization\",\"name\":\"Costa Blanca Up\",\"url\":\"https:\\\/\\\/costablancaup.com\\\/es\\\/\",\"logo\":{\"@type\":\"ImageObject\",\"inLanguage\":\"es\",\"@id\":\"https:\\\/\\\/costablancaup.com\\\/es\\\/#\\\/schema\\\/logo\\\/image\\\/\",\"url\":\"https:\\\/\\\/costablancaup.com\\\/wp-content\\\/uploads\\\/2018\\\/07\\\/titulo_web-1.png\",\"contentUrl\":\"https:\\\/\\\/costablancaup.com\\\/wp-content\\\/uploads\\\/2018\\\/07\\\/titulo_web-1.png\",\"width\":1973,\"height\":303,\"caption\":\"Costa Blanca Up\"},\"image\":{\"@id\":\"https:\\\/\\\/costablancaup.com\\\/es\\\/#\\\/schema\\\/logo\\\/image\\\/\"}}]}<\/script>\n<!-- \/ Yoast SEO plugin. -->","yoast_head_json":{"title":"Luis Albert Segura: \"Amenaza tormenta\" - COSTA BLANCA UP","robots":{"index":"index","follow":"follow","max-snippet":"max-snippet:-1","max-image-preview":"max-image-preview:large","max-video-preview":"max-video-preview:-1"},"canonical":"https:\/\/costablancaup.com\/es\/class\/luis-albert-segura-amenaza-tormenta\/","og_locale":"es_ES","og_type":"article","og_title":"Luis Albert Segura: \"Amenaza tormenta\" - COSTA BLANCA UP","og_description":"Concierto de Luis Albert Segura en Valencia Val\u00e8ncia &#8211; Sala Moon ValenciaCarrer de Sant Vicent M\u00e0rtir, 200, 46007 Val\u00e8ncia, Valencia, Espa\u00f1a24\/05\/201919:00 Luis Albert Segura, ex l\u00edder de la banda mallorquina L.A., presentar\u00e1 el 24 de mayo en la sala Moon de Valencia su primer disco en solitario. Luis Albert Segura se embarca por primera vez en la composici\u00f3n de letras en castellano \u00abque dar\u00e1n forma a un disco compuesto de historias que emanan un sonido delicado y delicioso\u00bb.","og_url":"https:\/\/costablancaup.com\/es\/class\/luis-albert-segura-amenaza-tormenta\/","og_site_name":"COSTA BLANCA UP","twitter_card":"summary_large_image","schema":{"@context":"https:\/\/schema.org","@graph":[{"@type":"WebPage","@id":"https:\/\/costablancaup.com\/es\/class\/luis-albert-segura-amenaza-tormenta\/","url":"https:\/\/costablancaup.com\/es\/class\/luis-albert-segura-amenaza-tormenta\/","name":"Luis Albert Segura: \"Amenaza tormenta\" - COSTA BLANCA UP","isPartOf":{"@id":"https:\/\/costablancaup.com\/es\/#website"},"datePublished":"2019-05-24T13:35:21+00:00","breadcrumb":{"@id":"https:\/\/costablancaup.com\/es\/class\/luis-albert-segura-amenaza-tormenta\/#breadcrumb"},"inLanguage":"es","potentialAction":[{"@type":"ReadAction","target":["https:\/\/costablancaup.com\/es\/class\/luis-albert-segura-amenaza-tormenta\/"]}]},{"@type":"BreadcrumbList","@id":"https:\/\/costablancaup.com\/es\/class\/luis-albert-segura-amenaza-tormenta\/#breadcrumb","itemListElement":[{"@type":"ListItem","position":1,"name":"Home","item":"https:\/\/costablancaup.com\/es\/"},{"@type":"ListItem","position":2,"name":"Luis Albert Segura: \u00abAmenaza tormenta\u00bb"}]},{"@type":"WebSite","@id":"https:\/\/costablancaup.com\/es\/#website","url":"https:\/\/costablancaup.com\/es\/","name":"COSTA BLANCA UP","description":"Costa Blanca Events and Agenda","publisher":{"@id":"https:\/\/costablancaup.com\/es\/#organization"},"potentialAction":[{"@type":"SearchAction","target":{"@type":"EntryPoint","urlTemplate":"https:\/\/costablancaup.com\/es\/?s={search_term_string}"},"query-input":{"@type":"PropertyValueSpecification","valueRequired":true,"valueName":"search_term_string"}}],"inLanguage":"es"},{"@type":"Organization","@id":"https:\/\/costablancaup.com\/es\/#organization","name":"Costa Blanca Up","url":"https:\/\/costablancaup.com\/es\/","logo":{"@type":"ImageObject","inLanguage":"es","@id":"https:\/\/costablancaup.com\/es\/#\/schema\/logo\/image\/","url":"https:\/\/costablancaup.com\/wp-content\/uploads\/2018\/07\/titulo_web-1.png","contentUrl":"https:\/\/costablancaup.com\/wp-content\/uploads\/2018\/07\/titulo_web-1.png","width":1973,"height":303,"caption":"Costa Blanca Up"},"image":{"@id":"https:\/\/costablancaup.com\/es\/#\/schema\/logo\/image\/"}}]}},"_links":{"self":[{"href":"https:\/\/costablancaup.com\/es\/wp-json\/wp\/v2\/class\/28141","targetHints":{"allow":["GET"]}}],"collection":[{"href":"https:\/\/costablancaup.com\/es\/wp-json\/wp\/v2\/class"}],"about":[{"href":"https:\/\/costablancaup.com\/es\/wp-json\/wp\/v2\/types\/class"}],"wp:attachment":[{"href":"https:\/\/costablancaup.com\/es\/wp-json\/wp\/v2\/media?parent=28141"}],"wp:term":[{"taxonomy":"wcs-type","embeddable":true,"href":"https:\/\/costablancaup.com\/es\/wp-json\/wp\/v2\/wcs-type?post=28141"},{"taxonomy":"wcs-room","embeddable":true,"href":"https:\/\/costablancaup.com\/es\/wp-json\/wp\/v2\/wcs-room?post=28141"},{"taxonomy":"wcs-instructor","embeddable":true,"href":"https:\/\/costablancaup.com\/es\/wp-json\/wp\/v2\/wcs-instructor?post=28141"}],"curies":[{"name":"wp","href":"https:\/\/api.w.org\/{rel}","templated":true}]}}

<h2>Concierto de Luis Albert Segura en Valencia</h2>
<p>València &#8211; Sala Moon Valencia<br />Carrer de Sant Vicent Màrtir, 200, 46007 València, Valencia, España<br />24/05/2019<br />19:00</p>
<p><em>Luis Albert Segura</em>, ex líder de la banda mallorquina <em>L.A.</em>, presentará el 24 de mayo en la <em>sala Moon</em> de Valencia su primer disco en solitario.</p>
<p><em>Luis Albert Segura</em> se embarca por primera vez en la composición de letras en castellano «que darán forma a un disco compuesto de historias que emanan un sonido delicado y delicioso».</p>

<p>Concierto de Luis Albert Segura en Valencia València &#8211; Sala Moon ValenciaCarrer de Sant Vicent Màrtir, 200, 46007 València, Valencia, España24/05/201919:00 Luis Albert Segura, ex líder de la banda mallorquina L.A., presentará el 24 de mayo en la sala Moon de Valencia su primer disco en solitario. Luis Albert Segura se embarca por primera vez en la composición de letras en castellano «que darán forma a un disco compuesto de historias que emanan un sonido delicado y delicioso».</p>

<!-- This site is optimized with the Yoast SEO plugin v27.4 - https://yoast.com/product/yoast-seo-wordpress/ -->
<title>Luis Albert Segura: &quot;Amenaza tormenta&quot; - COSTA BLANCA UP</title>
<meta name="robots" content="index, follow, max-snippet:-1, max-image-preview:large, max-video-preview:-1" />
<link rel="canonical" href="https://costablancaup.com/es/class/luis-albert-segura-amenaza-tormenta/" />
<meta property="og:locale" content="es_ES" />
<meta property="og:type" content="article" />
<meta property="og:title" content="Luis Albert Segura: &quot;Amenaza tormenta&quot; - COSTA BLANCA UP" />
<meta property="og:description" content="Concierto de Luis Albert Segura en Valencia València &#8211; Sala Moon ValenciaCarrer de Sant Vicent Màrtir, 200, 46007 València, Valencia, España24/05/201919:00 Luis Albert Segura, ex líder de la banda mallorquina L.A., presentará el 24 de mayo en la sala Moon de Valencia su primer disco en solitario. Luis Albert Segura se embarca por primera vez en la composición de letras en castellano «que darán forma a un disco compuesto de historias que emanan un sonido delicado y delicioso»." />
<meta property="og:url" content="https://costablancaup.com/es/class/luis-albert-segura-amenaza-tormenta/" />
<meta property="og:site_name" content="COSTA BLANCA UP" />
<meta name="twitter:card" content="summary_large_image" />
<script type="application/ld+json" class="yoast-schema-graph">{"@context":"https:\/\/schema.org","@graph":[{"@type":"WebPage","@id":"https:\/\/costablancaup.com\/es\/class\/luis-albert-segura-amenaza-tormenta\/","url":"https:\/\/costablancaup.com\/es\/class\/luis-albert-segura-amenaza-tormenta\/","name":"Luis Albert Segura: \"Amenaza tormenta\" - COSTA BLANCA UP","isPartOf":{"@id":"https:\/\/costablancaup.com\/es\/#website"},"datePublished":"2019-05-24T13:35:21+00:00","breadcrumb":{"@id":"https:\/\/costablancaup.com\/es\/class\/luis-albert-segura-amenaza-tormenta\/#breadcrumb"},"inLanguage":"es","potentialAction":[{"@type":"ReadAction","target":["https:\/\/costablancaup.com\/es\/class\/luis-albert-segura-amenaza-tormenta\/"]}]},{"@type":"BreadcrumbList","@id":"https:\/\/costablancaup.com\/es\/class\/luis-albert-segura-amenaza-tormenta\/#breadcrumb","itemListElement":[{"@type":"ListItem","position":1,"name":"Home","item":"https:\/\/costablancaup.com\/es\/"},{"@type":"ListItem","position":2,"name":"Luis Albert Segura: «Amenaza tormenta»"}]},{"@type":"WebSite","@id":"https:\/\/costablancaup.com\/es\/#website","url":"https:\/\/costablancaup.com\/es\/","name":"COSTA BLANCA UP","description":"Costa Blanca Events and Agenda","publisher":{"@id":"https:\/\/costablancaup.com\/es\/#organization"},"potentialAction":[{"@type":"SearchAction","target":{"@type":"EntryPoint","urlTemplate":"https:\/\/costablancaup.com\/es\/?s={search_term_string}"},"query-input":{"@type":"PropertyValueSpecification","valueRequired":true,"valueName":"search_term_string"}}],"inLanguage":"es"},{"@type":"Organization","@id":"https:\/\/costablancaup.com\/es\/#organization","name":"Costa Blanca Up","url":"https:\/\/costablancaup.com\/es\/","logo":{"@type":"ImageObject","inLanguage":"es","@id":"https:\/\/costablancaup.com\/es\/#\/schema\/logo\/image\/","url":"https:\/\/costablancaup.com\/wp-content\/uploads\/2018\/07\/titulo_web-1.png","contentUrl":"https:\/\/costablancaup.com\/wp-content\/uploads\/2018\/07\/titulo_web-1.png","width":1973,"height":303,"caption":"Costa Blanca Up"},"image":{"@id":"https:\/\/costablancaup.com\/es\/#\/schema\/logo\/image\/"}}]}</script>
<!-- / Yoast SEO plugin. -->

Concierto de Luis Albert Segura en Valencia València &#8211; Sala Moon ValenciaCarrer de Sant Vicent Màrtir, 200, 46007 València, Valencia, España24/05/201919:00 Luis Albert Segura, ex líder de la banda mallorquina L.A., presentará el 24 de mayo en la sala Moon de Valencia su primer disco en solitario. Luis Albert Segura se embarca por primera vez en la composición de letras en castellano «que darán forma a un disco compuesto de historias que emanan un sonido delicado y delicioso».
