{"id":28299,"date":"2019-06-14T14:33:42","date_gmt":"2019-06-14T12:33:42","guid":{"rendered":"https:\/\/costablancaup.com\/?post_type=class&#038;p=28299"},"modified":"2019-06-21T14:43:28","modified_gmt":"2019-06-21T12:43:28","slug":"alfred-garcia-els-jovens-tardor","status":"publish","type":"class","link":"https:\/\/costablancaup.com\/es\/class\/alfred-garcia-els-jovens-tardor\/","title":{"rendered":"Alfred Garc\u00eda + Els J\u00f3vens + Tardor"},"content":{"rendered":"<h2>Alfred Garc\u00eda Val\u00e8ncia<\/h2>\n<p>Valencia &#8211; Jardines de Viveros<br \/>Calle San P\u00edo V<br \/>19\/07\/2019<br \/>20:30<\/p>\n<p><em>Alfred Garc\u00eda<\/em> es un cantante y compositor espa\u00f1ol elegido para representar a Espa\u00f1a en el \u00abFestival de la Canci\u00f3n de Eurovisi\u00f3n 2018\u00bb cantado a d\u00fao con su compa\u00f1era, <em>Amaia Romero<\/em>. <\/p>\n<p><em>Els J\u00f3vens<\/em> es un grupo de folk que han ampliado los registros de la m\u00fasica tradicional valenciana. Para ello integran recursos del folclore, como jotas, cantos de trabajo, bandurrias o casta\u00f1uelas, junto a una forma actual de hacer canciones y explicar el mundo.<\/p>\n<p><em>Tardor<\/em> es una de las bandas m\u00e1s activas y aclamadas del panorama musical valenciano. Recibi\u00f3 el premio al mejor disco de pop en 2017 lo que les ha llevado a tocar a los escenarios m\u00e1s relevantes de la Costa Blanca.<\/p>\n","protected":false},"excerpt":{"rendered":"<p>Alfred Garc\u00eda Val\u00e8ncia Valencia &#8211; Jardines de ViverosCalle San P\u00edo V19\/07\/201920:30 Alfred Garc\u00eda es un cantante y compositor espa\u00f1ol elegido para representar a Espa\u00f1a en el \u00abFestival de la Canci\u00f3n de Eurovisi\u00f3n 2018\u00bb cantado a d\u00fao con su compa\u00f1era, Amaia Romero. Els J\u00f3vens es un grupo de folk que han ampliado los registros de la m\u00fasica tradicional valenciana. Para ello integran recursos del folclore, como jotas, cantos de trabajo, bandurrias o casta\u00f1uelas, junto a una forma actual de hacer canciones y explicar el mundo. Tardor es una de las bandas m\u00e1s activas y aclamadas del panorama musical valenciano. Recibi\u00f3 el [&hellip;]<\/p>\n","protected":false},"template":"","meta":[],"wcs-type":[5046],"wcs-room":[5982],"wcs-instructor":[],"class_list":["post-28299","class","type-class","status-publish","hentry","wcs-type-musica","wcs-room-valencia-jardines-de-viveros"],"yoast_head":"<!-- This site is optimized with the Yoast SEO plugin v27.4 - https:\/\/yoast.com\/product\/yoast-seo-wordpress\/ -->\n<title>Alfred Garc\u00eda + Els J\u00f3vens + Tardor - COSTA BLANCA UP<\/title>\n<meta name=\"robots\" content=\"index, follow, max-snippet:-1, max-image-preview:large, max-video-preview:-1\" \/>\n<link rel=\"canonical\" href=\"https:\/\/costablancaup.com\/es\/class\/alfred-garcia-els-jovens-tardor\/\" \/>\n<meta property=\"og:locale\" content=\"es_ES\" \/>\n<meta property=\"og:type\" content=\"article\" \/>\n<meta property=\"og:title\" content=\"Alfred Garc\u00eda + Els J\u00f3vens + Tardor - COSTA BLANCA UP\" \/>\n<meta property=\"og:description\" content=\"Alfred Garc\u00eda Val\u00e8ncia Valencia &#8211; Jardines de ViverosCalle San P\u00edo V19\/07\/201920:30 Alfred Garc\u00eda es un cantante y compositor espa\u00f1ol elegido para representar a Espa\u00f1a en el \u00abFestival de la Canci\u00f3n de Eurovisi\u00f3n 2018\u00bb cantado a d\u00fao con su compa\u00f1era, Amaia Romero. Els J\u00f3vens es un grupo de folk que han ampliado los registros de la m\u00fasica tradicional valenciana. Para ello integran recursos del folclore, como jotas, cantos de trabajo, bandurrias o casta\u00f1uelas, junto a una forma actual de hacer canciones y explicar el mundo. Tardor es una de las bandas m\u00e1s activas y aclamadas del panorama musical valenciano. Recibi\u00f3 el [&hellip;]\" \/>\n<meta property=\"og:url\" content=\"https:\/\/costablancaup.com\/es\/class\/alfred-garcia-els-jovens-tardor\/\" \/>\n<meta property=\"og:site_name\" content=\"COSTA BLANCA UP\" \/>\n<meta property=\"article:modified_time\" content=\"2019-06-21T12:43:28+00:00\" \/>\n<meta name=\"twitter:card\" content=\"summary_large_image\" \/>\n<meta name=\"twitter:label1\" content=\"Tiempo de lectura\" \/>\n\t<meta name=\"twitter:data1\" content=\"1 minuto\" \/>\n<script type=\"application\/ld+json\" class=\"yoast-schema-graph\">{\"@context\":\"https:\\\/\\\/schema.org\",\"@graph\":[{\"@type\":\"WebPage\",\"@id\":\"https:\\\/\\\/costablancaup.com\\\/es\\\/class\\\/alfred-garcia-els-jovens-tardor\\\/\",\"url\":\"https:\\\/\\\/costablancaup.com\\\/es\\\/class\\\/alfred-garcia-els-jovens-tardor\\\/\",\"name\":\"Alfred Garc\u00eda + Els J\u00f3vens + Tardor - COSTA BLANCA UP\",\"isPartOf\":{\"@id\":\"https:\\\/\\\/costablancaup.com\\\/es\\\/#website\"},\"datePublished\":\"2019-06-14T12:33:42+00:00\",\"dateModified\":\"2019-06-21T12:43:28+00:00\",\"breadcrumb\":{\"@id\":\"https:\\\/\\\/costablancaup.com\\\/es\\\/class\\\/alfred-garcia-els-jovens-tardor\\\/#breadcrumb\"},\"inLanguage\":\"es\",\"potentialAction\":[{\"@type\":\"ReadAction\",\"target\":[\"https:\\\/\\\/costablancaup.com\\\/es\\\/class\\\/alfred-garcia-els-jovens-tardor\\\/\"]}]},{\"@type\":\"BreadcrumbList\",\"@id\":\"https:\\\/\\\/costablancaup.com\\\/es\\\/class\\\/alfred-garcia-els-jovens-tardor\\\/#breadcrumb\",\"itemListElement\":[{\"@type\":\"ListItem\",\"position\":1,\"name\":\"Home\",\"item\":\"https:\\\/\\\/costablancaup.com\\\/es\\\/\"},{\"@type\":\"ListItem\",\"position\":2,\"name\":\"Alfred Garc\u00eda + Els J\u00f3vens + Tardor\"}]},{\"@type\":\"WebSite\",\"@id\":\"https:\\\/\\\/costablancaup.com\\\/es\\\/#website\",\"url\":\"https:\\\/\\\/costablancaup.com\\\/es\\\/\",\"name\":\"COSTA BLANCA UP\",\"description\":\"Costa Blanca Events and Agenda\",\"publisher\":{\"@id\":\"https:\\\/\\\/costablancaup.com\\\/es\\\/#organization\"},\"potentialAction\":[{\"@type\":\"SearchAction\",\"target\":{\"@type\":\"EntryPoint\",\"urlTemplate\":\"https:\\\/\\\/costablancaup.com\\\/es\\\/?s={search_term_string}\"},\"query-input\":{\"@type\":\"PropertyValueSpecification\",\"valueRequired\":true,\"valueName\":\"search_term_string\"}}],\"inLanguage\":\"es\"},{\"@type\":\"Organization\",\"@id\":\"https:\\\/\\\/costablancaup.com\\\/es\\\/#organization\",\"name\":\"Costa Blanca Up\",\"url\":\"https:\\\/\\\/costablancaup.com\\\/es\\\/\",\"logo\":{\"@type\":\"ImageObject\",\"inLanguage\":\"es\",\"@id\":\"https:\\\/\\\/costablancaup.com\\\/es\\\/#\\\/schema\\\/logo\\\/image\\\/\",\"url\":\"https:\\\/\\\/costablancaup.com\\\/wp-content\\\/uploads\\\/2018\\\/07\\\/titulo_web-1.png\",\"contentUrl\":\"https:\\\/\\\/costablancaup.com\\\/wp-content\\\/uploads\\\/2018\\\/07\\\/titulo_web-1.png\",\"width\":1973,\"height\":303,\"caption\":\"Costa Blanca Up\"},\"image\":{\"@id\":\"https:\\\/\\\/costablancaup.com\\\/es\\\/#\\\/schema\\\/logo\\\/image\\\/\"}}]}<\/script>\n<!-- \/ Yoast SEO plugin. -->","yoast_head_json":{"title":"Alfred Garc\u00eda + Els J\u00f3vens + Tardor - COSTA BLANCA UP","robots":{"index":"index","follow":"follow","max-snippet":"max-snippet:-1","max-image-preview":"max-image-preview:large","max-video-preview":"max-video-preview:-1"},"canonical":"https:\/\/costablancaup.com\/es\/class\/alfred-garcia-els-jovens-tardor\/","og_locale":"es_ES","og_type":"article","og_title":"Alfred Garc\u00eda + Els J\u00f3vens + Tardor - COSTA BLANCA UP","og_description":"Alfred Garc\u00eda Val\u00e8ncia Valencia &#8211; Jardines de ViverosCalle San P\u00edo V19\/07\/201920:30 Alfred Garc\u00eda es un cantante y compositor espa\u00f1ol elegido para representar a Espa\u00f1a en el \u00abFestival de la Canci\u00f3n de Eurovisi\u00f3n 2018\u00bb cantado a d\u00fao con su compa\u00f1era, Amaia Romero. Els J\u00f3vens es un grupo de folk que han ampliado los registros de la m\u00fasica tradicional valenciana. Para ello integran recursos del folclore, como jotas, cantos de trabajo, bandurrias o casta\u00f1uelas, junto a una forma actual de hacer canciones y explicar el mundo. Tardor es una de las bandas m\u00e1s activas y aclamadas del panorama musical valenciano. Recibi\u00f3 el [&hellip;]","og_url":"https:\/\/costablancaup.com\/es\/class\/alfred-garcia-els-jovens-tardor\/","og_site_name":"COSTA BLANCA UP","article_modified_time":"2019-06-21T12:43:28+00:00","twitter_card":"summary_large_image","twitter_misc":{"Tiempo de lectura":"1 minuto"},"schema":{"@context":"https:\/\/schema.org","@graph":[{"@type":"WebPage","@id":"https:\/\/costablancaup.com\/es\/class\/alfred-garcia-els-jovens-tardor\/","url":"https:\/\/costablancaup.com\/es\/class\/alfred-garcia-els-jovens-tardor\/","name":"Alfred Garc\u00eda + Els J\u00f3vens + Tardor - COSTA BLANCA UP","isPartOf":{"@id":"https:\/\/costablancaup.com\/es\/#website"},"datePublished":"2019-06-14T12:33:42+00:00","dateModified":"2019-06-21T12:43:28+00:00","breadcrumb":{"@id":"https:\/\/costablancaup.com\/es\/class\/alfred-garcia-els-jovens-tardor\/#breadcrumb"},"inLanguage":"es","potentialAction":[{"@type":"ReadAction","target":["https:\/\/costablancaup.com\/es\/class\/alfred-garcia-els-jovens-tardor\/"]}]},{"@type":"BreadcrumbList","@id":"https:\/\/costablancaup.com\/es\/class\/alfred-garcia-els-jovens-tardor\/#breadcrumb","itemListElement":[{"@type":"ListItem","position":1,"name":"Home","item":"https:\/\/costablancaup.com\/es\/"},{"@type":"ListItem","position":2,"name":"Alfred Garc\u00eda + Els J\u00f3vens + Tardor"}]},{"@type":"WebSite","@id":"https:\/\/costablancaup.com\/es\/#website","url":"https:\/\/costablancaup.com\/es\/","name":"COSTA BLANCA UP","description":"Costa Blanca Events and Agenda","publisher":{"@id":"https:\/\/costablancaup.com\/es\/#organization"},"potentialAction":[{"@type":"SearchAction","target":{"@type":"EntryPoint","urlTemplate":"https:\/\/costablancaup.com\/es\/?s={search_term_string}"},"query-input":{"@type":"PropertyValueSpecification","valueRequired":true,"valueName":"search_term_string"}}],"inLanguage":"es"},{"@type":"Organization","@id":"https:\/\/costablancaup.com\/es\/#organization","name":"Costa Blanca Up","url":"https:\/\/costablancaup.com\/es\/","logo":{"@type":"ImageObject","inLanguage":"es","@id":"https:\/\/costablancaup.com\/es\/#\/schema\/logo\/image\/","url":"https:\/\/costablancaup.com\/wp-content\/uploads\/2018\/07\/titulo_web-1.png","contentUrl":"https:\/\/costablancaup.com\/wp-content\/uploads\/2018\/07\/titulo_web-1.png","width":1973,"height":303,"caption":"Costa Blanca Up"},"image":{"@id":"https:\/\/costablancaup.com\/es\/#\/schema\/logo\/image\/"}}]}},"_links":{"self":[{"href":"https:\/\/costablancaup.com\/es\/wp-json\/wp\/v2\/class\/28299","targetHints":{"allow":["GET"]}}],"collection":[{"href":"https:\/\/costablancaup.com\/es\/wp-json\/wp\/v2\/class"}],"about":[{"href":"https:\/\/costablancaup.com\/es\/wp-json\/wp\/v2\/types\/class"}],"wp:attachment":[{"href":"https:\/\/costablancaup.com\/es\/wp-json\/wp\/v2\/media?parent=28299"}],"wp:term":[{"taxonomy":"wcs-type","embeddable":true,"href":"https:\/\/costablancaup.com\/es\/wp-json\/wp\/v2\/wcs-type?post=28299"},{"taxonomy":"wcs-room","embeddable":true,"href":"https:\/\/costablancaup.com\/es\/wp-json\/wp\/v2\/wcs-room?post=28299"},{"taxonomy":"wcs-instructor","embeddable":true,"href":"https:\/\/costablancaup.com\/es\/wp-json\/wp\/v2\/wcs-instructor?post=28299"}],"curies":[{"name":"wp","href":"https:\/\/api.w.org\/{rel}","templated":true}]}}

Alfred García + Els Jóvens + Tardor

<h2>Alfred García València</h2>
<p>Valencia &#8211; Jardines de Viveros<br />Calle San Pío V<br />19/07/2019<br />20:30</p>
<p><em>Alfred García</em> es un cantante y compositor español elegido para representar a España en el «Festival de la Canción de Eurovisión 2018» cantado a dúo con su compañera, <em>Amaia Romero</em>. </p>
<p><em>Els Jóvens</em> es un grupo de folk que han ampliado los registros de la música tradicional valenciana. Para ello integran recursos del folclore, como jotas, cantos de trabajo, bandurrias o castañuelas, junto a una forma actual de hacer canciones y explicar el mundo.</p>
<p><em>Tardor</em> es una de las bandas más activas y aclamadas del panorama musical valenciano. Recibió el premio al mejor disco de pop en 2017 lo que les ha llevado a tocar a los escenarios más relevantes de la Costa Blanca.</p>

<p>Alfred García València Valencia &#8211; Jardines de ViverosCalle San Pío V19/07/201920:30 Alfred García es un cantante y compositor español elegido para representar a España en el «Festival de la Canción de Eurovisión 2018» cantado a dúo con su compañera, Amaia Romero. Els Jóvens es un grupo de folk que han ampliado los registros de la música tradicional valenciana. Para ello integran recursos del folclore, como jotas, cantos de trabajo, bandurrias o castañuelas, junto a una forma actual de hacer canciones y explicar el mundo. Tardor es una de las bandas más activas y aclamadas del panorama musical valenciano. Recibió el [&hellip;]</p>

<!-- This site is optimized with the Yoast SEO plugin v27.4 - https://yoast.com/product/yoast-seo-wordpress/ -->
<title>Alfred García + Els Jóvens + Tardor - COSTA BLANCA UP</title>
<meta name="robots" content="index, follow, max-snippet:-1, max-image-preview:large, max-video-preview:-1" />
<link rel="canonical" href="https://costablancaup.com/es/class/alfred-garcia-els-jovens-tardor/" />
<meta property="og:locale" content="es_ES" />
<meta property="og:type" content="article" />
<meta property="og:title" content="Alfred García + Els Jóvens + Tardor - COSTA BLANCA UP" />
<meta property="og:description" content="Alfred García València Valencia &#8211; Jardines de ViverosCalle San Pío V19/07/201920:30 Alfred García es un cantante y compositor español elegido para representar a España en el «Festival de la Canción de Eurovisión 2018» cantado a dúo con su compañera, Amaia Romero. Els Jóvens es un grupo de folk que han ampliado los registros de la música tradicional valenciana. Para ello integran recursos del folclore, como jotas, cantos de trabajo, bandurrias o castañuelas, junto a una forma actual de hacer canciones y explicar el mundo. Tardor es una de las bandas más activas y aclamadas del panorama musical valenciano. Recibió el [&hellip;]" />
<meta property="og:url" content="https://costablancaup.com/es/class/alfred-garcia-els-jovens-tardor/" />
<meta property="og:site_name" content="COSTA BLANCA UP" />
<meta property="article:modified_time" content="2019-06-21T12:43:28+00:00" />
<meta name="twitter:card" content="summary_large_image" />
<meta name="twitter:label1" content="Tiempo de lectura" />
	<meta name="twitter:data1" content="1 minuto" />
<script type="application/ld+json" class="yoast-schema-graph">{"@context":"https:\/\/schema.org","@graph":[{"@type":"WebPage","@id":"https:\/\/costablancaup.com\/es\/class\/alfred-garcia-els-jovens-tardor\/","url":"https:\/\/costablancaup.com\/es\/class\/alfred-garcia-els-jovens-tardor\/","name":"Alfred García + Els Jóvens + Tardor - COSTA BLANCA UP","isPartOf":{"@id":"https:\/\/costablancaup.com\/es\/#website"},"datePublished":"2019-06-14T12:33:42+00:00","dateModified":"2019-06-21T12:43:28+00:00","breadcrumb":{"@id":"https:\/\/costablancaup.com\/es\/class\/alfred-garcia-els-jovens-tardor\/#breadcrumb"},"inLanguage":"es","potentialAction":[{"@type":"ReadAction","target":["https:\/\/costablancaup.com\/es\/class\/alfred-garcia-els-jovens-tardor\/"]}]},{"@type":"BreadcrumbList","@id":"https:\/\/costablancaup.com\/es\/class\/alfred-garcia-els-jovens-tardor\/#breadcrumb","itemListElement":[{"@type":"ListItem","position":1,"name":"Home","item":"https:\/\/costablancaup.com\/es\/"},{"@type":"ListItem","position":2,"name":"Alfred García + Els Jóvens + Tardor"}]},{"@type":"WebSite","@id":"https:\/\/costablancaup.com\/es\/#website","url":"https:\/\/costablancaup.com\/es\/","name":"COSTA BLANCA UP","description":"Costa Blanca Events and Agenda","publisher":{"@id":"https:\/\/costablancaup.com\/es\/#organization"},"potentialAction":[{"@type":"SearchAction","target":{"@type":"EntryPoint","urlTemplate":"https:\/\/costablancaup.com\/es\/?s={search_term_string}"},"query-input":{"@type":"PropertyValueSpecification","valueRequired":true,"valueName":"search_term_string"}}],"inLanguage":"es"},{"@type":"Organization","@id":"https:\/\/costablancaup.com\/es\/#organization","name":"Costa Blanca Up","url":"https:\/\/costablancaup.com\/es\/","logo":{"@type":"ImageObject","inLanguage":"es","@id":"https:\/\/costablancaup.com\/es\/#\/schema\/logo\/image\/","url":"https:\/\/costablancaup.com\/wp-content\/uploads\/2018\/07\/titulo_web-1.png","contentUrl":"https:\/\/costablancaup.com\/wp-content\/uploads\/2018\/07\/titulo_web-1.png","width":1973,"height":303,"caption":"Costa Blanca Up"},"image":{"@id":"https:\/\/costablancaup.com\/es\/#\/schema\/logo\/image\/"}}]}</script>
<!-- / Yoast SEO plugin. -->

Alfred García + Els Jóvens + Tardor - COSTA BLANCA UP

Alfred García València Valencia &#8211; Jardines de ViverosCalle San Pío V19/07/201920:30 Alfred García es un cantante y compositor español elegido para representar a España en el «Festival de la Canción de Eurovisión 2018» cantado a dúo con su compañera, Amaia Romero. Els Jóvens es un grupo de folk que han ampliado los registros de la música tradicional valenciana. Para ello integran recursos del folclore, como jotas, cantos de trabajo, bandurrias o castañuelas, junto a una forma actual de hacer canciones y explicar el mundo. Tardor es una de las bandas más activas y aclamadas del panorama musical valenciano. Recibió el [&hellip;]
