{"id":28309,"date":"2019-06-13T12:04:24","date_gmt":"2019-06-13T10:04:24","guid":{"rendered":"https:\/\/costablancaup.com\/?post_type=class&#038;p=28309"},"modified":"2019-06-13T12:04:24","modified_gmt":"2019-06-13T10:04:24","slug":"crystal-fighters-european-tour-2019","status":"publish","type":"class","link":"https:\/\/costablancaup.com\/es\/class\/crystal-fighters-european-tour-2019\/","title":{"rendered":"Crystal Fighters: \u00abEuropean Tour 2019\u00bb"},"content":{"rendered":"<h2>Crystal Fighters Val\u00e8ncia<\/h2>\n<p>Valencia &#8211; Jardines de Viveros<br \/>Calle San P\u00edo V<br \/>24\/07\/2019<br \/>21:00<\/p>\n<p>Los <em>Crystal Fighters<\/em> son una banda londinense instalada en el centro del hurac\u00e1n de la m\u00fasica que marca tendencia festiva. Su mezcla de g\u00e9neros no solo llama la atenci\u00f3n por peculiar, sino porque la sirven en directo con un extra de euforia y pasi\u00f3n. <\/p>\n","protected":false},"excerpt":{"rendered":"<p>Crystal Fighters Val\u00e8ncia Valencia &#8211; Jardines de ViverosCalle San P\u00edo V24\/07\/201921:00 Los Crystal Fighters son una banda londinense instalada en el centro del hurac\u00e1n de la m\u00fasica que marca tendencia festiva. Su mezcla de g\u00e9neros no solo llama la atenci\u00f3n por peculiar, sino porque la sirven en directo con un extra de euforia y pasi\u00f3n.<\/p>\n","protected":false},"template":"","meta":[],"wcs-type":[5046],"wcs-room":[5982],"wcs-instructor":[],"class_list":["post-28309","class","type-class","status-publish","hentry","wcs-type-musica","wcs-room-valencia-jardines-de-viveros"],"yoast_head":"<!-- This site is optimized with the Yoast SEO plugin v27.4 - https:\/\/yoast.com\/product\/yoast-seo-wordpress\/ -->\n<title>Crystal Fighters: &quot;European Tour 2019&quot; - COSTA BLANCA UP<\/title>\n<meta name=\"robots\" content=\"index, follow, max-snippet:-1, max-image-preview:large, max-video-preview:-1\" \/>\n<link rel=\"canonical\" href=\"https:\/\/costablancaup.com\/es\/class\/crystal-fighters-european-tour-2019\/\" \/>\n<meta property=\"og:locale\" content=\"es_ES\" \/>\n<meta property=\"og:type\" content=\"article\" \/>\n<meta property=\"og:title\" content=\"Crystal Fighters: &quot;European Tour 2019&quot; - COSTA BLANCA UP\" \/>\n<meta property=\"og:description\" content=\"Crystal Fighters Val\u00e8ncia Valencia &#8211; Jardines de ViverosCalle San P\u00edo V24\/07\/201921:00 Los Crystal Fighters son una banda londinense instalada en el centro del hurac\u00e1n de la m\u00fasica que marca tendencia festiva. Su mezcla de g\u00e9neros no solo llama la atenci\u00f3n por peculiar, sino porque la sirven en directo con un extra de euforia y pasi\u00f3n.\" \/>\n<meta property=\"og:url\" content=\"https:\/\/costablancaup.com\/es\/class\/crystal-fighters-european-tour-2019\/\" \/>\n<meta property=\"og:site_name\" content=\"COSTA BLANCA UP\" \/>\n<meta name=\"twitter:card\" content=\"summary_large_image\" \/>\n<script type=\"application\/ld+json\" class=\"yoast-schema-graph\">{\"@context\":\"https:\\\/\\\/schema.org\",\"@graph\":[{\"@type\":\"WebPage\",\"@id\":\"https:\\\/\\\/costablancaup.com\\\/es\\\/class\\\/crystal-fighters-european-tour-2019\\\/\",\"url\":\"https:\\\/\\\/costablancaup.com\\\/es\\\/class\\\/crystal-fighters-european-tour-2019\\\/\",\"name\":\"Crystal Fighters: \\\"European Tour 2019\\\" - COSTA BLANCA UP\",\"isPartOf\":{\"@id\":\"https:\\\/\\\/costablancaup.com\\\/es\\\/#website\"},\"datePublished\":\"2019-06-13T10:04:24+00:00\",\"breadcrumb\":{\"@id\":\"https:\\\/\\\/costablancaup.com\\\/es\\\/class\\\/crystal-fighters-european-tour-2019\\\/#breadcrumb\"},\"inLanguage\":\"es\",\"potentialAction\":[{\"@type\":\"ReadAction\",\"target\":[\"https:\\\/\\\/costablancaup.com\\\/es\\\/class\\\/crystal-fighters-european-tour-2019\\\/\"]}]},{\"@type\":\"BreadcrumbList\",\"@id\":\"https:\\\/\\\/costablancaup.com\\\/es\\\/class\\\/crystal-fighters-european-tour-2019\\\/#breadcrumb\",\"itemListElement\":[{\"@type\":\"ListItem\",\"position\":1,\"name\":\"Home\",\"item\":\"https:\\\/\\\/costablancaup.com\\\/es\\\/\"},{\"@type\":\"ListItem\",\"position\":2,\"name\":\"Crystal Fighters: \u00abEuropean Tour 2019\u00bb\"}]},{\"@type\":\"WebSite\",\"@id\":\"https:\\\/\\\/costablancaup.com\\\/es\\\/#website\",\"url\":\"https:\\\/\\\/costablancaup.com\\\/es\\\/\",\"name\":\"COSTA BLANCA UP\",\"description\":\"Costa Blanca Events and Agenda\",\"publisher\":{\"@id\":\"https:\\\/\\\/costablancaup.com\\\/es\\\/#organization\"},\"potentialAction\":[{\"@type\":\"SearchAction\",\"target\":{\"@type\":\"EntryPoint\",\"urlTemplate\":\"https:\\\/\\\/costablancaup.com\\\/es\\\/?s={search_term_string}\"},\"query-input\":{\"@type\":\"PropertyValueSpecification\",\"valueRequired\":true,\"valueName\":\"search_term_string\"}}],\"inLanguage\":\"es\"},{\"@type\":\"Organization\",\"@id\":\"https:\\\/\\\/costablancaup.com\\\/es\\\/#organization\",\"name\":\"Costa Blanca Up\",\"url\":\"https:\\\/\\\/costablancaup.com\\\/es\\\/\",\"logo\":{\"@type\":\"ImageObject\",\"inLanguage\":\"es\",\"@id\":\"https:\\\/\\\/costablancaup.com\\\/es\\\/#\\\/schema\\\/logo\\\/image\\\/\",\"url\":\"https:\\\/\\\/costablancaup.com\\\/wp-content\\\/uploads\\\/2018\\\/07\\\/titulo_web-1.png\",\"contentUrl\":\"https:\\\/\\\/costablancaup.com\\\/wp-content\\\/uploads\\\/2018\\\/07\\\/titulo_web-1.png\",\"width\":1973,\"height\":303,\"caption\":\"Costa Blanca Up\"},\"image\":{\"@id\":\"https:\\\/\\\/costablancaup.com\\\/es\\\/#\\\/schema\\\/logo\\\/image\\\/\"}}]}<\/script>\n<!-- \/ Yoast SEO plugin. -->","yoast_head_json":{"title":"Crystal Fighters: \"European Tour 2019\" - COSTA BLANCA UP","robots":{"index":"index","follow":"follow","max-snippet":"max-snippet:-1","max-image-preview":"max-image-preview:large","max-video-preview":"max-video-preview:-1"},"canonical":"https:\/\/costablancaup.com\/es\/class\/crystal-fighters-european-tour-2019\/","og_locale":"es_ES","og_type":"article","og_title":"Crystal Fighters: \"European Tour 2019\" - COSTA BLANCA UP","og_description":"Crystal Fighters Val\u00e8ncia Valencia &#8211; Jardines de ViverosCalle San P\u00edo V24\/07\/201921:00 Los Crystal Fighters son una banda londinense instalada en el centro del hurac\u00e1n de la m\u00fasica que marca tendencia festiva. Su mezcla de g\u00e9neros no solo llama la atenci\u00f3n por peculiar, sino porque la sirven en directo con un extra de euforia y pasi\u00f3n.","og_url":"https:\/\/costablancaup.com\/es\/class\/crystal-fighters-european-tour-2019\/","og_site_name":"COSTA BLANCA UP","twitter_card":"summary_large_image","schema":{"@context":"https:\/\/schema.org","@graph":[{"@type":"WebPage","@id":"https:\/\/costablancaup.com\/es\/class\/crystal-fighters-european-tour-2019\/","url":"https:\/\/costablancaup.com\/es\/class\/crystal-fighters-european-tour-2019\/","name":"Crystal Fighters: \"European Tour 2019\" - COSTA BLANCA UP","isPartOf":{"@id":"https:\/\/costablancaup.com\/es\/#website"},"datePublished":"2019-06-13T10:04:24+00:00","breadcrumb":{"@id":"https:\/\/costablancaup.com\/es\/class\/crystal-fighters-european-tour-2019\/#breadcrumb"},"inLanguage":"es","potentialAction":[{"@type":"ReadAction","target":["https:\/\/costablancaup.com\/es\/class\/crystal-fighters-european-tour-2019\/"]}]},{"@type":"BreadcrumbList","@id":"https:\/\/costablancaup.com\/es\/class\/crystal-fighters-european-tour-2019\/#breadcrumb","itemListElement":[{"@type":"ListItem","position":1,"name":"Home","item":"https:\/\/costablancaup.com\/es\/"},{"@type":"ListItem","position":2,"name":"Crystal Fighters: \u00abEuropean Tour 2019\u00bb"}]},{"@type":"WebSite","@id":"https:\/\/costablancaup.com\/es\/#website","url":"https:\/\/costablancaup.com\/es\/","name":"COSTA BLANCA UP","description":"Costa Blanca Events and Agenda","publisher":{"@id":"https:\/\/costablancaup.com\/es\/#organization"},"potentialAction":[{"@type":"SearchAction","target":{"@type":"EntryPoint","urlTemplate":"https:\/\/costablancaup.com\/es\/?s={search_term_string}"},"query-input":{"@type":"PropertyValueSpecification","valueRequired":true,"valueName":"search_term_string"}}],"inLanguage":"es"},{"@type":"Organization","@id":"https:\/\/costablancaup.com\/es\/#organization","name":"Costa Blanca Up","url":"https:\/\/costablancaup.com\/es\/","logo":{"@type":"ImageObject","inLanguage":"es","@id":"https:\/\/costablancaup.com\/es\/#\/schema\/logo\/image\/","url":"https:\/\/costablancaup.com\/wp-content\/uploads\/2018\/07\/titulo_web-1.png","contentUrl":"https:\/\/costablancaup.com\/wp-content\/uploads\/2018\/07\/titulo_web-1.png","width":1973,"height":303,"caption":"Costa Blanca Up"},"image":{"@id":"https:\/\/costablancaup.com\/es\/#\/schema\/logo\/image\/"}}]}},"_links":{"self":[{"href":"https:\/\/costablancaup.com\/es\/wp-json\/wp\/v2\/class\/28309","targetHints":{"allow":["GET"]}}],"collection":[{"href":"https:\/\/costablancaup.com\/es\/wp-json\/wp\/v2\/class"}],"about":[{"href":"https:\/\/costablancaup.com\/es\/wp-json\/wp\/v2\/types\/class"}],"wp:attachment":[{"href":"https:\/\/costablancaup.com\/es\/wp-json\/wp\/v2\/media?parent=28309"}],"wp:term":[{"taxonomy":"wcs-type","embeddable":true,"href":"https:\/\/costablancaup.com\/es\/wp-json\/wp\/v2\/wcs-type?post=28309"},{"taxonomy":"wcs-room","embeddable":true,"href":"https:\/\/costablancaup.com\/es\/wp-json\/wp\/v2\/wcs-room?post=28309"},{"taxonomy":"wcs-instructor","embeddable":true,"href":"https:\/\/costablancaup.com\/es\/wp-json\/wp\/v2\/wcs-instructor?post=28309"}],"curies":[{"name":"wp","href":"https:\/\/api.w.org\/{rel}","templated":true}]}}

<h2>Crystal Fighters València</h2>
<p>Valencia &#8211; Jardines de Viveros<br />Calle San Pío V<br />24/07/2019<br />21:00</p>
<p>Los <em>Crystal Fighters</em> son una banda londinense instalada en el centro del huracán de la música que marca tendencia festiva. Su mezcla de géneros no solo llama la atención por peculiar, sino porque la sirven en directo con un extra de euforia y pasión. </p>

<p>Crystal Fighters València Valencia &#8211; Jardines de ViverosCalle San Pío V24/07/201921:00 Los Crystal Fighters son una banda londinense instalada en el centro del huracán de la música que marca tendencia festiva. Su mezcla de géneros no solo llama la atención por peculiar, sino porque la sirven en directo con un extra de euforia y pasión.</p>

<!-- This site is optimized with the Yoast SEO plugin v27.4 - https://yoast.com/product/yoast-seo-wordpress/ -->
<title>Crystal Fighters: &quot;European Tour 2019&quot; - COSTA BLANCA UP</title>
<meta name="robots" content="index, follow, max-snippet:-1, max-image-preview:large, max-video-preview:-1" />
<link rel="canonical" href="https://costablancaup.com/es/class/crystal-fighters-european-tour-2019/" />
<meta property="og:locale" content="es_ES" />
<meta property="og:type" content="article" />
<meta property="og:title" content="Crystal Fighters: &quot;European Tour 2019&quot; - COSTA BLANCA UP" />
<meta property="og:description" content="Crystal Fighters València Valencia &#8211; Jardines de ViverosCalle San Pío V24/07/201921:00 Los Crystal Fighters son una banda londinense instalada en el centro del huracán de la música que marca tendencia festiva. Su mezcla de géneros no solo llama la atención por peculiar, sino porque la sirven en directo con un extra de euforia y pasión." />
<meta property="og:url" content="https://costablancaup.com/es/class/crystal-fighters-european-tour-2019/" />
<meta property="og:site_name" content="COSTA BLANCA UP" />
<meta name="twitter:card" content="summary_large_image" />
<script type="application/ld+json" class="yoast-schema-graph">{"@context":"https:\/\/schema.org","@graph":[{"@type":"WebPage","@id":"https:\/\/costablancaup.com\/es\/class\/crystal-fighters-european-tour-2019\/","url":"https:\/\/costablancaup.com\/es\/class\/crystal-fighters-european-tour-2019\/","name":"Crystal Fighters: \"European Tour 2019\" - COSTA BLANCA UP","isPartOf":{"@id":"https:\/\/costablancaup.com\/es\/#website"},"datePublished":"2019-06-13T10:04:24+00:00","breadcrumb":{"@id":"https:\/\/costablancaup.com\/es\/class\/crystal-fighters-european-tour-2019\/#breadcrumb"},"inLanguage":"es","potentialAction":[{"@type":"ReadAction","target":["https:\/\/costablancaup.com\/es\/class\/crystal-fighters-european-tour-2019\/"]}]},{"@type":"BreadcrumbList","@id":"https:\/\/costablancaup.com\/es\/class\/crystal-fighters-european-tour-2019\/#breadcrumb","itemListElement":[{"@type":"ListItem","position":1,"name":"Home","item":"https:\/\/costablancaup.com\/es\/"},{"@type":"ListItem","position":2,"name":"Crystal Fighters: «European Tour 2019»"}]},{"@type":"WebSite","@id":"https:\/\/costablancaup.com\/es\/#website","url":"https:\/\/costablancaup.com\/es\/","name":"COSTA BLANCA UP","description":"Costa Blanca Events and Agenda","publisher":{"@id":"https:\/\/costablancaup.com\/es\/#organization"},"potentialAction":[{"@type":"SearchAction","target":{"@type":"EntryPoint","urlTemplate":"https:\/\/costablancaup.com\/es\/?s={search_term_string}"},"query-input":{"@type":"PropertyValueSpecification","valueRequired":true,"valueName":"search_term_string"}}],"inLanguage":"es"},{"@type":"Organization","@id":"https:\/\/costablancaup.com\/es\/#organization","name":"Costa Blanca Up","url":"https:\/\/costablancaup.com\/es\/","logo":{"@type":"ImageObject","inLanguage":"es","@id":"https:\/\/costablancaup.com\/es\/#\/schema\/logo\/image\/","url":"https:\/\/costablancaup.com\/wp-content\/uploads\/2018\/07\/titulo_web-1.png","contentUrl":"https:\/\/costablancaup.com\/wp-content\/uploads\/2018\/07\/titulo_web-1.png","width":1973,"height":303,"caption":"Costa Blanca Up"},"image":{"@id":"https:\/\/costablancaup.com\/es\/#\/schema\/logo\/image\/"}}]}</script>
<!-- / Yoast SEO plugin. -->

Crystal Fighters València Valencia &#8211; Jardines de ViverosCalle San Pío V24/07/201921:00 Los Crystal Fighters son una banda londinense instalada en el centro del huracán de la música que marca tendencia festiva. Su mezcla de géneros no solo llama la atención por peculiar, sino porque la sirven en directo con un extra de euforia y pasión.
