{"id":28339,"date":"2019-06-21T10:19:01","date_gmt":"2019-06-21T08:19:01","guid":{"rendered":"https:\/\/costablancaup.com\/?post_type=class&#038;p=28339"},"modified":"2019-06-21T10:20:36","modified_gmt":"2019-06-21T08:20:36","slug":"la-polla-records-ni-descanso-ni-paz","status":"publish","type":"class","link":"https:\/\/costablancaup.com\/es\/class\/la-polla-records-ni-descanso-ni-paz\/","title":{"rendered":"La Polla Records: \u00abNi descanso, ni paz!\u00bb"},"content":{"rendered":"<h2>La Polla Records Valencia<\/h2>\n<p>Valencia &#8211; Plaza de Toros de Valencia<br \/>X\u00e1tiva, 28<br \/>20\/09\/2019<br \/>22:30<\/p>\n<p>El legendario grupo de punk <em>La Polla Records<\/em> oficializa su regreso despu\u00e9s de 16 a\u00f1os con una gira de conciertos que tendr\u00e1 una de sus paradas en Valencia.<\/p>\n","protected":false},"excerpt":{"rendered":"<p>La Polla Records Valencia Valencia &#8211; Plaza de Toros de ValenciaX\u00e1tiva, 2820\/09\/201922:30 El legendario grupo de punk La Polla Records oficializa su regreso despu\u00e9s de 16 a\u00f1os con una gira de conciertos que tendr\u00e1 una de sus paradas en Valencia.<\/p>\n","protected":false},"template":"","meta":[],"wcs-type":[5046],"wcs-room":[5312],"wcs-instructor":[],"class_list":["post-28339","class","type-class","status-publish","hentry","wcs-type-musica","wcs-room-valencia-plaza-de-toros-de-valencia"],"yoast_head":"<!-- This site is optimized with the Yoast SEO plugin v27.4 - https:\/\/yoast.com\/product\/yoast-seo-wordpress\/ -->\n<title>La Polla Records: &quot;Ni descanso, ni paz!&quot; - COSTA BLANCA UP<\/title>\n<meta name=\"robots\" content=\"index, follow, max-snippet:-1, max-image-preview:large, max-video-preview:-1\" \/>\n<link rel=\"canonical\" href=\"https:\/\/costablancaup.com\/es\/class\/la-polla-records-ni-descanso-ni-paz\/\" \/>\n<meta property=\"og:locale\" content=\"es_ES\" \/>\n<meta property=\"og:type\" content=\"article\" \/>\n<meta property=\"og:title\" content=\"La Polla Records: &quot;Ni descanso, ni paz!&quot; - COSTA BLANCA UP\" \/>\n<meta property=\"og:description\" content=\"La Polla Records Valencia Valencia &#8211; Plaza de Toros de ValenciaX\u00e1tiva, 2820\/09\/201922:30 El legendario grupo de punk La Polla Records oficializa su regreso despu\u00e9s de 16 a\u00f1os con una gira de conciertos que tendr\u00e1 una de sus paradas en Valencia.\" \/>\n<meta property=\"og:url\" content=\"https:\/\/costablancaup.com\/es\/class\/la-polla-records-ni-descanso-ni-paz\/\" \/>\n<meta property=\"og:site_name\" content=\"COSTA BLANCA UP\" \/>\n<meta property=\"article:modified_time\" content=\"2019-06-21T08:20:36+00:00\" \/>\n<meta name=\"twitter:card\" content=\"summary_large_image\" \/>\n<script type=\"application\/ld+json\" class=\"yoast-schema-graph\">{\"@context\":\"https:\\\/\\\/schema.org\",\"@graph\":[{\"@type\":\"WebPage\",\"@id\":\"https:\\\/\\\/costablancaup.com\\\/es\\\/class\\\/la-polla-records-ni-descanso-ni-paz\\\/\",\"url\":\"https:\\\/\\\/costablancaup.com\\\/es\\\/class\\\/la-polla-records-ni-descanso-ni-paz\\\/\",\"name\":\"La Polla Records: \\\"Ni descanso, ni paz!\\\" - COSTA BLANCA UP\",\"isPartOf\":{\"@id\":\"https:\\\/\\\/costablancaup.com\\\/es\\\/#website\"},\"datePublished\":\"2019-06-21T08:19:01+00:00\",\"dateModified\":\"2019-06-21T08:20:36+00:00\",\"breadcrumb\":{\"@id\":\"https:\\\/\\\/costablancaup.com\\\/es\\\/class\\\/la-polla-records-ni-descanso-ni-paz\\\/#breadcrumb\"},\"inLanguage\":\"es\",\"potentialAction\":[{\"@type\":\"ReadAction\",\"target\":[\"https:\\\/\\\/costablancaup.com\\\/es\\\/class\\\/la-polla-records-ni-descanso-ni-paz\\\/\"]}]},{\"@type\":\"BreadcrumbList\",\"@id\":\"https:\\\/\\\/costablancaup.com\\\/es\\\/class\\\/la-polla-records-ni-descanso-ni-paz\\\/#breadcrumb\",\"itemListElement\":[{\"@type\":\"ListItem\",\"position\":1,\"name\":\"Home\",\"item\":\"https:\\\/\\\/costablancaup.com\\\/es\\\/\"},{\"@type\":\"ListItem\",\"position\":2,\"name\":\"La Polla Records: &#171;Ni descanso, ni paz!&#187;\"}]},{\"@type\":\"WebSite\",\"@id\":\"https:\\\/\\\/costablancaup.com\\\/es\\\/#website\",\"url\":\"https:\\\/\\\/costablancaup.com\\\/es\\\/\",\"name\":\"COSTA BLANCA UP\",\"description\":\"Costa Blanca Events and Agenda\",\"publisher\":{\"@id\":\"https:\\\/\\\/costablancaup.com\\\/es\\\/#organization\"},\"potentialAction\":[{\"@type\":\"SearchAction\",\"target\":{\"@type\":\"EntryPoint\",\"urlTemplate\":\"https:\\\/\\\/costablancaup.com\\\/es\\\/?s={search_term_string}\"},\"query-input\":{\"@type\":\"PropertyValueSpecification\",\"valueRequired\":true,\"valueName\":\"search_term_string\"}}],\"inLanguage\":\"es\"},{\"@type\":\"Organization\",\"@id\":\"https:\\\/\\\/costablancaup.com\\\/es\\\/#organization\",\"name\":\"Costa Blanca Up\",\"url\":\"https:\\\/\\\/costablancaup.com\\\/es\\\/\",\"logo\":{\"@type\":\"ImageObject\",\"inLanguage\":\"es\",\"@id\":\"https:\\\/\\\/costablancaup.com\\\/es\\\/#\\\/schema\\\/logo\\\/image\\\/\",\"url\":\"https:\\\/\\\/costablancaup.com\\\/wp-content\\\/uploads\\\/2018\\\/07\\\/titulo_web-1.png\",\"contentUrl\":\"https:\\\/\\\/costablancaup.com\\\/wp-content\\\/uploads\\\/2018\\\/07\\\/titulo_web-1.png\",\"width\":1973,\"height\":303,\"caption\":\"Costa Blanca Up\"},\"image\":{\"@id\":\"https:\\\/\\\/costablancaup.com\\\/es\\\/#\\\/schema\\\/logo\\\/image\\\/\"}}]}<\/script>\n<!-- \/ Yoast SEO plugin. -->","yoast_head_json":{"title":"La Polla Records: \"Ni descanso, ni paz!\" - COSTA BLANCA UP","robots":{"index":"index","follow":"follow","max-snippet":"max-snippet:-1","max-image-preview":"max-image-preview:large","max-video-preview":"max-video-preview:-1"},"canonical":"https:\/\/costablancaup.com\/es\/class\/la-polla-records-ni-descanso-ni-paz\/","og_locale":"es_ES","og_type":"article","og_title":"La Polla Records: \"Ni descanso, ni paz!\" - COSTA BLANCA UP","og_description":"La Polla Records Valencia Valencia &#8211; Plaza de Toros de ValenciaX\u00e1tiva, 2820\/09\/201922:30 El legendario grupo de punk La Polla Records oficializa su regreso despu\u00e9s de 16 a\u00f1os con una gira de conciertos que tendr\u00e1 una de sus paradas en Valencia.","og_url":"https:\/\/costablancaup.com\/es\/class\/la-polla-records-ni-descanso-ni-paz\/","og_site_name":"COSTA BLANCA UP","article_modified_time":"2019-06-21T08:20:36+00:00","twitter_card":"summary_large_image","schema":{"@context":"https:\/\/schema.org","@graph":[{"@type":"WebPage","@id":"https:\/\/costablancaup.com\/es\/class\/la-polla-records-ni-descanso-ni-paz\/","url":"https:\/\/costablancaup.com\/es\/class\/la-polla-records-ni-descanso-ni-paz\/","name":"La Polla Records: \"Ni descanso, ni paz!\" - COSTA BLANCA UP","isPartOf":{"@id":"https:\/\/costablancaup.com\/es\/#website"},"datePublished":"2019-06-21T08:19:01+00:00","dateModified":"2019-06-21T08:20:36+00:00","breadcrumb":{"@id":"https:\/\/costablancaup.com\/es\/class\/la-polla-records-ni-descanso-ni-paz\/#breadcrumb"},"inLanguage":"es","potentialAction":[{"@type":"ReadAction","target":["https:\/\/costablancaup.com\/es\/class\/la-polla-records-ni-descanso-ni-paz\/"]}]},{"@type":"BreadcrumbList","@id":"https:\/\/costablancaup.com\/es\/class\/la-polla-records-ni-descanso-ni-paz\/#breadcrumb","itemListElement":[{"@type":"ListItem","position":1,"name":"Home","item":"https:\/\/costablancaup.com\/es\/"},{"@type":"ListItem","position":2,"name":"La Polla Records: &#171;Ni descanso, ni paz!&#187;"}]},{"@type":"WebSite","@id":"https:\/\/costablancaup.com\/es\/#website","url":"https:\/\/costablancaup.com\/es\/","name":"COSTA BLANCA UP","description":"Costa Blanca Events and Agenda","publisher":{"@id":"https:\/\/costablancaup.com\/es\/#organization"},"potentialAction":[{"@type":"SearchAction","target":{"@type":"EntryPoint","urlTemplate":"https:\/\/costablancaup.com\/es\/?s={search_term_string}"},"query-input":{"@type":"PropertyValueSpecification","valueRequired":true,"valueName":"search_term_string"}}],"inLanguage":"es"},{"@type":"Organization","@id":"https:\/\/costablancaup.com\/es\/#organization","name":"Costa Blanca Up","url":"https:\/\/costablancaup.com\/es\/","logo":{"@type":"ImageObject","inLanguage":"es","@id":"https:\/\/costablancaup.com\/es\/#\/schema\/logo\/image\/","url":"https:\/\/costablancaup.com\/wp-content\/uploads\/2018\/07\/titulo_web-1.png","contentUrl":"https:\/\/costablancaup.com\/wp-content\/uploads\/2018\/07\/titulo_web-1.png","width":1973,"height":303,"caption":"Costa Blanca Up"},"image":{"@id":"https:\/\/costablancaup.com\/es\/#\/schema\/logo\/image\/"}}]}},"_links":{"self":[{"href":"https:\/\/costablancaup.com\/es\/wp-json\/wp\/v2\/class\/28339","targetHints":{"allow":["GET"]}}],"collection":[{"href":"https:\/\/costablancaup.com\/es\/wp-json\/wp\/v2\/class"}],"about":[{"href":"https:\/\/costablancaup.com\/es\/wp-json\/wp\/v2\/types\/class"}],"wp:attachment":[{"href":"https:\/\/costablancaup.com\/es\/wp-json\/wp\/v2\/media?parent=28339"}],"wp:term":[{"taxonomy":"wcs-type","embeddable":true,"href":"https:\/\/costablancaup.com\/es\/wp-json\/wp\/v2\/wcs-type?post=28339"},{"taxonomy":"wcs-room","embeddable":true,"href":"https:\/\/costablancaup.com\/es\/wp-json\/wp\/v2\/wcs-room?post=28339"},{"taxonomy":"wcs-instructor","embeddable":true,"href":"https:\/\/costablancaup.com\/es\/wp-json\/wp\/v2\/wcs-instructor?post=28339"}],"curies":[{"name":"wp","href":"https:\/\/api.w.org\/{rel}","templated":true}]}}

<h2>La Polla Records Valencia</h2>
<p>Valencia &#8211; Plaza de Toros de Valencia<br />Xátiva, 28<br />20/09/2019<br />22:30</p>
<p>El legendario grupo de punk <em>La Polla Records</em> oficializa su regreso después de 16 años con una gira de conciertos que tendrá una de sus paradas en Valencia.</p>

<p>La Polla Records Valencia Valencia &#8211; Plaza de Toros de ValenciaXátiva, 2820/09/201922:30 El legendario grupo de punk La Polla Records oficializa su regreso después de 16 años con una gira de conciertos que tendrá una de sus paradas en Valencia.</p>

<!-- This site is optimized with the Yoast SEO plugin v27.4 - https://yoast.com/product/yoast-seo-wordpress/ -->
<title>La Polla Records: &quot;Ni descanso, ni paz!&quot; - COSTA BLANCA UP</title>
<meta name="robots" content="index, follow, max-snippet:-1, max-image-preview:large, max-video-preview:-1" />
<link rel="canonical" href="https://costablancaup.com/es/class/la-polla-records-ni-descanso-ni-paz/" />
<meta property="og:locale" content="es_ES" />
<meta property="og:type" content="article" />
<meta property="og:title" content="La Polla Records: &quot;Ni descanso, ni paz!&quot; - COSTA BLANCA UP" />
<meta property="og:description" content="La Polla Records Valencia Valencia &#8211; Plaza de Toros de ValenciaXátiva, 2820/09/201922:30 El legendario grupo de punk La Polla Records oficializa su regreso después de 16 años con una gira de conciertos que tendrá una de sus paradas en Valencia." />
<meta property="og:url" content="https://costablancaup.com/es/class/la-polla-records-ni-descanso-ni-paz/" />
<meta property="og:site_name" content="COSTA BLANCA UP" />
<meta property="article:modified_time" content="2019-06-21T08:20:36+00:00" />
<meta name="twitter:card" content="summary_large_image" />
<script type="application/ld+json" class="yoast-schema-graph">{"@context":"https:\/\/schema.org","@graph":[{"@type":"WebPage","@id":"https:\/\/costablancaup.com\/es\/class\/la-polla-records-ni-descanso-ni-paz\/","url":"https:\/\/costablancaup.com\/es\/class\/la-polla-records-ni-descanso-ni-paz\/","name":"La Polla Records: \"Ni descanso, ni paz!\" - COSTA BLANCA UP","isPartOf":{"@id":"https:\/\/costablancaup.com\/es\/#website"},"datePublished":"2019-06-21T08:19:01+00:00","dateModified":"2019-06-21T08:20:36+00:00","breadcrumb":{"@id":"https:\/\/costablancaup.com\/es\/class\/la-polla-records-ni-descanso-ni-paz\/#breadcrumb"},"inLanguage":"es","potentialAction":[{"@type":"ReadAction","target":["https:\/\/costablancaup.com\/es\/class\/la-polla-records-ni-descanso-ni-paz\/"]}]},{"@type":"BreadcrumbList","@id":"https:\/\/costablancaup.com\/es\/class\/la-polla-records-ni-descanso-ni-paz\/#breadcrumb","itemListElement":[{"@type":"ListItem","position":1,"name":"Home","item":"https:\/\/costablancaup.com\/es\/"},{"@type":"ListItem","position":2,"name":"La Polla Records: &#171;Ni descanso, ni paz!&#187;"}]},{"@type":"WebSite","@id":"https:\/\/costablancaup.com\/es\/#website","url":"https:\/\/costablancaup.com\/es\/","name":"COSTA BLANCA UP","description":"Costa Blanca Events and Agenda","publisher":{"@id":"https:\/\/costablancaup.com\/es\/#organization"},"potentialAction":[{"@type":"SearchAction","target":{"@type":"EntryPoint","urlTemplate":"https:\/\/costablancaup.com\/es\/?s={search_term_string}"},"query-input":{"@type":"PropertyValueSpecification","valueRequired":true,"valueName":"search_term_string"}}],"inLanguage":"es"},{"@type":"Organization","@id":"https:\/\/costablancaup.com\/es\/#organization","name":"Costa Blanca Up","url":"https:\/\/costablancaup.com\/es\/","logo":{"@type":"ImageObject","inLanguage":"es","@id":"https:\/\/costablancaup.com\/es\/#\/schema\/logo\/image\/","url":"https:\/\/costablancaup.com\/wp-content\/uploads\/2018\/07\/titulo_web-1.png","contentUrl":"https:\/\/costablancaup.com\/wp-content\/uploads\/2018\/07\/titulo_web-1.png","width":1973,"height":303,"caption":"Costa Blanca Up"},"image":{"@id":"https:\/\/costablancaup.com\/es\/#\/schema\/logo\/image\/"}}]}</script>
<!-- / Yoast SEO plugin. -->

La Polla Records Valencia Valencia &#8211; Plaza de Toros de ValenciaXátiva, 2820/09/201922:30 El legendario grupo de punk La Polla Records oficializa su regreso después de 16 años con una gira de conciertos que tendrá una de sus paradas en Valencia.
