{"id":28345,"date":"2019-06-21T12:41:41","date_gmt":"2019-06-21T10:41:41","guid":{"rendered":"https:\/\/costablancaup.com\/?post_type=class&#038;p=28345"},"modified":"2019-06-21T12:41:41","modified_gmt":"2019-06-21T10:41:41","slug":"lytos-y-rafa-espino","status":"publish","type":"class","link":"https:\/\/costablancaup.com\/es\/class\/lytos-y-rafa-espino\/","title":{"rendered":"Lytos y Rafa Espino"},"content":{"rendered":"<h2>LYTOS + RAFA ESPINO EN VALENCIA \/\/ Loco Club<\/h2>\n<p>Valencia &#8211; Loco Club<br \/>Calle del Erudito Orellana<br \/>28\/09\/2019<br \/>21:30<\/p>\n<p><em>Lytos y Rafa Espino<\/em> actuar\u00e1n por primera vez en Valencia en una gira conjunta. Tras muchos a\u00f1os de carrera musical <em>Rafa Espino<\/em> compartir\u00e1 en directo con todos sus seguidores sus canciones m\u00e1s m\u00edticas. Por su parte, <em>Lytos<\/em> demostrar\u00e1 por que est\u00e1 considerado como uno de los <em>beatboxers<\/em> m\u00e1s importantes a nivel mundial.<\/p>\n","protected":false},"excerpt":{"rendered":"<p>LYTOS + RAFA ESPINO EN VALENCIA \/\/ Loco Club Valencia &#8211; Loco ClubCalle del Erudito Orellana28\/09\/201921:30 Lytos y Rafa Espino actuar\u00e1n por primera vez en Valencia en una gira conjunta. Tras muchos a\u00f1os de carrera musical Rafa Espino compartir\u00e1 en directo con todos sus seguidores sus canciones m\u00e1s m\u00edticas. Por su parte, Lytos demostrar\u00e1 por que est\u00e1 considerado como uno de los beatboxers m\u00e1s importantes a nivel mundial.<\/p>\n","protected":false},"template":"","meta":[],"wcs-type":[5046],"wcs-room":[5328],"wcs-instructor":[],"class_list":["post-28345","class","type-class","status-publish","hentry","wcs-type-musica","wcs-room-valencia-loco-club"],"yoast_head":"<!-- This site is optimized with the Yoast SEO plugin v27.4 - https:\/\/yoast.com\/product\/yoast-seo-wordpress\/ -->\n<title>Lytos y Rafa Espino - COSTA BLANCA UP<\/title>\n<meta name=\"robots\" content=\"index, follow, max-snippet:-1, max-image-preview:large, max-video-preview:-1\" \/>\n<link rel=\"canonical\" href=\"https:\/\/costablancaup.com\/es\/class\/lytos-y-rafa-espino\/\" \/>\n<meta property=\"og:locale\" content=\"es_ES\" \/>\n<meta property=\"og:type\" content=\"article\" \/>\n<meta property=\"og:title\" content=\"Lytos y Rafa Espino - COSTA BLANCA UP\" \/>\n<meta property=\"og:description\" content=\"LYTOS + RAFA ESPINO EN VALENCIA \/\/ Loco Club Valencia &#8211; Loco ClubCalle del Erudito Orellana28\/09\/201921:30 Lytos y Rafa Espino actuar\u00e1n por primera vez en Valencia en una gira conjunta. Tras muchos a\u00f1os de carrera musical Rafa Espino compartir\u00e1 en directo con todos sus seguidores sus canciones m\u00e1s m\u00edticas. Por su parte, Lytos demostrar\u00e1 por que est\u00e1 considerado como uno de los beatboxers m\u00e1s importantes a nivel mundial.\" \/>\n<meta property=\"og:url\" content=\"https:\/\/costablancaup.com\/es\/class\/lytos-y-rafa-espino\/\" \/>\n<meta property=\"og:site_name\" content=\"COSTA BLANCA UP\" \/>\n<meta name=\"twitter:card\" content=\"summary_large_image\" \/>\n<script type=\"application\/ld+json\" class=\"yoast-schema-graph\">{\"@context\":\"https:\\\/\\\/schema.org\",\"@graph\":[{\"@type\":\"WebPage\",\"@id\":\"https:\\\/\\\/costablancaup.com\\\/es\\\/class\\\/lytos-y-rafa-espino\\\/\",\"url\":\"https:\\\/\\\/costablancaup.com\\\/es\\\/class\\\/lytos-y-rafa-espino\\\/\",\"name\":\"Lytos y Rafa Espino - COSTA BLANCA UP\",\"isPartOf\":{\"@id\":\"https:\\\/\\\/costablancaup.com\\\/es\\\/#website\"},\"datePublished\":\"2019-06-21T10:41:41+00:00\",\"breadcrumb\":{\"@id\":\"https:\\\/\\\/costablancaup.com\\\/es\\\/class\\\/lytos-y-rafa-espino\\\/#breadcrumb\"},\"inLanguage\":\"es\",\"potentialAction\":[{\"@type\":\"ReadAction\",\"target\":[\"https:\\\/\\\/costablancaup.com\\\/es\\\/class\\\/lytos-y-rafa-espino\\\/\"]}]},{\"@type\":\"BreadcrumbList\",\"@id\":\"https:\\\/\\\/costablancaup.com\\\/es\\\/class\\\/lytos-y-rafa-espino\\\/#breadcrumb\",\"itemListElement\":[{\"@type\":\"ListItem\",\"position\":1,\"name\":\"Home\",\"item\":\"https:\\\/\\\/costablancaup.com\\\/es\\\/\"},{\"@type\":\"ListItem\",\"position\":2,\"name\":\"Lytos y Rafa Espino\"}]},{\"@type\":\"WebSite\",\"@id\":\"https:\\\/\\\/costablancaup.com\\\/es\\\/#website\",\"url\":\"https:\\\/\\\/costablancaup.com\\\/es\\\/\",\"name\":\"COSTA BLANCA UP\",\"description\":\"Costa Blanca Events and Agenda\",\"publisher\":{\"@id\":\"https:\\\/\\\/costablancaup.com\\\/es\\\/#organization\"},\"potentialAction\":[{\"@type\":\"SearchAction\",\"target\":{\"@type\":\"EntryPoint\",\"urlTemplate\":\"https:\\\/\\\/costablancaup.com\\\/es\\\/?s={search_term_string}\"},\"query-input\":{\"@type\":\"PropertyValueSpecification\",\"valueRequired\":true,\"valueName\":\"search_term_string\"}}],\"inLanguage\":\"es\"},{\"@type\":\"Organization\",\"@id\":\"https:\\\/\\\/costablancaup.com\\\/es\\\/#organization\",\"name\":\"Costa Blanca Up\",\"url\":\"https:\\\/\\\/costablancaup.com\\\/es\\\/\",\"logo\":{\"@type\":\"ImageObject\",\"inLanguage\":\"es\",\"@id\":\"https:\\\/\\\/costablancaup.com\\\/es\\\/#\\\/schema\\\/logo\\\/image\\\/\",\"url\":\"https:\\\/\\\/costablancaup.com\\\/wp-content\\\/uploads\\\/2018\\\/07\\\/titulo_web-1.png\",\"contentUrl\":\"https:\\\/\\\/costablancaup.com\\\/wp-content\\\/uploads\\\/2018\\\/07\\\/titulo_web-1.png\",\"width\":1973,\"height\":303,\"caption\":\"Costa Blanca Up\"},\"image\":{\"@id\":\"https:\\\/\\\/costablancaup.com\\\/es\\\/#\\\/schema\\\/logo\\\/image\\\/\"}}]}<\/script>\n<!-- \/ Yoast SEO plugin. -->","yoast_head_json":{"title":"Lytos y Rafa Espino - COSTA BLANCA UP","robots":{"index":"index","follow":"follow","max-snippet":"max-snippet:-1","max-image-preview":"max-image-preview:large","max-video-preview":"max-video-preview:-1"},"canonical":"https:\/\/costablancaup.com\/es\/class\/lytos-y-rafa-espino\/","og_locale":"es_ES","og_type":"article","og_title":"Lytos y Rafa Espino - COSTA BLANCA UP","og_description":"LYTOS + RAFA ESPINO EN VALENCIA \/\/ Loco Club Valencia &#8211; Loco ClubCalle del Erudito Orellana28\/09\/201921:30 Lytos y Rafa Espino actuar\u00e1n por primera vez en Valencia en una gira conjunta. Tras muchos a\u00f1os de carrera musical Rafa Espino compartir\u00e1 en directo con todos sus seguidores sus canciones m\u00e1s m\u00edticas. Por su parte, Lytos demostrar\u00e1 por que est\u00e1 considerado como uno de los beatboxers m\u00e1s importantes a nivel mundial.","og_url":"https:\/\/costablancaup.com\/es\/class\/lytos-y-rafa-espino\/","og_site_name":"COSTA BLANCA UP","twitter_card":"summary_large_image","schema":{"@context":"https:\/\/schema.org","@graph":[{"@type":"WebPage","@id":"https:\/\/costablancaup.com\/es\/class\/lytos-y-rafa-espino\/","url":"https:\/\/costablancaup.com\/es\/class\/lytos-y-rafa-espino\/","name":"Lytos y Rafa Espino - COSTA BLANCA UP","isPartOf":{"@id":"https:\/\/costablancaup.com\/es\/#website"},"datePublished":"2019-06-21T10:41:41+00:00","breadcrumb":{"@id":"https:\/\/costablancaup.com\/es\/class\/lytos-y-rafa-espino\/#breadcrumb"},"inLanguage":"es","potentialAction":[{"@type":"ReadAction","target":["https:\/\/costablancaup.com\/es\/class\/lytos-y-rafa-espino\/"]}]},{"@type":"BreadcrumbList","@id":"https:\/\/costablancaup.com\/es\/class\/lytos-y-rafa-espino\/#breadcrumb","itemListElement":[{"@type":"ListItem","position":1,"name":"Home","item":"https:\/\/costablancaup.com\/es\/"},{"@type":"ListItem","position":2,"name":"Lytos y Rafa Espino"}]},{"@type":"WebSite","@id":"https:\/\/costablancaup.com\/es\/#website","url":"https:\/\/costablancaup.com\/es\/","name":"COSTA BLANCA UP","description":"Costa Blanca Events and Agenda","publisher":{"@id":"https:\/\/costablancaup.com\/es\/#organization"},"potentialAction":[{"@type":"SearchAction","target":{"@type":"EntryPoint","urlTemplate":"https:\/\/costablancaup.com\/es\/?s={search_term_string}"},"query-input":{"@type":"PropertyValueSpecification","valueRequired":true,"valueName":"search_term_string"}}],"inLanguage":"es"},{"@type":"Organization","@id":"https:\/\/costablancaup.com\/es\/#organization","name":"Costa Blanca Up","url":"https:\/\/costablancaup.com\/es\/","logo":{"@type":"ImageObject","inLanguage":"es","@id":"https:\/\/costablancaup.com\/es\/#\/schema\/logo\/image\/","url":"https:\/\/costablancaup.com\/wp-content\/uploads\/2018\/07\/titulo_web-1.png","contentUrl":"https:\/\/costablancaup.com\/wp-content\/uploads\/2018\/07\/titulo_web-1.png","width":1973,"height":303,"caption":"Costa Blanca Up"},"image":{"@id":"https:\/\/costablancaup.com\/es\/#\/schema\/logo\/image\/"}}]}},"_links":{"self":[{"href":"https:\/\/costablancaup.com\/es\/wp-json\/wp\/v2\/class\/28345","targetHints":{"allow":["GET"]}}],"collection":[{"href":"https:\/\/costablancaup.com\/es\/wp-json\/wp\/v2\/class"}],"about":[{"href":"https:\/\/costablancaup.com\/es\/wp-json\/wp\/v2\/types\/class"}],"wp:attachment":[{"href":"https:\/\/costablancaup.com\/es\/wp-json\/wp\/v2\/media?parent=28345"}],"wp:term":[{"taxonomy":"wcs-type","embeddable":true,"href":"https:\/\/costablancaup.com\/es\/wp-json\/wp\/v2\/wcs-type?post=28345"},{"taxonomy":"wcs-room","embeddable":true,"href":"https:\/\/costablancaup.com\/es\/wp-json\/wp\/v2\/wcs-room?post=28345"},{"taxonomy":"wcs-instructor","embeddable":true,"href":"https:\/\/costablancaup.com\/es\/wp-json\/wp\/v2\/wcs-instructor?post=28345"}],"curies":[{"name":"wp","href":"https:\/\/api.w.org\/{rel}","templated":true}]}}

<h2>LYTOS + RAFA ESPINO EN VALENCIA // Loco Club</h2>
<p>Valencia &#8211; Loco Club<br />Calle del Erudito Orellana<br />28/09/2019<br />21:30</p>
<p><em>Lytos y Rafa Espino</em> actuarán por primera vez en Valencia en una gira conjunta. Tras muchos años de carrera musical <em>Rafa Espino</em> compartirá en directo con todos sus seguidores sus canciones más míticas. Por su parte, <em>Lytos</em> demostrará por que está considerado como uno de los <em>beatboxers</em> más importantes a nivel mundial.</p>

<p>LYTOS + RAFA ESPINO EN VALENCIA // Loco Club Valencia &#8211; Loco ClubCalle del Erudito Orellana28/09/201921:30 Lytos y Rafa Espino actuarán por primera vez en Valencia en una gira conjunta. Tras muchos años de carrera musical Rafa Espino compartirá en directo con todos sus seguidores sus canciones más míticas. Por su parte, Lytos demostrará por que está considerado como uno de los beatboxers más importantes a nivel mundial.</p>

<!-- This site is optimized with the Yoast SEO plugin v27.4 - https://yoast.com/product/yoast-seo-wordpress/ -->
<title>Lytos y Rafa Espino - COSTA BLANCA UP</title>
<meta name="robots" content="index, follow, max-snippet:-1, max-image-preview:large, max-video-preview:-1" />
<link rel="canonical" href="https://costablancaup.com/es/class/lytos-y-rafa-espino/" />
<meta property="og:locale" content="es_ES" />
<meta property="og:type" content="article" />
<meta property="og:title" content="Lytos y Rafa Espino - COSTA BLANCA UP" />
<meta property="og:description" content="LYTOS + RAFA ESPINO EN VALENCIA // Loco Club Valencia &#8211; Loco ClubCalle del Erudito Orellana28/09/201921:30 Lytos y Rafa Espino actuarán por primera vez en Valencia en una gira conjunta. Tras muchos años de carrera musical Rafa Espino compartirá en directo con todos sus seguidores sus canciones más míticas. Por su parte, Lytos demostrará por que está considerado como uno de los beatboxers más importantes a nivel mundial." />
<meta property="og:url" content="https://costablancaup.com/es/class/lytos-y-rafa-espino/" />
<meta property="og:site_name" content="COSTA BLANCA UP" />
<meta name="twitter:card" content="summary_large_image" />
<script type="application/ld+json" class="yoast-schema-graph">{"@context":"https:\/\/schema.org","@graph":[{"@type":"WebPage","@id":"https:\/\/costablancaup.com\/es\/class\/lytos-y-rafa-espino\/","url":"https:\/\/costablancaup.com\/es\/class\/lytos-y-rafa-espino\/","name":"Lytos y Rafa Espino - COSTA BLANCA UP","isPartOf":{"@id":"https:\/\/costablancaup.com\/es\/#website"},"datePublished":"2019-06-21T10:41:41+00:00","breadcrumb":{"@id":"https:\/\/costablancaup.com\/es\/class\/lytos-y-rafa-espino\/#breadcrumb"},"inLanguage":"es","potentialAction":[{"@type":"ReadAction","target":["https:\/\/costablancaup.com\/es\/class\/lytos-y-rafa-espino\/"]}]},{"@type":"BreadcrumbList","@id":"https:\/\/costablancaup.com\/es\/class\/lytos-y-rafa-espino\/#breadcrumb","itemListElement":[{"@type":"ListItem","position":1,"name":"Home","item":"https:\/\/costablancaup.com\/es\/"},{"@type":"ListItem","position":2,"name":"Lytos y Rafa Espino"}]},{"@type":"WebSite","@id":"https:\/\/costablancaup.com\/es\/#website","url":"https:\/\/costablancaup.com\/es\/","name":"COSTA BLANCA UP","description":"Costa Blanca Events and Agenda","publisher":{"@id":"https:\/\/costablancaup.com\/es\/#organization"},"potentialAction":[{"@type":"SearchAction","target":{"@type":"EntryPoint","urlTemplate":"https:\/\/costablancaup.com\/es\/?s={search_term_string}"},"query-input":{"@type":"PropertyValueSpecification","valueRequired":true,"valueName":"search_term_string"}}],"inLanguage":"es"},{"@type":"Organization","@id":"https:\/\/costablancaup.com\/es\/#organization","name":"Costa Blanca Up","url":"https:\/\/costablancaup.com\/es\/","logo":{"@type":"ImageObject","inLanguage":"es","@id":"https:\/\/costablancaup.com\/es\/#\/schema\/logo\/image\/","url":"https:\/\/costablancaup.com\/wp-content\/uploads\/2018\/07\/titulo_web-1.png","contentUrl":"https:\/\/costablancaup.com\/wp-content\/uploads\/2018\/07\/titulo_web-1.png","width":1973,"height":303,"caption":"Costa Blanca Up"},"image":{"@id":"https:\/\/costablancaup.com\/es\/#\/schema\/logo\/image\/"}}]}</script>
<!-- / Yoast SEO plugin. -->

LYTOS + RAFA ESPINO EN VALENCIA // Loco Club Valencia &#8211; Loco ClubCalle del Erudito Orellana28/09/201921:30 Lytos y Rafa Espino actuarán por primera vez en Valencia en una gira conjunta. Tras muchos años de carrera musical Rafa Espino compartirá en directo con todos sus seguidores sus canciones más míticas. Por su parte, Lytos demostrará por que está considerado como uno de los beatboxers más importantes a nivel mundial.
