{"id":30331,"date":"2019-05-15T09:23:29","date_gmt":"2019-05-15T07:23:29","guid":{"rendered":"https:\/\/costablancaup.com\/class\/alacant-desperta-2019-2\/"},"modified":"2019-05-15T09:23:55","modified_gmt":"2019-05-15T07:23:55","slug":"alacant-desperta-2019-2","status":"publish","type":"class","link":"https:\/\/costablancaup.com\/es\/class\/alacant-desperta-2019-2\/","title":{"rendered":"\u00abAlacant Desperta 2019\u00bb"},"content":{"rendered":"<h2>La sexta edici\u00f3n del festival se celebrar\u00e1 del 17 al 19 de mayo en el parque Monte Tossal de Alicante.<\/h2>\n<p>Est\u00e1n programadas decenas de actividades, todas ellas gratuitas, como circo, poes\u00eda, teatro, danza, break dance, graffiti, deportes urbanos, tai chi, yoga, artes pl\u00e1sticas y muchas otras m\u00e1s.<\/p>\n<p>Y todas ellas acompa\u00f1adas con m\u00fasica de todos los estilos: rap, rock, pop, electr\u00f3nica, fusi\u00f3n, mestizaje, etc. desde los diferentes escenarios.<\/p>\n<h3>Programa<\/h3>\n<ul>\n<li><a href=\"https:\/\/costablancaup.com\/wp-content\/uploads\/2019\/05\/ad2019-programa.pdf\" target=\"_blank\" rel=\"noopener noreferrer\">Descargar programa<\/a><\/li>\n<\/ul>\n<h3>Horarios<\/h3>\n<ul>\n<li>Viernes 17, de 18:00 a 03:00 horas.<\/li>\n<li>S\u00e1bado 18, de 11:00 a 03:00 horas.<\/li>\n<li>Domingo 19, de 11:00 a 20:00 horas.<\/li>\n<\/ul>\n<h3>Localizaci\u00f3n<\/h3>\n\r\n            \r\n            \r\n            \r\n            <a name='map201'><\/a>\r\n            \r\n            \r\n            \r\n            \r\n            <div class=\"wpgmza_map \"  id=\"wpgmza_map_201\" style=\"display:block; overflow:auto; width:100%; height:400px; float:left;\" data-settings='{\"id\":\"201\",\"map_title\":\"Parque El Tossal (Alicante)\",\"map_width\":\"100\",\"map_height\":\"400\",\"map_start_lat\":\"38.351779\",\"map_start_lng\":\"-0.491800\",\"map_start_location\":\"38.3517793840323,-0.4918002894112994\",\"map_start_zoom\":\"15\",\"default_marker\":\"0\",\"type\":\"1\",\"alignment\":\"1\",\"directions_enabled\":\"0\",\"styling_enabled\":\"0\",\"styling_json\":\"\",\"active\":\"0\",\"kml\":\"\",\"bicycle\":\"0\",\"traffic\":\"0\",\"dbox\":\"1\",\"dbox_width\":\"100\",\"listmarkers\":\"0\",\"listmarkers_advanced\":\"0\",\"filterbycat\":\"0\",\"ugm_enabled\":\"0\",\"ugm_category_enabled\":\"0\",\"fusion\":\"\",\"map_width_type\":\"\\\\%\",\"map_height_type\":\"px\",\"mass_marker_support\":\"0\",\"ugm_access\":\"0\",\"order_markers_by\":\"1\",\"order_markers_choice\":\"2\",\"show_user_location\":\"2\",\"default_to\":\"\",\"other_settings\":{\"wpgmza_store_locator_restrict\":\"\",\"wpgmza_sl_animation\":\"1\",\"store_locator_query_string\":\"ZIP \\\/ Address:\",\"store_locator_name_string\":\"Title \\\/ Description:\",\"store_locator_default_address\":\"\",\"wpgmza_dbox_width_type\":\"%\",\"map_max_zoom\":\"3\",\"map_min_zoom\":\"21\",\"sl_stroke_color\":\"FF0000\",\"sl_stroke_opacity\":\"0.25\",\"sl_fill_color\":\"FF0000\",\"sl_fill_opacity\":\"0.15\",\"click_open_link\":2,\"transport_layer\":0,\"iw_primary_color\":\"2A3744\",\"iw_accent_color\":\"252F3A\",\"iw_text_color\":\"FFFFFF\",\"wpgmza_iw_type\":\"0\",\"list_markers_by\":\"0\",\"push_in_map\":\"\",\"push_in_map_placement\":\"9\",\"wpgmza_push_in_map_width\":\"\",\"wpgmza_push_in_map_height\":\"\",\"wpgmza_theme_data\":\"\",\"upload_default_ul_marker\":\"\",\"upload_default_sl_marker\":\"\",\"shortcodeAttributes\":{\"id\":\"201\"}}}' data-map-id='201' data-shortcode-attributes='{\"id\":\"201\"}'> <\/div>\r\n            \r\n               \r\n        \n","protected":false},"excerpt":{"rendered":"<p>La sexta edici\u00f3n del festival se celebrar\u00e1 del 17 al 19 de mayo en el parque Monte Tossal de Alicante. Est\u00e1n programadas decenas de actividades, todas ellas gratuitas, como circo, poes\u00eda, teatro, danza, break dance, graffiti, deportes urbanos, tai chi, yoga, artes pl\u00e1sticas y muchas otras m\u00e1s. Y todas ellas acompa\u00f1adas con m\u00fasica de todos los estilos: rap, rock, pop, electr\u00f3nica, fusi\u00f3n, mestizaje, etc. desde los diferentes escenarios. Programa Descargar programa Horarios Viernes 17, de 18:00 a 03:00 horas. S\u00e1bado 18, de 11:00 a 03:00 horas. Domingo 19, de 11:00 a 20:00 horas. Localizaci\u00f3n<\/p>\n","protected":false},"template":"","meta":[],"wcs-type":[5085,5222,5215,5042,5080,5372,5046,5036,5066],"wcs-room":[6059],"wcs-instructor":[],"class_list":["post-30331","class","type-class","status-publish","hentry","wcs-type-baile","wcs-type-cursos","wcs-type-deportes","wcs-type-espectaculos","wcs-type-exposiciones","wcs-type-gastronomia","wcs-type-musica","wcs-type-ninos","wcs-type-teatro","wcs-room-parque-monte-tossal-alicante"],"yoast_head":"<!-- This site is optimized with the Yoast SEO plugin v27.4 - https:\/\/yoast.com\/product\/yoast-seo-wordpress\/ -->\n<title>&quot;Alacant Desperta 2019&quot; - COSTA BLANCA UP<\/title>\n<meta name=\"robots\" content=\"index, follow, max-snippet:-1, max-image-preview:large, max-video-preview:-1\" \/>\n<link rel=\"canonical\" href=\"https:\/\/costablancaup.com\/es\/class\/alacant-desperta-2019-2\/\" \/>\n<meta property=\"og:locale\" content=\"es_ES\" \/>\n<meta property=\"og:type\" content=\"article\" \/>\n<meta property=\"og:title\" content=\"&quot;Alacant Desperta 2019&quot; - COSTA BLANCA UP\" \/>\n<meta property=\"og:description\" content=\"La sexta edici\u00f3n del festival se celebrar\u00e1 del 17 al 19 de mayo en el parque Monte Tossal de Alicante. Est\u00e1n programadas decenas de actividades, todas ellas gratuitas, como circo, poes\u00eda, teatro, danza, break dance, graffiti, deportes urbanos, tai chi, yoga, artes pl\u00e1sticas y muchas otras m\u00e1s. Y todas ellas acompa\u00f1adas con m\u00fasica de todos los estilos: rap, rock, pop, electr\u00f3nica, fusi\u00f3n, mestizaje, etc. desde los diferentes escenarios. Programa Descargar programa Horarios Viernes 17, de 18:00 a 03:00 horas. S\u00e1bado 18, de 11:00 a 03:00 horas. Domingo 19, de 11:00 a 20:00 horas. Localizaci\u00f3n\" \/>\n<meta property=\"og:url\" content=\"https:\/\/costablancaup.com\/es\/class\/alacant-desperta-2019-2\/\" \/>\n<meta property=\"og:site_name\" content=\"COSTA BLANCA UP\" \/>\n<meta property=\"article:modified_time\" content=\"2019-05-15T07:23:55+00:00\" \/>\n<meta name=\"twitter:card\" content=\"summary_large_image\" \/>\n<script type=\"application\/ld+json\" class=\"yoast-schema-graph\">{\"@context\":\"https:\\\/\\\/schema.org\",\"@graph\":[{\"@type\":\"WebPage\",\"@id\":\"https:\\\/\\\/costablancaup.com\\\/es\\\/class\\\/alacant-desperta-2019-2\\\/\",\"url\":\"https:\\\/\\\/costablancaup.com\\\/es\\\/class\\\/alacant-desperta-2019-2\\\/\",\"name\":\"\\\"Alacant Desperta 2019\\\" - COSTA BLANCA UP\",\"isPartOf\":{\"@id\":\"https:\\\/\\\/costablancaup.com\\\/es\\\/#website\"},\"datePublished\":\"2019-05-15T07:23:29+00:00\",\"dateModified\":\"2019-05-15T07:23:55+00:00\",\"breadcrumb\":{\"@id\":\"https:\\\/\\\/costablancaup.com\\\/es\\\/class\\\/alacant-desperta-2019-2\\\/#breadcrumb\"},\"inLanguage\":\"es\",\"potentialAction\":[{\"@type\":\"ReadAction\",\"target\":[\"https:\\\/\\\/costablancaup.com\\\/es\\\/class\\\/alacant-desperta-2019-2\\\/\"]}]},{\"@type\":\"BreadcrumbList\",\"@id\":\"https:\\\/\\\/costablancaup.com\\\/es\\\/class\\\/alacant-desperta-2019-2\\\/#breadcrumb\",\"itemListElement\":[{\"@type\":\"ListItem\",\"position\":1,\"name\":\"Home\",\"item\":\"https:\\\/\\\/costablancaup.com\\\/es\\\/\"},{\"@type\":\"ListItem\",\"position\":2,\"name\":\"\u00abAlacant Desperta 2019\u00bb\"}]},{\"@type\":\"WebSite\",\"@id\":\"https:\\\/\\\/costablancaup.com\\\/es\\\/#website\",\"url\":\"https:\\\/\\\/costablancaup.com\\\/es\\\/\",\"name\":\"COSTA BLANCA UP\",\"description\":\"Costa Blanca Events and Agenda\",\"publisher\":{\"@id\":\"https:\\\/\\\/costablancaup.com\\\/es\\\/#organization\"},\"potentialAction\":[{\"@type\":\"SearchAction\",\"target\":{\"@type\":\"EntryPoint\",\"urlTemplate\":\"https:\\\/\\\/costablancaup.com\\\/es\\\/?s={search_term_string}\"},\"query-input\":{\"@type\":\"PropertyValueSpecification\",\"valueRequired\":true,\"valueName\":\"search_term_string\"}}],\"inLanguage\":\"es\"},{\"@type\":\"Organization\",\"@id\":\"https:\\\/\\\/costablancaup.com\\\/es\\\/#organization\",\"name\":\"Costa Blanca Up\",\"url\":\"https:\\\/\\\/costablancaup.com\\\/es\\\/\",\"logo\":{\"@type\":\"ImageObject\",\"inLanguage\":\"es\",\"@id\":\"https:\\\/\\\/costablancaup.com\\\/es\\\/#\\\/schema\\\/logo\\\/image\\\/\",\"url\":\"https:\\\/\\\/costablancaup.com\\\/wp-content\\\/uploads\\\/2018\\\/07\\\/titulo_web-1.png\",\"contentUrl\":\"https:\\\/\\\/costablancaup.com\\\/wp-content\\\/uploads\\\/2018\\\/07\\\/titulo_web-1.png\",\"width\":1973,\"height\":303,\"caption\":\"Costa Blanca Up\"},\"image\":{\"@id\":\"https:\\\/\\\/costablancaup.com\\\/es\\\/#\\\/schema\\\/logo\\\/image\\\/\"}}]}<\/script>\n<!-- \/ Yoast SEO plugin. -->","yoast_head_json":{"title":"\"Alacant Desperta 2019\" - COSTA BLANCA UP","robots":{"index":"index","follow":"follow","max-snippet":"max-snippet:-1","max-image-preview":"max-image-preview:large","max-video-preview":"max-video-preview:-1"},"canonical":"https:\/\/costablancaup.com\/es\/class\/alacant-desperta-2019-2\/","og_locale":"es_ES","og_type":"article","og_title":"\"Alacant Desperta 2019\" - COSTA BLANCA UP","og_description":"La sexta edici\u00f3n del festival se celebrar\u00e1 del 17 al 19 de mayo en el parque Monte Tossal de Alicante. Est\u00e1n programadas decenas de actividades, todas ellas gratuitas, como circo, poes\u00eda, teatro, danza, break dance, graffiti, deportes urbanos, tai chi, yoga, artes pl\u00e1sticas y muchas otras m\u00e1s. Y todas ellas acompa\u00f1adas con m\u00fasica de todos los estilos: rap, rock, pop, electr\u00f3nica, fusi\u00f3n, mestizaje, etc. desde los diferentes escenarios. Programa Descargar programa Horarios Viernes 17, de 18:00 a 03:00 horas. S\u00e1bado 18, de 11:00 a 03:00 horas. Domingo 19, de 11:00 a 20:00 horas. Localizaci\u00f3n","og_url":"https:\/\/costablancaup.com\/es\/class\/alacant-desperta-2019-2\/","og_site_name":"COSTA BLANCA UP","article_modified_time":"2019-05-15T07:23:55+00:00","twitter_card":"summary_large_image","schema":{"@context":"https:\/\/schema.org","@graph":[{"@type":"WebPage","@id":"https:\/\/costablancaup.com\/es\/class\/alacant-desperta-2019-2\/","url":"https:\/\/costablancaup.com\/es\/class\/alacant-desperta-2019-2\/","name":"\"Alacant Desperta 2019\" - COSTA BLANCA UP","isPartOf":{"@id":"https:\/\/costablancaup.com\/es\/#website"},"datePublished":"2019-05-15T07:23:29+00:00","dateModified":"2019-05-15T07:23:55+00:00","breadcrumb":{"@id":"https:\/\/costablancaup.com\/es\/class\/alacant-desperta-2019-2\/#breadcrumb"},"inLanguage":"es","potentialAction":[{"@type":"ReadAction","target":["https:\/\/costablancaup.com\/es\/class\/alacant-desperta-2019-2\/"]}]},{"@type":"BreadcrumbList","@id":"https:\/\/costablancaup.com\/es\/class\/alacant-desperta-2019-2\/#breadcrumb","itemListElement":[{"@type":"ListItem","position":1,"name":"Home","item":"https:\/\/costablancaup.com\/es\/"},{"@type":"ListItem","position":2,"name":"\u00abAlacant Desperta 2019\u00bb"}]},{"@type":"WebSite","@id":"https:\/\/costablancaup.com\/es\/#website","url":"https:\/\/costablancaup.com\/es\/","name":"COSTA BLANCA UP","description":"Costa Blanca Events and Agenda","publisher":{"@id":"https:\/\/costablancaup.com\/es\/#organization"},"potentialAction":[{"@type":"SearchAction","target":{"@type":"EntryPoint","urlTemplate":"https:\/\/costablancaup.com\/es\/?s={search_term_string}"},"query-input":{"@type":"PropertyValueSpecification","valueRequired":true,"valueName":"search_term_string"}}],"inLanguage":"es"},{"@type":"Organization","@id":"https:\/\/costablancaup.com\/es\/#organization","name":"Costa Blanca Up","url":"https:\/\/costablancaup.com\/es\/","logo":{"@type":"ImageObject","inLanguage":"es","@id":"https:\/\/costablancaup.com\/es\/#\/schema\/logo\/image\/","url":"https:\/\/costablancaup.com\/wp-content\/uploads\/2018\/07\/titulo_web-1.png","contentUrl":"https:\/\/costablancaup.com\/wp-content\/uploads\/2018\/07\/titulo_web-1.png","width":1973,"height":303,"caption":"Costa Blanca Up"},"image":{"@id":"https:\/\/costablancaup.com\/es\/#\/schema\/logo\/image\/"}}]}},"_links":{"self":[{"href":"https:\/\/costablancaup.com\/es\/wp-json\/wp\/v2\/class\/30331","targetHints":{"allow":["GET"]}}],"collection":[{"href":"https:\/\/costablancaup.com\/es\/wp-json\/wp\/v2\/class"}],"about":[{"href":"https:\/\/costablancaup.com\/es\/wp-json\/wp\/v2\/types\/class"}],"wp:attachment":[{"href":"https:\/\/costablancaup.com\/es\/wp-json\/wp\/v2\/media?parent=30331"}],"wp:term":[{"taxonomy":"wcs-type","embeddable":true,"href":"https:\/\/costablancaup.com\/es\/wp-json\/wp\/v2\/wcs-type?post=30331"},{"taxonomy":"wcs-room","embeddable":true,"href":"https:\/\/costablancaup.com\/es\/wp-json\/wp\/v2\/wcs-room?post=30331"},{"taxonomy":"wcs-instructor","embeddable":true,"href":"https:\/\/costablancaup.com\/es\/wp-json\/wp\/v2\/wcs-instructor?post=30331"}],"curies":[{"name":"wp","href":"https:\/\/api.w.org\/{rel}","templated":true}]}}

<h2>La sexta edición del festival se celebrará del 17 al 19 de mayo en el parque Monte Tossal de Alicante.</h2>
<p>Están programadas decenas de actividades, todas ellas gratuitas, como circo, poesía, teatro, danza, break dance, graffiti, deportes urbanos, tai chi, yoga, artes plásticas y muchas otras más.</p>
<p>Y todas ellas acompañadas con música de todos los estilos: rap, rock, pop, electrónica, fusión, mestizaje, etc. desde los diferentes escenarios.</p>
<h3>Programa</h3>
<ul>
<li><a href="https://costablancaup.com/wp-content/uploads/2019/05/ad2019-programa.pdf" target="_blank" rel="noopener noreferrer">Descargar programa</a></li>
</ul>
<h3>Horarios</h3>
<ul>
<li>Viernes 17, de 18:00 a 03:00 horas.</li>
<li>Sábado 18, de 11:00 a 03:00 horas.</li>
<li>Domingo 19, de 11:00 a 20:00 horas.</li>
</ul>
<h3>Localización</h3>

            
            
            
            <a name='map201'></a>
            
            
            
            
            <div class="wpgmza_map "  id="wpgmza_map_201" style="display:block; overflow:auto; width:100%; height:400px; float:left;" data-settings='{"id":"201","map_title":"Parque El Tossal (Alicante)","map_width":"100","map_height":"400","map_start_lat":"38.351779","map_start_lng":"-0.491800","map_start_location":"38.3517793840323,-0.4918002894112994","map_start_zoom":"15","default_marker":"0","type":"1","alignment":"1","directions_enabled":"0","styling_enabled":"0","styling_json":"","active":"0","kml":"","bicycle":"0","traffic":"0","dbox":"1","dbox_width":"100","listmarkers":"0","listmarkers_advanced":"0","filterbycat":"0","ugm_enabled":"0","ugm_category_enabled":"0","fusion":"","map_width_type":"\\%","map_height_type":"px","mass_marker_support":"0","ugm_access":"0","order_markers_by":"1","order_markers_choice":"2","show_user_location":"2","default_to":"","other_settings":{"wpgmza_store_locator_restrict":"","wpgmza_sl_animation":"1","store_locator_query_string":"ZIP \/ Address:","store_locator_name_string":"Title \/ Description:","store_locator_default_address":"","wpgmza_dbox_width_type":"%","map_max_zoom":"3","map_min_zoom":"21","sl_stroke_color":"FF0000","sl_stroke_opacity":"0.25","sl_fill_color":"FF0000","sl_fill_opacity":"0.15","click_open_link":2,"transport_layer":0,"iw_primary_color":"2A3744","iw_accent_color":"252F3A","iw_text_color":"FFFFFF","wpgmza_iw_type":"0","list_markers_by":"0","push_in_map":"","push_in_map_placement":"9","wpgmza_push_in_map_width":"","wpgmza_push_in_map_height":"","wpgmza_theme_data":"","upload_default_ul_marker":"","upload_default_sl_marker":"","shortcodeAttributes":{"id":"201"}}}' data-map-id='201' data-shortcode-attributes='{"id":"201"}'> </div>

<p>La sexta edición del festival se celebrará del 17 al 19 de mayo en el parque Monte Tossal de Alicante. Están programadas decenas de actividades, todas ellas gratuitas, como circo, poesía, teatro, danza, break dance, graffiti, deportes urbanos, tai chi, yoga, artes plásticas y muchas otras más. Y todas ellas acompañadas con música de todos los estilos: rap, rock, pop, electrónica, fusión, mestizaje, etc. desde los diferentes escenarios. Programa Descargar programa Horarios Viernes 17, de 18:00 a 03:00 horas. Sábado 18, de 11:00 a 03:00 horas. Domingo 19, de 11:00 a 20:00 horas. Localización</p>

<!-- This site is optimized with the Yoast SEO plugin v27.4 - https://yoast.com/product/yoast-seo-wordpress/ -->
<title>&quot;Alacant Desperta 2019&quot; - COSTA BLANCA UP</title>
<meta name="robots" content="index, follow, max-snippet:-1, max-image-preview:large, max-video-preview:-1" />
<link rel="canonical" href="https://costablancaup.com/es/class/alacant-desperta-2019-2/" />
<meta property="og:locale" content="es_ES" />
<meta property="og:type" content="article" />
<meta property="og:title" content="&quot;Alacant Desperta 2019&quot; - COSTA BLANCA UP" />
<meta property="og:description" content="La sexta edición del festival se celebrará del 17 al 19 de mayo en el parque Monte Tossal de Alicante. Están programadas decenas de actividades, todas ellas gratuitas, como circo, poesía, teatro, danza, break dance, graffiti, deportes urbanos, tai chi, yoga, artes plásticas y muchas otras más. Y todas ellas acompañadas con música de todos los estilos: rap, rock, pop, electrónica, fusión, mestizaje, etc. desde los diferentes escenarios. Programa Descargar programa Horarios Viernes 17, de 18:00 a 03:00 horas. Sábado 18, de 11:00 a 03:00 horas. Domingo 19, de 11:00 a 20:00 horas. Localización" />
<meta property="og:url" content="https://costablancaup.com/es/class/alacant-desperta-2019-2/" />
<meta property="og:site_name" content="COSTA BLANCA UP" />
<meta property="article:modified_time" content="2019-05-15T07:23:55+00:00" />
<meta name="twitter:card" content="summary_large_image" />
<script type="application/ld+json" class="yoast-schema-graph">{"@context":"https:\/\/schema.org","@graph":[{"@type":"WebPage","@id":"https:\/\/costablancaup.com\/es\/class\/alacant-desperta-2019-2\/","url":"https:\/\/costablancaup.com\/es\/class\/alacant-desperta-2019-2\/","name":"\"Alacant Desperta 2019\" - COSTA BLANCA UP","isPartOf":{"@id":"https:\/\/costablancaup.com\/es\/#website"},"datePublished":"2019-05-15T07:23:29+00:00","dateModified":"2019-05-15T07:23:55+00:00","breadcrumb":{"@id":"https:\/\/costablancaup.com\/es\/class\/alacant-desperta-2019-2\/#breadcrumb"},"inLanguage":"es","potentialAction":[{"@type":"ReadAction","target":["https:\/\/costablancaup.com\/es\/class\/alacant-desperta-2019-2\/"]}]},{"@type":"BreadcrumbList","@id":"https:\/\/costablancaup.com\/es\/class\/alacant-desperta-2019-2\/#breadcrumb","itemListElement":[{"@type":"ListItem","position":1,"name":"Home","item":"https:\/\/costablancaup.com\/es\/"},{"@type":"ListItem","position":2,"name":"«Alacant Desperta 2019»"}]},{"@type":"WebSite","@id":"https:\/\/costablancaup.com\/es\/#website","url":"https:\/\/costablancaup.com\/es\/","name":"COSTA BLANCA UP","description":"Costa Blanca Events and Agenda","publisher":{"@id":"https:\/\/costablancaup.com\/es\/#organization"},"potentialAction":[{"@type":"SearchAction","target":{"@type":"EntryPoint","urlTemplate":"https:\/\/costablancaup.com\/es\/?s={search_term_string}"},"query-input":{"@type":"PropertyValueSpecification","valueRequired":true,"valueName":"search_term_string"}}],"inLanguage":"es"},{"@type":"Organization","@id":"https:\/\/costablancaup.com\/es\/#organization","name":"Costa Blanca Up","url":"https:\/\/costablancaup.com\/es\/","logo":{"@type":"ImageObject","inLanguage":"es","@id":"https:\/\/costablancaup.com\/es\/#\/schema\/logo\/image\/","url":"https:\/\/costablancaup.com\/wp-content\/uploads\/2018\/07\/titulo_web-1.png","contentUrl":"https:\/\/costablancaup.com\/wp-content\/uploads\/2018\/07\/titulo_web-1.png","width":1973,"height":303,"caption":"Costa Blanca Up"},"image":{"@id":"https:\/\/costablancaup.com\/es\/#\/schema\/logo\/image\/"}}]}</script>
<!-- / Yoast SEO plugin. -->

La sexta edición del festival se celebrará del 17 al 19 de mayo en el parque Monte Tossal de Alicante. Están programadas decenas de actividades, todas ellas gratuitas, como circo, poesía, teatro, danza, break dance, graffiti, deportes urbanos, tai chi, yoga, artes plásticas y muchas otras más. Y todas ellas acompañadas con música de todos los estilos: rap, rock, pop, electrónica, fusión, mestizaje, etc. desde los diferentes escenarios. Programa Descargar programa Horarios Viernes 17, de 18:00 a 03:00 horas. Sábado 18, de 11:00 a 03:00 horas. Domingo 19, de 11:00 a 20:00 horas. Localización
