{"id":30616,"date":"2019-05-22T15:31:25","date_gmt":"2019-05-22T13:31:25","guid":{"rendered":"https:\/\/costablancaup.com\/class\/el-inicio-de-la-pintura-moderna-en-espana-sorolla-y-su-tiempo-2-2\/"},"modified":"2020-06-19T11:45:50","modified_gmt":"2020-06-19T09:45:50","slug":"el-inicio-de-la-pintura-moderna-en-espana-sorolla-y-su-tiempo-3","status":"publish","type":"class","link":"https:\/\/costablancaup.com\/es\/class\/el-inicio-de-la-pintura-moderna-en-espana-sorolla-y-su-tiempo-3\/","title":{"rendered":"Exposici\u00f3n \u00abEl inicio de la pintura moderna en Espa\u00f1a: Sorolla y su tiempo\u00bb"},"content":{"rendered":"<h2>La muestra se podr\u00e1 visitar hasta el 31 de agosto de 2020 en el <em>Museo de Bellas Artes<\/em> de Valencia.<\/h2>\n<p>La exposici\u00f3n presenta m\u00e1s de un centenar de obras de pintores que coincidieron con el periodo de vida del artista valenciano: sus maestros, sus amigos, sus disc\u00edpulos, sus seguidores&#8230;<\/p>\n<p>Adem\u00e1s, la obra de <em>Sorolla<\/em> tiene un peque\u00f1o espacio permanente en este museo, donde podr\u00e1 admirar las pinturas de este artista, caracterizadas por captar a trav\u00e9s del color la realidad valenciana, poniendo su mirada en la vida y actividades de las clases medias y bajas de la sociedad.<\/p>\n<h3>Horarios<\/h3>\n<ul>\n<li>De martes a domingo: de 10:00 a 20:00 horas.<\/li>\n<li>Cerrado los d\u00edas 1 de enero y 25 de diciembre.<\/li>\n<\/ul>\n<h3>Localizaci\u00f3n<\/h3>\n\r\n            \r\n            \r\n            \r\n            <a name='map206'><\/a>\r\n            \r\n            \r\n            \r\n            \r\n            <div class=\"wpgmza_map \"  id=\"wpgmza_map_206\" style=\"display:block; overflow:auto; width:100%; height:400px; float:left;\" data-settings='{\"id\":\"206\",\"map_title\":\"Museo de Bellas Artes (Valencia)\",\"map_width\":\"100\",\"map_height\":\"400\",\"map_start_lat\":\"39.474255\",\"map_start_lng\":\"-0.375584\",\"map_start_location\":\"39.474255240996804,-0.3755844026856825\",\"map_start_zoom\":\"14\",\"default_marker\":\"0\",\"type\":\"1\",\"alignment\":\"1\",\"directions_enabled\":\"0\",\"styling_enabled\":\"0\",\"styling_json\":\"\",\"active\":\"0\",\"kml\":\"\",\"bicycle\":\"0\",\"traffic\":\"0\",\"dbox\":\"1\",\"dbox_width\":\"100\",\"listmarkers\":\"0\",\"listmarkers_advanced\":\"0\",\"filterbycat\":\"0\",\"ugm_enabled\":\"0\",\"ugm_category_enabled\":\"0\",\"fusion\":\"\",\"map_width_type\":\"\\\\%\",\"map_height_type\":\"px\",\"mass_marker_support\":\"0\",\"ugm_access\":\"0\",\"order_markers_by\":\"1\",\"order_markers_choice\":\"2\",\"show_user_location\":\"2\",\"default_to\":\"\",\"other_settings\":{\"wpgmza_store_locator_restrict\":\"\",\"wpgmza_sl_animation\":\"1\",\"store_locator_query_string\":\"ZIP \\\/ Address:\",\"store_locator_name_string\":\"Title \\\/ Description:\",\"store_locator_default_address\":\"\",\"wpgmza_dbox_width_type\":\"%\",\"map_max_zoom\":\"3\",\"map_min_zoom\":\"21\",\"sl_stroke_color\":\"FF0000\",\"sl_stroke_opacity\":\"0.25\",\"sl_fill_color\":\"FF0000\",\"sl_fill_opacity\":\"0.15\",\"click_open_link\":2,\"transport_layer\":0,\"iw_primary_color\":\"2A3744\",\"iw_accent_color\":\"252F3A\",\"iw_text_color\":\"FFFFFF\",\"wpgmza_iw_type\":\"0\",\"list_markers_by\":\"0\",\"push_in_map\":\"\",\"push_in_map_placement\":\"9\",\"wpgmza_push_in_map_width\":\"\",\"wpgmza_push_in_map_height\":\"\",\"wpgmza_theme_data\":\"\",\"upload_default_ul_marker\":\"\",\"upload_default_sl_marker\":\"\",\"shortcodeAttributes\":{\"id\":\"206\"}}}' data-map-id='206' data-shortcode-attributes='{\"id\":\"206\"}'> <\/div>\r\n            \r\n               \r\n        \n","protected":false},"excerpt":{"rendered":"<p>La muestra se podr\u00e1 visitar hasta el 31 de agosto de 2020 en el Museo de Bellas Artes de Valencia. La exposici\u00f3n presenta m\u00e1s de un centenar de obras de pintores que coincidieron con el periodo de vida del artista valenciano: sus maestros, sus amigos, sus disc\u00edpulos, sus seguidores&#8230; Adem\u00e1s, la obra de Sorolla tiene un peque\u00f1o espacio permanente en este museo, donde podr\u00e1 admirar las pinturas de este artista, caracterizadas por captar a trav\u00e9s del color la realidad valenciana, poniendo su mirada en la vida y actividades de las clases medias y bajas de la sociedad. Horarios De martes [&hellip;]<\/p>\n","protected":false},"template":"","meta":[],"wcs-type":[5080],"wcs-room":[6064],"wcs-instructor":[],"class_list":["post-30616","class","type-class","status-publish","hentry","wcs-type-exposiciones","wcs-room-museo-de-bellas-artes-valencia"],"yoast_head":"<!-- This site is optimized with the Yoast SEO plugin v27.4 - https:\/\/yoast.com\/product\/yoast-seo-wordpress\/ -->\n<title>Exposici\u00f3n &quot;El inicio de la pintura moderna en Espa\u00f1a: Sorolla y su tiempo&quot; - COSTA BLANCA UP<\/title>\n<meta name=\"robots\" content=\"index, follow, max-snippet:-1, max-image-preview:large, max-video-preview:-1\" \/>\n<link rel=\"canonical\" href=\"https:\/\/costablancaup.com\/es\/class\/el-inicio-de-la-pintura-moderna-en-espana-sorolla-y-su-tiempo-3\/\" \/>\n<meta property=\"og:locale\" content=\"es_ES\" \/>\n<meta property=\"og:type\" content=\"article\" \/>\n<meta property=\"og:title\" content=\"Exposici\u00f3n &quot;El inicio de la pintura moderna en Espa\u00f1a: Sorolla y su tiempo&quot; - COSTA BLANCA UP\" \/>\n<meta property=\"og:description\" content=\"La muestra se podr\u00e1 visitar hasta el 31 de agosto de 2020 en el Museo de Bellas Artes de Valencia. La exposici\u00f3n presenta m\u00e1s de un centenar de obras de pintores que coincidieron con el periodo de vida del artista valenciano: sus maestros, sus amigos, sus disc\u00edpulos, sus seguidores&#8230; Adem\u00e1s, la obra de Sorolla tiene un peque\u00f1o espacio permanente en este museo, donde podr\u00e1 admirar las pinturas de este artista, caracterizadas por captar a trav\u00e9s del color la realidad valenciana, poniendo su mirada en la vida y actividades de las clases medias y bajas de la sociedad. Horarios De martes [&hellip;]\" \/>\n<meta property=\"og:url\" content=\"https:\/\/costablancaup.com\/es\/class\/el-inicio-de-la-pintura-moderna-en-espana-sorolla-y-su-tiempo-3\/\" \/>\n<meta property=\"og:site_name\" content=\"COSTA BLANCA UP\" \/>\n<meta property=\"article:modified_time\" content=\"2020-06-19T09:45:50+00:00\" \/>\n<meta name=\"twitter:card\" content=\"summary_large_image\" \/>\n<meta name=\"twitter:label1\" content=\"Tiempo de lectura\" \/>\n\t<meta name=\"twitter:data1\" content=\"1 minuto\" \/>\n<script type=\"application\/ld+json\" class=\"yoast-schema-graph\">{\"@context\":\"https:\\\/\\\/schema.org\",\"@graph\":[{\"@type\":\"WebPage\",\"@id\":\"https:\\\/\\\/costablancaup.com\\\/es\\\/class\\\/el-inicio-de-la-pintura-moderna-en-espana-sorolla-y-su-tiempo-3\\\/\",\"url\":\"https:\\\/\\\/costablancaup.com\\\/es\\\/class\\\/el-inicio-de-la-pintura-moderna-en-espana-sorolla-y-su-tiempo-3\\\/\",\"name\":\"Exposici\u00f3n \\\"El inicio de la pintura moderna en Espa\u00f1a: Sorolla y su tiempo\\\" - COSTA BLANCA UP\",\"isPartOf\":{\"@id\":\"https:\\\/\\\/costablancaup.com\\\/es\\\/#website\"},\"datePublished\":\"2019-05-22T13:31:25+00:00\",\"dateModified\":\"2020-06-19T09:45:50+00:00\",\"breadcrumb\":{\"@id\":\"https:\\\/\\\/costablancaup.com\\\/es\\\/class\\\/el-inicio-de-la-pintura-moderna-en-espana-sorolla-y-su-tiempo-3\\\/#breadcrumb\"},\"inLanguage\":\"es\",\"potentialAction\":[{\"@type\":\"ReadAction\",\"target\":[\"https:\\\/\\\/costablancaup.com\\\/es\\\/class\\\/el-inicio-de-la-pintura-moderna-en-espana-sorolla-y-su-tiempo-3\\\/\"]}]},{\"@type\":\"BreadcrumbList\",\"@id\":\"https:\\\/\\\/costablancaup.com\\\/es\\\/class\\\/el-inicio-de-la-pintura-moderna-en-espana-sorolla-y-su-tiempo-3\\\/#breadcrumb\",\"itemListElement\":[{\"@type\":\"ListItem\",\"position\":1,\"name\":\"Home\",\"item\":\"https:\\\/\\\/costablancaup.com\\\/es\\\/\"},{\"@type\":\"ListItem\",\"position\":2,\"name\":\"Exposici\u00f3n \u00abEl inicio de la pintura moderna en Espa\u00f1a: Sorolla y su tiempo\u00bb\"}]},{\"@type\":\"WebSite\",\"@id\":\"https:\\\/\\\/costablancaup.com\\\/es\\\/#website\",\"url\":\"https:\\\/\\\/costablancaup.com\\\/es\\\/\",\"name\":\"COSTA BLANCA UP\",\"description\":\"Costa Blanca Events and Agenda\",\"publisher\":{\"@id\":\"https:\\\/\\\/costablancaup.com\\\/es\\\/#organization\"},\"potentialAction\":[{\"@type\":\"SearchAction\",\"target\":{\"@type\":\"EntryPoint\",\"urlTemplate\":\"https:\\\/\\\/costablancaup.com\\\/es\\\/?s={search_term_string}\"},\"query-input\":{\"@type\":\"PropertyValueSpecification\",\"valueRequired\":true,\"valueName\":\"search_term_string\"}}],\"inLanguage\":\"es\"},{\"@type\":\"Organization\",\"@id\":\"https:\\\/\\\/costablancaup.com\\\/es\\\/#organization\",\"name\":\"Costa Blanca Up\",\"url\":\"https:\\\/\\\/costablancaup.com\\\/es\\\/\",\"logo\":{\"@type\":\"ImageObject\",\"inLanguage\":\"es\",\"@id\":\"https:\\\/\\\/costablancaup.com\\\/es\\\/#\\\/schema\\\/logo\\\/image\\\/\",\"url\":\"https:\\\/\\\/costablancaup.com\\\/wp-content\\\/uploads\\\/2018\\\/07\\\/titulo_web-1.png\",\"contentUrl\":\"https:\\\/\\\/costablancaup.com\\\/wp-content\\\/uploads\\\/2018\\\/07\\\/titulo_web-1.png\",\"width\":1973,\"height\":303,\"caption\":\"Costa Blanca Up\"},\"image\":{\"@id\":\"https:\\\/\\\/costablancaup.com\\\/es\\\/#\\\/schema\\\/logo\\\/image\\\/\"}}]}<\/script>\n<!-- \/ Yoast SEO plugin. -->","yoast_head_json":{"title":"Exposici\u00f3n \"El inicio de la pintura moderna en Espa\u00f1a: Sorolla y su tiempo\" - COSTA BLANCA UP","robots":{"index":"index","follow":"follow","max-snippet":"max-snippet:-1","max-image-preview":"max-image-preview:large","max-video-preview":"max-video-preview:-1"},"canonical":"https:\/\/costablancaup.com\/es\/class\/el-inicio-de-la-pintura-moderna-en-espana-sorolla-y-su-tiempo-3\/","og_locale":"es_ES","og_type":"article","og_title":"Exposici\u00f3n \"El inicio de la pintura moderna en Espa\u00f1a: Sorolla y su tiempo\" - COSTA BLANCA UP","og_description":"La muestra se podr\u00e1 visitar hasta el 31 de agosto de 2020 en el Museo de Bellas Artes de Valencia. La exposici\u00f3n presenta m\u00e1s de un centenar de obras de pintores que coincidieron con el periodo de vida del artista valenciano: sus maestros, sus amigos, sus disc\u00edpulos, sus seguidores&#8230; Adem\u00e1s, la obra de Sorolla tiene un peque\u00f1o espacio permanente en este museo, donde podr\u00e1 admirar las pinturas de este artista, caracterizadas por captar a trav\u00e9s del color la realidad valenciana, poniendo su mirada en la vida y actividades de las clases medias y bajas de la sociedad. Horarios De martes [&hellip;]","og_url":"https:\/\/costablancaup.com\/es\/class\/el-inicio-de-la-pintura-moderna-en-espana-sorolla-y-su-tiempo-3\/","og_site_name":"COSTA BLANCA UP","article_modified_time":"2020-06-19T09:45:50+00:00","twitter_card":"summary_large_image","twitter_misc":{"Tiempo de lectura":"1 minuto"},"schema":{"@context":"https:\/\/schema.org","@graph":[{"@type":"WebPage","@id":"https:\/\/costablancaup.com\/es\/class\/el-inicio-de-la-pintura-moderna-en-espana-sorolla-y-su-tiempo-3\/","url":"https:\/\/costablancaup.com\/es\/class\/el-inicio-de-la-pintura-moderna-en-espana-sorolla-y-su-tiempo-3\/","name":"Exposici\u00f3n \"El inicio de la pintura moderna en Espa\u00f1a: Sorolla y su tiempo\" - COSTA BLANCA UP","isPartOf":{"@id":"https:\/\/costablancaup.com\/es\/#website"},"datePublished":"2019-05-22T13:31:25+00:00","dateModified":"2020-06-19T09:45:50+00:00","breadcrumb":{"@id":"https:\/\/costablancaup.com\/es\/class\/el-inicio-de-la-pintura-moderna-en-espana-sorolla-y-su-tiempo-3\/#breadcrumb"},"inLanguage":"es","potentialAction":[{"@type":"ReadAction","target":["https:\/\/costablancaup.com\/es\/class\/el-inicio-de-la-pintura-moderna-en-espana-sorolla-y-su-tiempo-3\/"]}]},{"@type":"BreadcrumbList","@id":"https:\/\/costablancaup.com\/es\/class\/el-inicio-de-la-pintura-moderna-en-espana-sorolla-y-su-tiempo-3\/#breadcrumb","itemListElement":[{"@type":"ListItem","position":1,"name":"Home","item":"https:\/\/costablancaup.com\/es\/"},{"@type":"ListItem","position":2,"name":"Exposici\u00f3n \u00abEl inicio de la pintura moderna en Espa\u00f1a: Sorolla y su tiempo\u00bb"}]},{"@type":"WebSite","@id":"https:\/\/costablancaup.com\/es\/#website","url":"https:\/\/costablancaup.com\/es\/","name":"COSTA BLANCA UP","description":"Costa Blanca Events and Agenda","publisher":{"@id":"https:\/\/costablancaup.com\/es\/#organization"},"potentialAction":[{"@type":"SearchAction","target":{"@type":"EntryPoint","urlTemplate":"https:\/\/costablancaup.com\/es\/?s={search_term_string}"},"query-input":{"@type":"PropertyValueSpecification","valueRequired":true,"valueName":"search_term_string"}}],"inLanguage":"es"},{"@type":"Organization","@id":"https:\/\/costablancaup.com\/es\/#organization","name":"Costa Blanca Up","url":"https:\/\/costablancaup.com\/es\/","logo":{"@type":"ImageObject","inLanguage":"es","@id":"https:\/\/costablancaup.com\/es\/#\/schema\/logo\/image\/","url":"https:\/\/costablancaup.com\/wp-content\/uploads\/2018\/07\/titulo_web-1.png","contentUrl":"https:\/\/costablancaup.com\/wp-content\/uploads\/2018\/07\/titulo_web-1.png","width":1973,"height":303,"caption":"Costa Blanca Up"},"image":{"@id":"https:\/\/costablancaup.com\/es\/#\/schema\/logo\/image\/"}}]}},"_links":{"self":[{"href":"https:\/\/costablancaup.com\/es\/wp-json\/wp\/v2\/class\/30616","targetHints":{"allow":["GET"]}}],"collection":[{"href":"https:\/\/costablancaup.com\/es\/wp-json\/wp\/v2\/class"}],"about":[{"href":"https:\/\/costablancaup.com\/es\/wp-json\/wp\/v2\/types\/class"}],"wp:attachment":[{"href":"https:\/\/costablancaup.com\/es\/wp-json\/wp\/v2\/media?parent=30616"}],"wp:term":[{"taxonomy":"wcs-type","embeddable":true,"href":"https:\/\/costablancaup.com\/es\/wp-json\/wp\/v2\/wcs-type?post=30616"},{"taxonomy":"wcs-room","embeddable":true,"href":"https:\/\/costablancaup.com\/es\/wp-json\/wp\/v2\/wcs-room?post=30616"},{"taxonomy":"wcs-instructor","embeddable":true,"href":"https:\/\/costablancaup.com\/es\/wp-json\/wp\/v2\/wcs-instructor?post=30616"}],"curies":[{"name":"wp","href":"https:\/\/api.w.org\/{rel}","templated":true}]}}

Exposición «El inicio de la pintura moderna en España: Sorolla y su tiempo»

<h2>La muestra se podrá visitar hasta el 31 de agosto de 2020 en el <em>Museo de Bellas Artes</em> de Valencia.</h2>
<p>La exposición presenta más de un centenar de obras de pintores que coincidieron con el periodo de vida del artista valenciano: sus maestros, sus amigos, sus discípulos, sus seguidores&#8230;</p>
<p>Además, la obra de <em>Sorolla</em> tiene un pequeño espacio permanente en este museo, donde podrá admirar las pinturas de este artista, caracterizadas por captar a través del color la realidad valenciana, poniendo su mirada en la vida y actividades de las clases medias y bajas de la sociedad.</p>
<h3>Horarios</h3>
<ul>
<li>De martes a domingo: de 10:00 a 20:00 horas.</li>
<li>Cerrado los días 1 de enero y 25 de diciembre.</li>
</ul>
<h3>Localización</h3>

            
            
            
            <a name='map206'></a>
            
            
            
            
            <div class="wpgmza_map "  id="wpgmza_map_206" style="display:block; overflow:auto; width:100%; height:400px; float:left;" data-settings='{"id":"206","map_title":"Museo de Bellas Artes (Valencia)","map_width":"100","map_height":"400","map_start_lat":"39.474255","map_start_lng":"-0.375584","map_start_location":"39.474255240996804,-0.3755844026856825","map_start_zoom":"14","default_marker":"0","type":"1","alignment":"1","directions_enabled":"0","styling_enabled":"0","styling_json":"","active":"0","kml":"","bicycle":"0","traffic":"0","dbox":"1","dbox_width":"100","listmarkers":"0","listmarkers_advanced":"0","filterbycat":"0","ugm_enabled":"0","ugm_category_enabled":"0","fusion":"","map_width_type":"\\%","map_height_type":"px","mass_marker_support":"0","ugm_access":"0","order_markers_by":"1","order_markers_choice":"2","show_user_location":"2","default_to":"","other_settings":{"wpgmza_store_locator_restrict":"","wpgmza_sl_animation":"1","store_locator_query_string":"ZIP \/ Address:","store_locator_name_string":"Title \/ Description:","store_locator_default_address":"","wpgmza_dbox_width_type":"%","map_max_zoom":"3","map_min_zoom":"21","sl_stroke_color":"FF0000","sl_stroke_opacity":"0.25","sl_fill_color":"FF0000","sl_fill_opacity":"0.15","click_open_link":2,"transport_layer":0,"iw_primary_color":"2A3744","iw_accent_color":"252F3A","iw_text_color":"FFFFFF","wpgmza_iw_type":"0","list_markers_by":"0","push_in_map":"","push_in_map_placement":"9","wpgmza_push_in_map_width":"","wpgmza_push_in_map_height":"","wpgmza_theme_data":"","upload_default_ul_marker":"","upload_default_sl_marker":"","shortcodeAttributes":{"id":"206"}}}' data-map-id='206' data-shortcode-attributes='{"id":"206"}'> </div>

<p>La muestra se podrá visitar hasta el 31 de agosto de 2020 en el Museo de Bellas Artes de Valencia. La exposición presenta más de un centenar de obras de pintores que coincidieron con el periodo de vida del artista valenciano: sus maestros, sus amigos, sus discípulos, sus seguidores&#8230; Además, la obra de Sorolla tiene un pequeño espacio permanente en este museo, donde podrá admirar las pinturas de este artista, caracterizadas por captar a través del color la realidad valenciana, poniendo su mirada en la vida y actividades de las clases medias y bajas de la sociedad. Horarios De martes [&hellip;]</p>

<!-- This site is optimized with the Yoast SEO plugin v27.4 - https://yoast.com/product/yoast-seo-wordpress/ -->
<title>Exposición &quot;El inicio de la pintura moderna en España: Sorolla y su tiempo&quot; - COSTA BLANCA UP</title>
<meta name="robots" content="index, follow, max-snippet:-1, max-image-preview:large, max-video-preview:-1" />
<link rel="canonical" href="https://costablancaup.com/es/class/el-inicio-de-la-pintura-moderna-en-espana-sorolla-y-su-tiempo-3/" />
<meta property="og:locale" content="es_ES" />
<meta property="og:type" content="article" />
<meta property="og:title" content="Exposición &quot;El inicio de la pintura moderna en España: Sorolla y su tiempo&quot; - COSTA BLANCA UP" />
<meta property="og:description" content="La muestra se podrá visitar hasta el 31 de agosto de 2020 en el Museo de Bellas Artes de Valencia. La exposición presenta más de un centenar de obras de pintores que coincidieron con el periodo de vida del artista valenciano: sus maestros, sus amigos, sus discípulos, sus seguidores&#8230; Además, la obra de Sorolla tiene un pequeño espacio permanente en este museo, donde podrá admirar las pinturas de este artista, caracterizadas por captar a través del color la realidad valenciana, poniendo su mirada en la vida y actividades de las clases medias y bajas de la sociedad. Horarios De martes [&hellip;]" />
<meta property="og:url" content="https://costablancaup.com/es/class/el-inicio-de-la-pintura-moderna-en-espana-sorolla-y-su-tiempo-3/" />
<meta property="og:site_name" content="COSTA BLANCA UP" />
<meta property="article:modified_time" content="2020-06-19T09:45:50+00:00" />
<meta name="twitter:card" content="summary_large_image" />
<meta name="twitter:label1" content="Tiempo de lectura" />
	<meta name="twitter:data1" content="1 minuto" />
<script type="application/ld+json" class="yoast-schema-graph">{"@context":"https:\/\/schema.org","@graph":[{"@type":"WebPage","@id":"https:\/\/costablancaup.com\/es\/class\/el-inicio-de-la-pintura-moderna-en-espana-sorolla-y-su-tiempo-3\/","url":"https:\/\/costablancaup.com\/es\/class\/el-inicio-de-la-pintura-moderna-en-espana-sorolla-y-su-tiempo-3\/","name":"Exposición \"El inicio de la pintura moderna en España: Sorolla y su tiempo\" - COSTA BLANCA UP","isPartOf":{"@id":"https:\/\/costablancaup.com\/es\/#website"},"datePublished":"2019-05-22T13:31:25+00:00","dateModified":"2020-06-19T09:45:50+00:00","breadcrumb":{"@id":"https:\/\/costablancaup.com\/es\/class\/el-inicio-de-la-pintura-moderna-en-espana-sorolla-y-su-tiempo-3\/#breadcrumb"},"inLanguage":"es","potentialAction":[{"@type":"ReadAction","target":["https:\/\/costablancaup.com\/es\/class\/el-inicio-de-la-pintura-moderna-en-espana-sorolla-y-su-tiempo-3\/"]}]},{"@type":"BreadcrumbList","@id":"https:\/\/costablancaup.com\/es\/class\/el-inicio-de-la-pintura-moderna-en-espana-sorolla-y-su-tiempo-3\/#breadcrumb","itemListElement":[{"@type":"ListItem","position":1,"name":"Home","item":"https:\/\/costablancaup.com\/es\/"},{"@type":"ListItem","position":2,"name":"Exposición «El inicio de la pintura moderna en España: Sorolla y su tiempo»"}]},{"@type":"WebSite","@id":"https:\/\/costablancaup.com\/es\/#website","url":"https:\/\/costablancaup.com\/es\/","name":"COSTA BLANCA UP","description":"Costa Blanca Events and Agenda","publisher":{"@id":"https:\/\/costablancaup.com\/es\/#organization"},"potentialAction":[{"@type":"SearchAction","target":{"@type":"EntryPoint","urlTemplate":"https:\/\/costablancaup.com\/es\/?s={search_term_string}"},"query-input":{"@type":"PropertyValueSpecification","valueRequired":true,"valueName":"search_term_string"}}],"inLanguage":"es"},{"@type":"Organization","@id":"https:\/\/costablancaup.com\/es\/#organization","name":"Costa Blanca Up","url":"https:\/\/costablancaup.com\/es\/","logo":{"@type":"ImageObject","inLanguage":"es","@id":"https:\/\/costablancaup.com\/es\/#\/schema\/logo\/image\/","url":"https:\/\/costablancaup.com\/wp-content\/uploads\/2018\/07\/titulo_web-1.png","contentUrl":"https:\/\/costablancaup.com\/wp-content\/uploads\/2018\/07\/titulo_web-1.png","width":1973,"height":303,"caption":"Costa Blanca Up"},"image":{"@id":"https:\/\/costablancaup.com\/es\/#\/schema\/logo\/image\/"}}]}</script>
<!-- / Yoast SEO plugin. -->

Exposición "El inicio de la pintura moderna en España: Sorolla y su tiempo" - COSTA BLANCA UP

La muestra se podrá visitar hasta el 31 de agosto de 2020 en el Museo de Bellas Artes de Valencia. La exposición presenta más de un centenar de obras de pintores que coincidieron con el periodo de vida del artista valenciano: sus maestros, sus amigos, sus discípulos, sus seguidores&#8230; Además, la obra de Sorolla tiene un pequeño espacio permanente en este museo, donde podrá admirar las pinturas de este artista, caracterizadas por captar a través del color la realidad valenciana, poniendo su mirada en la vida y actividades de las clases medias y bajas de la sociedad. Horarios De martes [&hellip;]
