{"id":31094,"date":"2019-06-07T11:19:25","date_gmt":"2019-06-07T09:19:25","guid":{"rendered":"https:\/\/costablancaup.com\/class\/ketama-no-estamos-locos-tour-2019-2-2\/"},"modified":"2019-06-07T11:22:07","modified_gmt":"2019-06-07T09:22:07","slug":"ketama-no-estamos-locos-tour-2019-3","status":"publish","type":"class","link":"https:\/\/costablancaup.com\/es\/class\/ketama-no-estamos-locos-tour-2019-3\/","title":{"rendered":"Ketama: \u00abNo estamos locos Tour 2019\u00bb"},"content":{"rendered":"<h2>Ketama en Valencia<\/h2>\n<p>Alicante &#8211; Auditorio de la Diputaci\u00f3n de Alicante<br \/>13\/07\/2019<br \/>21:00<\/p>\n<p><em>Ketama<\/em> regresa a los escenarios en un momento en que el flamenco vuelve a hacerse amigo de las m\u00fasicas m\u00e1s j\u00f3venes y urbanas. Conviene recordar qui\u00e9n comenz\u00f3 a fusionar el g\u00e9nero con el pop y abrirlo a un p\u00fablico sin prejuicios y \u00e1vido de buenas canciones. <\/p>\n","protected":false},"excerpt":{"rendered":"<p>Ketama en Valencia Alicante &#8211; Auditorio de la Diputaci\u00f3n de Alicante13\/07\/201921:00 Ketama regresa a los escenarios en un momento en que el flamenco vuelve a hacerse amigo de las m\u00fasicas m\u00e1s j\u00f3venes y urbanas. Conviene recordar qui\u00e9n comenz\u00f3 a fusionar el g\u00e9nero con el pop y abrirlo a un p\u00fablico sin prejuicios y \u00e1vido de buenas canciones.<\/p>\n","protected":false},"template":"","meta":[],"wcs-type":[5046],"wcs-room":[5291],"wcs-instructor":[],"class_list":["post-31094","class","type-class","status-publish","hentry","wcs-type-musica","wcs-room-alicante-auditorio-de-la-diputacion-de-alicante"],"yoast_head":"<!-- This site is optimized with the Yoast SEO plugin v27.4 - https:\/\/yoast.com\/product\/yoast-seo-wordpress\/ -->\n<title>Ketama: &quot;No estamos locos Tour 2019&quot; - COSTA BLANCA UP<\/title>\n<meta name=\"robots\" content=\"index, follow, max-snippet:-1, max-image-preview:large, max-video-preview:-1\" \/>\n<link rel=\"canonical\" href=\"https:\/\/costablancaup.com\/es\/class\/ketama-no-estamos-locos-tour-2019-3\/\" \/>\n<meta property=\"og:locale\" content=\"es_ES\" \/>\n<meta property=\"og:type\" content=\"article\" \/>\n<meta property=\"og:title\" content=\"Ketama: &quot;No estamos locos Tour 2019&quot; - COSTA BLANCA UP\" \/>\n<meta property=\"og:description\" content=\"Ketama en Valencia Alicante &#8211; Auditorio de la Diputaci\u00f3n de Alicante13\/07\/201921:00 Ketama regresa a los escenarios en un momento en que el flamenco vuelve a hacerse amigo de las m\u00fasicas m\u00e1s j\u00f3venes y urbanas. Conviene recordar qui\u00e9n comenz\u00f3 a fusionar el g\u00e9nero con el pop y abrirlo a un p\u00fablico sin prejuicios y \u00e1vido de buenas canciones.\" \/>\n<meta property=\"og:url\" content=\"https:\/\/costablancaup.com\/es\/class\/ketama-no-estamos-locos-tour-2019-3\/\" \/>\n<meta property=\"og:site_name\" content=\"COSTA BLANCA UP\" \/>\n<meta property=\"article:modified_time\" content=\"2019-06-07T09:22:07+00:00\" \/>\n<meta name=\"twitter:card\" content=\"summary_large_image\" \/>\n<script type=\"application\/ld+json\" class=\"yoast-schema-graph\">{\"@context\":\"https:\\\/\\\/schema.org\",\"@graph\":[{\"@type\":\"WebPage\",\"@id\":\"https:\\\/\\\/costablancaup.com\\\/es\\\/class\\\/ketama-no-estamos-locos-tour-2019-3\\\/\",\"url\":\"https:\\\/\\\/costablancaup.com\\\/es\\\/class\\\/ketama-no-estamos-locos-tour-2019-3\\\/\",\"name\":\"Ketama: \\\"No estamos locos Tour 2019\\\" - COSTA BLANCA UP\",\"isPartOf\":{\"@id\":\"https:\\\/\\\/costablancaup.com\\\/es\\\/#website\"},\"datePublished\":\"2019-06-07T09:19:25+00:00\",\"dateModified\":\"2019-06-07T09:22:07+00:00\",\"breadcrumb\":{\"@id\":\"https:\\\/\\\/costablancaup.com\\\/es\\\/class\\\/ketama-no-estamos-locos-tour-2019-3\\\/#breadcrumb\"},\"inLanguage\":\"es\",\"potentialAction\":[{\"@type\":\"ReadAction\",\"target\":[\"https:\\\/\\\/costablancaup.com\\\/es\\\/class\\\/ketama-no-estamos-locos-tour-2019-3\\\/\"]}]},{\"@type\":\"BreadcrumbList\",\"@id\":\"https:\\\/\\\/costablancaup.com\\\/es\\\/class\\\/ketama-no-estamos-locos-tour-2019-3\\\/#breadcrumb\",\"itemListElement\":[{\"@type\":\"ListItem\",\"position\":1,\"name\":\"Home\",\"item\":\"https:\\\/\\\/costablancaup.com\\\/es\\\/\"},{\"@type\":\"ListItem\",\"position\":2,\"name\":\"Ketama: \u00abNo estamos locos Tour 2019\u00bb\"}]},{\"@type\":\"WebSite\",\"@id\":\"https:\\\/\\\/costablancaup.com\\\/es\\\/#website\",\"url\":\"https:\\\/\\\/costablancaup.com\\\/es\\\/\",\"name\":\"COSTA BLANCA UP\",\"description\":\"Costa Blanca Events and Agenda\",\"publisher\":{\"@id\":\"https:\\\/\\\/costablancaup.com\\\/es\\\/#organization\"},\"potentialAction\":[{\"@type\":\"SearchAction\",\"target\":{\"@type\":\"EntryPoint\",\"urlTemplate\":\"https:\\\/\\\/costablancaup.com\\\/es\\\/?s={search_term_string}\"},\"query-input\":{\"@type\":\"PropertyValueSpecification\",\"valueRequired\":true,\"valueName\":\"search_term_string\"}}],\"inLanguage\":\"es\"},{\"@type\":\"Organization\",\"@id\":\"https:\\\/\\\/costablancaup.com\\\/es\\\/#organization\",\"name\":\"Costa Blanca Up\",\"url\":\"https:\\\/\\\/costablancaup.com\\\/es\\\/\",\"logo\":{\"@type\":\"ImageObject\",\"inLanguage\":\"es\",\"@id\":\"https:\\\/\\\/costablancaup.com\\\/es\\\/#\\\/schema\\\/logo\\\/image\\\/\",\"url\":\"https:\\\/\\\/costablancaup.com\\\/wp-content\\\/uploads\\\/2018\\\/07\\\/titulo_web-1.png\",\"contentUrl\":\"https:\\\/\\\/costablancaup.com\\\/wp-content\\\/uploads\\\/2018\\\/07\\\/titulo_web-1.png\",\"width\":1973,\"height\":303,\"caption\":\"Costa Blanca Up\"},\"image\":{\"@id\":\"https:\\\/\\\/costablancaup.com\\\/es\\\/#\\\/schema\\\/logo\\\/image\\\/\"}}]}<\/script>\n<!-- \/ Yoast SEO plugin. -->","yoast_head_json":{"title":"Ketama: \"No estamos locos Tour 2019\" - COSTA BLANCA UP","robots":{"index":"index","follow":"follow","max-snippet":"max-snippet:-1","max-image-preview":"max-image-preview:large","max-video-preview":"max-video-preview:-1"},"canonical":"https:\/\/costablancaup.com\/es\/class\/ketama-no-estamos-locos-tour-2019-3\/","og_locale":"es_ES","og_type":"article","og_title":"Ketama: \"No estamos locos Tour 2019\" - COSTA BLANCA UP","og_description":"Ketama en Valencia Alicante &#8211; Auditorio de la Diputaci\u00f3n de Alicante13\/07\/201921:00 Ketama regresa a los escenarios en un momento en que el flamenco vuelve a hacerse amigo de las m\u00fasicas m\u00e1s j\u00f3venes y urbanas. Conviene recordar qui\u00e9n comenz\u00f3 a fusionar el g\u00e9nero con el pop y abrirlo a un p\u00fablico sin prejuicios y \u00e1vido de buenas canciones.","og_url":"https:\/\/costablancaup.com\/es\/class\/ketama-no-estamos-locos-tour-2019-3\/","og_site_name":"COSTA BLANCA UP","article_modified_time":"2019-06-07T09:22:07+00:00","twitter_card":"summary_large_image","schema":{"@context":"https:\/\/schema.org","@graph":[{"@type":"WebPage","@id":"https:\/\/costablancaup.com\/es\/class\/ketama-no-estamos-locos-tour-2019-3\/","url":"https:\/\/costablancaup.com\/es\/class\/ketama-no-estamos-locos-tour-2019-3\/","name":"Ketama: \"No estamos locos Tour 2019\" - COSTA BLANCA UP","isPartOf":{"@id":"https:\/\/costablancaup.com\/es\/#website"},"datePublished":"2019-06-07T09:19:25+00:00","dateModified":"2019-06-07T09:22:07+00:00","breadcrumb":{"@id":"https:\/\/costablancaup.com\/es\/class\/ketama-no-estamos-locos-tour-2019-3\/#breadcrumb"},"inLanguage":"es","potentialAction":[{"@type":"ReadAction","target":["https:\/\/costablancaup.com\/es\/class\/ketama-no-estamos-locos-tour-2019-3\/"]}]},{"@type":"BreadcrumbList","@id":"https:\/\/costablancaup.com\/es\/class\/ketama-no-estamos-locos-tour-2019-3\/#breadcrumb","itemListElement":[{"@type":"ListItem","position":1,"name":"Home","item":"https:\/\/costablancaup.com\/es\/"},{"@type":"ListItem","position":2,"name":"Ketama: \u00abNo estamos locos Tour 2019\u00bb"}]},{"@type":"WebSite","@id":"https:\/\/costablancaup.com\/es\/#website","url":"https:\/\/costablancaup.com\/es\/","name":"COSTA BLANCA UP","description":"Costa Blanca Events and Agenda","publisher":{"@id":"https:\/\/costablancaup.com\/es\/#organization"},"potentialAction":[{"@type":"SearchAction","target":{"@type":"EntryPoint","urlTemplate":"https:\/\/costablancaup.com\/es\/?s={search_term_string}"},"query-input":{"@type":"PropertyValueSpecification","valueRequired":true,"valueName":"search_term_string"}}],"inLanguage":"es"},{"@type":"Organization","@id":"https:\/\/costablancaup.com\/es\/#organization","name":"Costa Blanca Up","url":"https:\/\/costablancaup.com\/es\/","logo":{"@type":"ImageObject","inLanguage":"es","@id":"https:\/\/costablancaup.com\/es\/#\/schema\/logo\/image\/","url":"https:\/\/costablancaup.com\/wp-content\/uploads\/2018\/07\/titulo_web-1.png","contentUrl":"https:\/\/costablancaup.com\/wp-content\/uploads\/2018\/07\/titulo_web-1.png","width":1973,"height":303,"caption":"Costa Blanca Up"},"image":{"@id":"https:\/\/costablancaup.com\/es\/#\/schema\/logo\/image\/"}}]}},"_links":{"self":[{"href":"https:\/\/costablancaup.com\/es\/wp-json\/wp\/v2\/class\/31094","targetHints":{"allow":["GET"]}}],"collection":[{"href":"https:\/\/costablancaup.com\/es\/wp-json\/wp\/v2\/class"}],"about":[{"href":"https:\/\/costablancaup.com\/es\/wp-json\/wp\/v2\/types\/class"}],"wp:attachment":[{"href":"https:\/\/costablancaup.com\/es\/wp-json\/wp\/v2\/media?parent=31094"}],"wp:term":[{"taxonomy":"wcs-type","embeddable":true,"href":"https:\/\/costablancaup.com\/es\/wp-json\/wp\/v2\/wcs-type?post=31094"},{"taxonomy":"wcs-room","embeddable":true,"href":"https:\/\/costablancaup.com\/es\/wp-json\/wp\/v2\/wcs-room?post=31094"},{"taxonomy":"wcs-instructor","embeddable":true,"href":"https:\/\/costablancaup.com\/es\/wp-json\/wp\/v2\/wcs-instructor?post=31094"}],"curies":[{"name":"wp","href":"https:\/\/api.w.org\/{rel}","templated":true}]}}

<h2>Ketama en Valencia</h2>
<p>Alicante &#8211; Auditorio de la Diputación de Alicante<br />13/07/2019<br />21:00</p>
<p><em>Ketama</em> regresa a los escenarios en un momento en que el flamenco vuelve a hacerse amigo de las músicas más jóvenes y urbanas. Conviene recordar quién comenzó a fusionar el género con el pop y abrirlo a un público sin prejuicios y ávido de buenas canciones. </p>

<p>Ketama en Valencia Alicante &#8211; Auditorio de la Diputación de Alicante13/07/201921:00 Ketama regresa a los escenarios en un momento en que el flamenco vuelve a hacerse amigo de las músicas más jóvenes y urbanas. Conviene recordar quién comenzó a fusionar el género con el pop y abrirlo a un público sin prejuicios y ávido de buenas canciones.</p>

<!-- This site is optimized with the Yoast SEO plugin v27.4 - https://yoast.com/product/yoast-seo-wordpress/ -->
<title>Ketama: &quot;No estamos locos Tour 2019&quot; - COSTA BLANCA UP</title>
<meta name="robots" content="index, follow, max-snippet:-1, max-image-preview:large, max-video-preview:-1" />
<link rel="canonical" href="https://costablancaup.com/es/class/ketama-no-estamos-locos-tour-2019-3/" />
<meta property="og:locale" content="es_ES" />
<meta property="og:type" content="article" />
<meta property="og:title" content="Ketama: &quot;No estamos locos Tour 2019&quot; - COSTA BLANCA UP" />
<meta property="og:description" content="Ketama en Valencia Alicante &#8211; Auditorio de la Diputación de Alicante13/07/201921:00 Ketama regresa a los escenarios en un momento en que el flamenco vuelve a hacerse amigo de las músicas más jóvenes y urbanas. Conviene recordar quién comenzó a fusionar el género con el pop y abrirlo a un público sin prejuicios y ávido de buenas canciones." />
<meta property="og:url" content="https://costablancaup.com/es/class/ketama-no-estamos-locos-tour-2019-3/" />
<meta property="og:site_name" content="COSTA BLANCA UP" />
<meta property="article:modified_time" content="2019-06-07T09:22:07+00:00" />
<meta name="twitter:card" content="summary_large_image" />
<script type="application/ld+json" class="yoast-schema-graph">{"@context":"https:\/\/schema.org","@graph":[{"@type":"WebPage","@id":"https:\/\/costablancaup.com\/es\/class\/ketama-no-estamos-locos-tour-2019-3\/","url":"https:\/\/costablancaup.com\/es\/class\/ketama-no-estamos-locos-tour-2019-3\/","name":"Ketama: \"No estamos locos Tour 2019\" - COSTA BLANCA UP","isPartOf":{"@id":"https:\/\/costablancaup.com\/es\/#website"},"datePublished":"2019-06-07T09:19:25+00:00","dateModified":"2019-06-07T09:22:07+00:00","breadcrumb":{"@id":"https:\/\/costablancaup.com\/es\/class\/ketama-no-estamos-locos-tour-2019-3\/#breadcrumb"},"inLanguage":"es","potentialAction":[{"@type":"ReadAction","target":["https:\/\/costablancaup.com\/es\/class\/ketama-no-estamos-locos-tour-2019-3\/"]}]},{"@type":"BreadcrumbList","@id":"https:\/\/costablancaup.com\/es\/class\/ketama-no-estamos-locos-tour-2019-3\/#breadcrumb","itemListElement":[{"@type":"ListItem","position":1,"name":"Home","item":"https:\/\/costablancaup.com\/es\/"},{"@type":"ListItem","position":2,"name":"Ketama: «No estamos locos Tour 2019»"}]},{"@type":"WebSite","@id":"https:\/\/costablancaup.com\/es\/#website","url":"https:\/\/costablancaup.com\/es\/","name":"COSTA BLANCA UP","description":"Costa Blanca Events and Agenda","publisher":{"@id":"https:\/\/costablancaup.com\/es\/#organization"},"potentialAction":[{"@type":"SearchAction","target":{"@type":"EntryPoint","urlTemplate":"https:\/\/costablancaup.com\/es\/?s={search_term_string}"},"query-input":{"@type":"PropertyValueSpecification","valueRequired":true,"valueName":"search_term_string"}}],"inLanguage":"es"},{"@type":"Organization","@id":"https:\/\/costablancaup.com\/es\/#organization","name":"Costa Blanca Up","url":"https:\/\/costablancaup.com\/es\/","logo":{"@type":"ImageObject","inLanguage":"es","@id":"https:\/\/costablancaup.com\/es\/#\/schema\/logo\/image\/","url":"https:\/\/costablancaup.com\/wp-content\/uploads\/2018\/07\/titulo_web-1.png","contentUrl":"https:\/\/costablancaup.com\/wp-content\/uploads\/2018\/07\/titulo_web-1.png","width":1973,"height":303,"caption":"Costa Blanca Up"},"image":{"@id":"https:\/\/costablancaup.com\/es\/#\/schema\/logo\/image\/"}}]}</script>
<!-- / Yoast SEO plugin. -->

Ketama en Valencia Alicante &#8211; Auditorio de la Diputación de Alicante13/07/201921:00 Ketama regresa a los escenarios en un momento en que el flamenco vuelve a hacerse amigo de las músicas más jóvenes y urbanas. Conviene recordar quién comenzó a fusionar el género con el pop y abrirlo a un público sin prejuicios y ávido de buenas canciones.
