{"id":31929,"date":"2019-07-19T11:19:48","date_gmt":"2019-07-19T09:19:48","guid":{"rendered":"https:\/\/costablancaup.com\/?post_type=class&#038;p=31929"},"modified":"2019-07-19T11:19:48","modified_gmt":"2019-07-19T09:19:48","slug":"serafin-zubiri-recordando-a-nino-bravo","status":"publish","type":"class","link":"https:\/\/costablancaup.com\/es\/class\/serafin-zubiri-recordando-a-nino-bravo\/","title":{"rendered":"Seraf\u00edn Zubiri: \u00abRecordando a Nino Bravo\u00bb"},"content":{"rendered":"<h2>Seraf\u00edn Zubiri con Sones de Sax (Recordando a Nino Bravo)<\/h2>\n<p>Sax &#8211; Patio del Colegio Cervantes<br \/>Calle Azor\u00edn, 1, 03630 Sax, Alicante, Espa\u00f1a<br \/>20\/07\/2019<br \/>22:30<\/p>\n<p>Concierto en el que el cantante <em>Seraf\u00edn Zubiri<\/em> interpretar\u00e1 18 temas de Nino Bravo, acompa\u00f1ado por la <em>Banda Sones<\/em> de Sax y su propio piano. Este espect\u00e1culo, que se ha llevado a cabo con gran \u00e9xito en muchas ciudades espa\u00f1olas desde 2013, nos muestra temas tan conocidos como \u00abAmanecer\u00bb, \u00abNoelia\u00bb, \u00abLibre\u00bb y \u00abUn beso y una flor\u00bb.<\/p>\n","protected":false},"excerpt":{"rendered":"<p>Seraf\u00edn Zubiri con Sones de Sax (Recordando a Nino Bravo) Sax &#8211; Patio del Colegio CervantesCalle Azor\u00edn, 1, 03630 Sax, Alicante, Espa\u00f1a20\/07\/201922:30 Concierto en el que el cantante Seraf\u00edn Zubiri interpretar\u00e1 18 temas de Nino Bravo, acompa\u00f1ado por la Banda Sones de Sax y su propio piano. Este espect\u00e1culo, que se ha llevado a cabo con gran \u00e9xito en muchas ciudades espa\u00f1olas desde 2013, nos muestra temas tan conocidos como \u00abAmanecer\u00bb, \u00abNoelia\u00bb, \u00abLibre\u00bb y \u00abUn beso y una flor\u00bb.<\/p>\n","protected":false},"template":"","meta":[],"wcs-type":[5046],"wcs-room":[6119],"wcs-instructor":[],"class_list":["post-31929","class","type-class","status-publish","hentry","wcs-type-musica","wcs-room-sax-patio-del-colegio-cervantes"],"yoast_head":"<!-- This site is optimized with the Yoast SEO plugin v27.4 - https:\/\/yoast.com\/product\/yoast-seo-wordpress\/ -->\n<title>Seraf\u00edn Zubiri: &quot;Recordando a Nino Bravo&quot; - COSTA BLANCA UP<\/title>\n<meta name=\"robots\" content=\"index, follow, max-snippet:-1, max-image-preview:large, max-video-preview:-1\" \/>\n<link rel=\"canonical\" href=\"https:\/\/costablancaup.com\/es\/class\/serafin-zubiri-recordando-a-nino-bravo\/\" \/>\n<meta property=\"og:locale\" content=\"es_ES\" \/>\n<meta property=\"og:type\" content=\"article\" \/>\n<meta property=\"og:title\" content=\"Seraf\u00edn Zubiri: &quot;Recordando a Nino Bravo&quot; - COSTA BLANCA UP\" \/>\n<meta property=\"og:description\" content=\"Seraf\u00edn Zubiri con Sones de Sax (Recordando a Nino Bravo) Sax &#8211; Patio del Colegio CervantesCalle Azor\u00edn, 1, 03630 Sax, Alicante, Espa\u00f1a20\/07\/201922:30 Concierto en el que el cantante Seraf\u00edn Zubiri interpretar\u00e1 18 temas de Nino Bravo, acompa\u00f1ado por la Banda Sones de Sax y su propio piano. Este espect\u00e1culo, que se ha llevado a cabo con gran \u00e9xito en muchas ciudades espa\u00f1olas desde 2013, nos muestra temas tan conocidos como \u00abAmanecer\u00bb, \u00abNoelia\u00bb, \u00abLibre\u00bb y \u00abUn beso y una flor\u00bb.\" \/>\n<meta property=\"og:url\" content=\"https:\/\/costablancaup.com\/es\/class\/serafin-zubiri-recordando-a-nino-bravo\/\" \/>\n<meta property=\"og:site_name\" content=\"COSTA BLANCA UP\" \/>\n<meta name=\"twitter:card\" content=\"summary_large_image\" \/>\n<script type=\"application\/ld+json\" class=\"yoast-schema-graph\">{\"@context\":\"https:\\\/\\\/schema.org\",\"@graph\":[{\"@type\":\"WebPage\",\"@id\":\"https:\\\/\\\/costablancaup.com\\\/es\\\/class\\\/serafin-zubiri-recordando-a-nino-bravo\\\/\",\"url\":\"https:\\\/\\\/costablancaup.com\\\/es\\\/class\\\/serafin-zubiri-recordando-a-nino-bravo\\\/\",\"name\":\"Seraf\u00edn Zubiri: \\\"Recordando a Nino Bravo\\\" - COSTA BLANCA UP\",\"isPartOf\":{\"@id\":\"https:\\\/\\\/costablancaup.com\\\/es\\\/#website\"},\"datePublished\":\"2019-07-19T09:19:48+00:00\",\"breadcrumb\":{\"@id\":\"https:\\\/\\\/costablancaup.com\\\/es\\\/class\\\/serafin-zubiri-recordando-a-nino-bravo\\\/#breadcrumb\"},\"inLanguage\":\"es\",\"potentialAction\":[{\"@type\":\"ReadAction\",\"target\":[\"https:\\\/\\\/costablancaup.com\\\/es\\\/class\\\/serafin-zubiri-recordando-a-nino-bravo\\\/\"]}]},{\"@type\":\"BreadcrumbList\",\"@id\":\"https:\\\/\\\/costablancaup.com\\\/es\\\/class\\\/serafin-zubiri-recordando-a-nino-bravo\\\/#breadcrumb\",\"itemListElement\":[{\"@type\":\"ListItem\",\"position\":1,\"name\":\"Home\",\"item\":\"https:\\\/\\\/costablancaup.com\\\/es\\\/\"},{\"@type\":\"ListItem\",\"position\":2,\"name\":\"Seraf\u00edn Zubiri: &#171;Recordando a Nino Bravo&#187;\"}]},{\"@type\":\"WebSite\",\"@id\":\"https:\\\/\\\/costablancaup.com\\\/es\\\/#website\",\"url\":\"https:\\\/\\\/costablancaup.com\\\/es\\\/\",\"name\":\"COSTA BLANCA UP\",\"description\":\"Costa Blanca Events and Agenda\",\"publisher\":{\"@id\":\"https:\\\/\\\/costablancaup.com\\\/es\\\/#organization\"},\"potentialAction\":[{\"@type\":\"SearchAction\",\"target\":{\"@type\":\"EntryPoint\",\"urlTemplate\":\"https:\\\/\\\/costablancaup.com\\\/es\\\/?s={search_term_string}\"},\"query-input\":{\"@type\":\"PropertyValueSpecification\",\"valueRequired\":true,\"valueName\":\"search_term_string\"}}],\"inLanguage\":\"es\"},{\"@type\":\"Organization\",\"@id\":\"https:\\\/\\\/costablancaup.com\\\/es\\\/#organization\",\"name\":\"Costa Blanca Up\",\"url\":\"https:\\\/\\\/costablancaup.com\\\/es\\\/\",\"logo\":{\"@type\":\"ImageObject\",\"inLanguage\":\"es\",\"@id\":\"https:\\\/\\\/costablancaup.com\\\/es\\\/#\\\/schema\\\/logo\\\/image\\\/\",\"url\":\"https:\\\/\\\/costablancaup.com\\\/wp-content\\\/uploads\\\/2018\\\/07\\\/titulo_web-1.png\",\"contentUrl\":\"https:\\\/\\\/costablancaup.com\\\/wp-content\\\/uploads\\\/2018\\\/07\\\/titulo_web-1.png\",\"width\":1973,\"height\":303,\"caption\":\"Costa Blanca Up\"},\"image\":{\"@id\":\"https:\\\/\\\/costablancaup.com\\\/es\\\/#\\\/schema\\\/logo\\\/image\\\/\"}}]}<\/script>\n<!-- \/ Yoast SEO plugin. -->","yoast_head_json":{"title":"Seraf\u00edn Zubiri: \"Recordando a Nino Bravo\" - COSTA BLANCA UP","robots":{"index":"index","follow":"follow","max-snippet":"max-snippet:-1","max-image-preview":"max-image-preview:large","max-video-preview":"max-video-preview:-1"},"canonical":"https:\/\/costablancaup.com\/es\/class\/serafin-zubiri-recordando-a-nino-bravo\/","og_locale":"es_ES","og_type":"article","og_title":"Seraf\u00edn Zubiri: \"Recordando a Nino Bravo\" - COSTA BLANCA UP","og_description":"Seraf\u00edn Zubiri con Sones de Sax (Recordando a Nino Bravo) Sax &#8211; Patio del Colegio CervantesCalle Azor\u00edn, 1, 03630 Sax, Alicante, Espa\u00f1a20\/07\/201922:30 Concierto en el que el cantante Seraf\u00edn Zubiri interpretar\u00e1 18 temas de Nino Bravo, acompa\u00f1ado por la Banda Sones de Sax y su propio piano. Este espect\u00e1culo, que se ha llevado a cabo con gran \u00e9xito en muchas ciudades espa\u00f1olas desde 2013, nos muestra temas tan conocidos como \u00abAmanecer\u00bb, \u00abNoelia\u00bb, \u00abLibre\u00bb y \u00abUn beso y una flor\u00bb.","og_url":"https:\/\/costablancaup.com\/es\/class\/serafin-zubiri-recordando-a-nino-bravo\/","og_site_name":"COSTA BLANCA UP","twitter_card":"summary_large_image","schema":{"@context":"https:\/\/schema.org","@graph":[{"@type":"WebPage","@id":"https:\/\/costablancaup.com\/es\/class\/serafin-zubiri-recordando-a-nino-bravo\/","url":"https:\/\/costablancaup.com\/es\/class\/serafin-zubiri-recordando-a-nino-bravo\/","name":"Seraf\u00edn Zubiri: \"Recordando a Nino Bravo\" - COSTA BLANCA UP","isPartOf":{"@id":"https:\/\/costablancaup.com\/es\/#website"},"datePublished":"2019-07-19T09:19:48+00:00","breadcrumb":{"@id":"https:\/\/costablancaup.com\/es\/class\/serafin-zubiri-recordando-a-nino-bravo\/#breadcrumb"},"inLanguage":"es","potentialAction":[{"@type":"ReadAction","target":["https:\/\/costablancaup.com\/es\/class\/serafin-zubiri-recordando-a-nino-bravo\/"]}]},{"@type":"BreadcrumbList","@id":"https:\/\/costablancaup.com\/es\/class\/serafin-zubiri-recordando-a-nino-bravo\/#breadcrumb","itemListElement":[{"@type":"ListItem","position":1,"name":"Home","item":"https:\/\/costablancaup.com\/es\/"},{"@type":"ListItem","position":2,"name":"Seraf\u00edn Zubiri: &#171;Recordando a Nino Bravo&#187;"}]},{"@type":"WebSite","@id":"https:\/\/costablancaup.com\/es\/#website","url":"https:\/\/costablancaup.com\/es\/","name":"COSTA BLANCA UP","description":"Costa Blanca Events and Agenda","publisher":{"@id":"https:\/\/costablancaup.com\/es\/#organization"},"potentialAction":[{"@type":"SearchAction","target":{"@type":"EntryPoint","urlTemplate":"https:\/\/costablancaup.com\/es\/?s={search_term_string}"},"query-input":{"@type":"PropertyValueSpecification","valueRequired":true,"valueName":"search_term_string"}}],"inLanguage":"es"},{"@type":"Organization","@id":"https:\/\/costablancaup.com\/es\/#organization","name":"Costa Blanca Up","url":"https:\/\/costablancaup.com\/es\/","logo":{"@type":"ImageObject","inLanguage":"es","@id":"https:\/\/costablancaup.com\/es\/#\/schema\/logo\/image\/","url":"https:\/\/costablancaup.com\/wp-content\/uploads\/2018\/07\/titulo_web-1.png","contentUrl":"https:\/\/costablancaup.com\/wp-content\/uploads\/2018\/07\/titulo_web-1.png","width":1973,"height":303,"caption":"Costa Blanca Up"},"image":{"@id":"https:\/\/costablancaup.com\/es\/#\/schema\/logo\/image\/"}}]}},"_links":{"self":[{"href":"https:\/\/costablancaup.com\/es\/wp-json\/wp\/v2\/class\/31929","targetHints":{"allow":["GET"]}}],"collection":[{"href":"https:\/\/costablancaup.com\/es\/wp-json\/wp\/v2\/class"}],"about":[{"href":"https:\/\/costablancaup.com\/es\/wp-json\/wp\/v2\/types\/class"}],"wp:attachment":[{"href":"https:\/\/costablancaup.com\/es\/wp-json\/wp\/v2\/media?parent=31929"}],"wp:term":[{"taxonomy":"wcs-type","embeddable":true,"href":"https:\/\/costablancaup.com\/es\/wp-json\/wp\/v2\/wcs-type?post=31929"},{"taxonomy":"wcs-room","embeddable":true,"href":"https:\/\/costablancaup.com\/es\/wp-json\/wp\/v2\/wcs-room?post=31929"},{"taxonomy":"wcs-instructor","embeddable":true,"href":"https:\/\/costablancaup.com\/es\/wp-json\/wp\/v2\/wcs-instructor?post=31929"}],"curies":[{"name":"wp","href":"https:\/\/api.w.org\/{rel}","templated":true}]}}

Serafín Zubiri: «Recordando a Nino Bravo»

<h2>Serafín Zubiri con Sones de Sax (Recordando a Nino Bravo)</h2>
<p>Sax &#8211; Patio del Colegio Cervantes<br />Calle Azorín, 1, 03630 Sax, Alicante, España<br />20/07/2019<br />22:30</p>
<p>Concierto en el que el cantante <em>Serafín Zubiri</em> interpretará 18 temas de Nino Bravo, acompañado por la <em>Banda Sones</em> de Sax y su propio piano. Este espectáculo, que se ha llevado a cabo con gran éxito en muchas ciudades españolas desde 2013, nos muestra temas tan conocidos como «Amanecer», «Noelia», «Libre» y «Un beso y una flor».</p>

<p>Serafín Zubiri con Sones de Sax (Recordando a Nino Bravo) Sax &#8211; Patio del Colegio CervantesCalle Azorín, 1, 03630 Sax, Alicante, España20/07/201922:30 Concierto en el que el cantante Serafín Zubiri interpretará 18 temas de Nino Bravo, acompañado por la Banda Sones de Sax y su propio piano. Este espectáculo, que se ha llevado a cabo con gran éxito en muchas ciudades españolas desde 2013, nos muestra temas tan conocidos como «Amanecer», «Noelia», «Libre» y «Un beso y una flor».</p>

<!-- This site is optimized with the Yoast SEO plugin v27.4 - https://yoast.com/product/yoast-seo-wordpress/ -->
<title>Serafín Zubiri: &quot;Recordando a Nino Bravo&quot; - COSTA BLANCA UP</title>
<meta name="robots" content="index, follow, max-snippet:-1, max-image-preview:large, max-video-preview:-1" />
<link rel="canonical" href="https://costablancaup.com/es/class/serafin-zubiri-recordando-a-nino-bravo/" />
<meta property="og:locale" content="es_ES" />
<meta property="og:type" content="article" />
<meta property="og:title" content="Serafín Zubiri: &quot;Recordando a Nino Bravo&quot; - COSTA BLANCA UP" />
<meta property="og:description" content="Serafín Zubiri con Sones de Sax (Recordando a Nino Bravo) Sax &#8211; Patio del Colegio CervantesCalle Azorín, 1, 03630 Sax, Alicante, España20/07/201922:30 Concierto en el que el cantante Serafín Zubiri interpretará 18 temas de Nino Bravo, acompañado por la Banda Sones de Sax y su propio piano. Este espectáculo, que se ha llevado a cabo con gran éxito en muchas ciudades españolas desde 2013, nos muestra temas tan conocidos como «Amanecer», «Noelia», «Libre» y «Un beso y una flor»." />
<meta property="og:url" content="https://costablancaup.com/es/class/serafin-zubiri-recordando-a-nino-bravo/" />
<meta property="og:site_name" content="COSTA BLANCA UP" />
<meta name="twitter:card" content="summary_large_image" />
<script type="application/ld+json" class="yoast-schema-graph">{"@context":"https:\/\/schema.org","@graph":[{"@type":"WebPage","@id":"https:\/\/costablancaup.com\/es\/class\/serafin-zubiri-recordando-a-nino-bravo\/","url":"https:\/\/costablancaup.com\/es\/class\/serafin-zubiri-recordando-a-nino-bravo\/","name":"Serafín Zubiri: \"Recordando a Nino Bravo\" - COSTA BLANCA UP","isPartOf":{"@id":"https:\/\/costablancaup.com\/es\/#website"},"datePublished":"2019-07-19T09:19:48+00:00","breadcrumb":{"@id":"https:\/\/costablancaup.com\/es\/class\/serafin-zubiri-recordando-a-nino-bravo\/#breadcrumb"},"inLanguage":"es","potentialAction":[{"@type":"ReadAction","target":["https:\/\/costablancaup.com\/es\/class\/serafin-zubiri-recordando-a-nino-bravo\/"]}]},{"@type":"BreadcrumbList","@id":"https:\/\/costablancaup.com\/es\/class\/serafin-zubiri-recordando-a-nino-bravo\/#breadcrumb","itemListElement":[{"@type":"ListItem","position":1,"name":"Home","item":"https:\/\/costablancaup.com\/es\/"},{"@type":"ListItem","position":2,"name":"Serafín Zubiri: &#171;Recordando a Nino Bravo&#187;"}]},{"@type":"WebSite","@id":"https:\/\/costablancaup.com\/es\/#website","url":"https:\/\/costablancaup.com\/es\/","name":"COSTA BLANCA UP","description":"Costa Blanca Events and Agenda","publisher":{"@id":"https:\/\/costablancaup.com\/es\/#organization"},"potentialAction":[{"@type":"SearchAction","target":{"@type":"EntryPoint","urlTemplate":"https:\/\/costablancaup.com\/es\/?s={search_term_string}"},"query-input":{"@type":"PropertyValueSpecification","valueRequired":true,"valueName":"search_term_string"}}],"inLanguage":"es"},{"@type":"Organization","@id":"https:\/\/costablancaup.com\/es\/#organization","name":"Costa Blanca Up","url":"https:\/\/costablancaup.com\/es\/","logo":{"@type":"ImageObject","inLanguage":"es","@id":"https:\/\/costablancaup.com\/es\/#\/schema\/logo\/image\/","url":"https:\/\/costablancaup.com\/wp-content\/uploads\/2018\/07\/titulo_web-1.png","contentUrl":"https:\/\/costablancaup.com\/wp-content\/uploads\/2018\/07\/titulo_web-1.png","width":1973,"height":303,"caption":"Costa Blanca Up"},"image":{"@id":"https:\/\/costablancaup.com\/es\/#\/schema\/logo\/image\/"}}]}</script>
<!-- / Yoast SEO plugin. -->

Serafín Zubiri: "Recordando a Nino Bravo" - COSTA BLANCA UP

Serafín Zubiri con Sones de Sax (Recordando a Nino Bravo) Sax &#8211; Patio del Colegio CervantesCalle Azorín, 1, 03630 Sax, Alicante, España20/07/201922:30 Concierto en el que el cantante Serafín Zubiri interpretará 18 temas de Nino Bravo, acompañado por la Banda Sones de Sax y su propio piano. Este espectáculo, que se ha llevado a cabo con gran éxito en muchas ciudades españolas desde 2013, nos muestra temas tan conocidos como «Amanecer», «Noelia», «Libre» y «Un beso y una flor».

Serafín Zubiri: &#171;Recordando a Nino Bravo&#187;
