{"id":32010,"date":"2019-07-19T11:42:32","date_gmt":"2019-07-19T09:42:32","guid":{"rendered":"https:\/\/costablancaup.com\/?post_type=class&#038;p=32010"},"modified":"2019-07-19T11:43:13","modified_gmt":"2019-07-19T09:43:13","slug":"nina-pastori-gira-bajo-tus-alas-2019-2","status":"publish","type":"class","link":"https:\/\/costablancaup.com\/es\/class\/nina-pastori-gira-bajo-tus-alas-2019-2\/","title":{"rendered":"Ni\u00f1a Pastori: \u00abGira bajo tus alas 2019\u00bb"},"content":{"rendered":"<h2>Ni\u00f1a Pastori<\/h2>\n<p>Benidorm &#8211; Auditorio Julio Iglesias<br \/>Pl. de SS. MM. los Reyes de Espaa, 03501 Benidorm, Alicante, Espa\u00f1a<br \/>02\/08\/2019<br \/>22:30<\/p>\n<p><em>Ni\u00f1a Pastori<\/em>, la cantaora se ha convertido en la pionera del actual movimiento de j\u00f3venes flamencas. Su m\u00fasica mantiene sus ra\u00edces m\u00e1s flamencas sin perder la fusi\u00f3n con el pop, a\u00f1adido a una voz capaz de explorar registros muy distintos.<\/p>\n","protected":false},"excerpt":{"rendered":"<p>Ni\u00f1a Pastori Benidorm &#8211; Auditorio Julio IglesiasPl. de SS. MM. los Reyes de Espaa, 03501 Benidorm, Alicante, Espa\u00f1a02\/08\/201922:30 Ni\u00f1a Pastori, la cantaora se ha convertido en la pionera del actual movimiento de j\u00f3venes flamencas. Su m\u00fasica mantiene sus ra\u00edces m\u00e1s flamencas sin perder la fusi\u00f3n con el pop, a\u00f1adido a una voz capaz de explorar registros muy distintos.<\/p>\n","protected":false},"template":"","meta":[],"wcs-type":[5046],"wcs-room":[5963],"wcs-instructor":[],"class_list":["post-32010","class","type-class","status-publish","hentry","wcs-type-musica","wcs-room-benidorm-auditorio-julio-iglesias"],"yoast_head":"<!-- This site is optimized with the Yoast SEO plugin v27.4 - https:\/\/yoast.com\/product\/yoast-seo-wordpress\/ -->\n<title>Ni\u00f1a Pastori: &quot;Gira bajo tus alas 2019&quot; - COSTA BLANCA UP<\/title>\n<meta name=\"robots\" content=\"index, follow, max-snippet:-1, max-image-preview:large, max-video-preview:-1\" \/>\n<link rel=\"canonical\" href=\"https:\/\/costablancaup.com\/es\/class\/nina-pastori-gira-bajo-tus-alas-2019-2\/\" \/>\n<meta property=\"og:locale\" content=\"es_ES\" \/>\n<meta property=\"og:type\" content=\"article\" \/>\n<meta property=\"og:title\" content=\"Ni\u00f1a Pastori: &quot;Gira bajo tus alas 2019&quot; - COSTA BLANCA UP\" \/>\n<meta property=\"og:description\" content=\"Ni\u00f1a Pastori Benidorm &#8211; Auditorio Julio IglesiasPl. de SS. MM. los Reyes de Espaa, 03501 Benidorm, Alicante, Espa\u00f1a02\/08\/201922:30 Ni\u00f1a Pastori, la cantaora se ha convertido en la pionera del actual movimiento de j\u00f3venes flamencas. Su m\u00fasica mantiene sus ra\u00edces m\u00e1s flamencas sin perder la fusi\u00f3n con el pop, a\u00f1adido a una voz capaz de explorar registros muy distintos.\" \/>\n<meta property=\"og:url\" content=\"https:\/\/costablancaup.com\/es\/class\/nina-pastori-gira-bajo-tus-alas-2019-2\/\" \/>\n<meta property=\"og:site_name\" content=\"COSTA BLANCA UP\" \/>\n<meta property=\"article:modified_time\" content=\"2019-07-19T09:43:13+00:00\" \/>\n<meta name=\"twitter:card\" content=\"summary_large_image\" \/>\n<script type=\"application\/ld+json\" class=\"yoast-schema-graph\">{\"@context\":\"https:\\\/\\\/schema.org\",\"@graph\":[{\"@type\":\"WebPage\",\"@id\":\"https:\\\/\\\/costablancaup.com\\\/es\\\/class\\\/nina-pastori-gira-bajo-tus-alas-2019-2\\\/\",\"url\":\"https:\\\/\\\/costablancaup.com\\\/es\\\/class\\\/nina-pastori-gira-bajo-tus-alas-2019-2\\\/\",\"name\":\"Ni\u00f1a Pastori: \\\"Gira bajo tus alas 2019\\\" - COSTA BLANCA UP\",\"isPartOf\":{\"@id\":\"https:\\\/\\\/costablancaup.com\\\/es\\\/#website\"},\"datePublished\":\"2019-07-19T09:42:32+00:00\",\"dateModified\":\"2019-07-19T09:43:13+00:00\",\"breadcrumb\":{\"@id\":\"https:\\\/\\\/costablancaup.com\\\/es\\\/class\\\/nina-pastori-gira-bajo-tus-alas-2019-2\\\/#breadcrumb\"},\"inLanguage\":\"es\",\"potentialAction\":[{\"@type\":\"ReadAction\",\"target\":[\"https:\\\/\\\/costablancaup.com\\\/es\\\/class\\\/nina-pastori-gira-bajo-tus-alas-2019-2\\\/\"]}]},{\"@type\":\"BreadcrumbList\",\"@id\":\"https:\\\/\\\/costablancaup.com\\\/es\\\/class\\\/nina-pastori-gira-bajo-tus-alas-2019-2\\\/#breadcrumb\",\"itemListElement\":[{\"@type\":\"ListItem\",\"position\":1,\"name\":\"Home\",\"item\":\"https:\\\/\\\/costablancaup.com\\\/es\\\/\"},{\"@type\":\"ListItem\",\"position\":2,\"name\":\"Ni\u00f1a Pastori: \u00abGira bajo tus alas 2019\u00bb\"}]},{\"@type\":\"WebSite\",\"@id\":\"https:\\\/\\\/costablancaup.com\\\/es\\\/#website\",\"url\":\"https:\\\/\\\/costablancaup.com\\\/es\\\/\",\"name\":\"COSTA BLANCA UP\",\"description\":\"Costa Blanca Events and Agenda\",\"publisher\":{\"@id\":\"https:\\\/\\\/costablancaup.com\\\/es\\\/#organization\"},\"potentialAction\":[{\"@type\":\"SearchAction\",\"target\":{\"@type\":\"EntryPoint\",\"urlTemplate\":\"https:\\\/\\\/costablancaup.com\\\/es\\\/?s={search_term_string}\"},\"query-input\":{\"@type\":\"PropertyValueSpecification\",\"valueRequired\":true,\"valueName\":\"search_term_string\"}}],\"inLanguage\":\"es\"},{\"@type\":\"Organization\",\"@id\":\"https:\\\/\\\/costablancaup.com\\\/es\\\/#organization\",\"name\":\"Costa Blanca Up\",\"url\":\"https:\\\/\\\/costablancaup.com\\\/es\\\/\",\"logo\":{\"@type\":\"ImageObject\",\"inLanguage\":\"es\",\"@id\":\"https:\\\/\\\/costablancaup.com\\\/es\\\/#\\\/schema\\\/logo\\\/image\\\/\",\"url\":\"https:\\\/\\\/costablancaup.com\\\/wp-content\\\/uploads\\\/2018\\\/07\\\/titulo_web-1.png\",\"contentUrl\":\"https:\\\/\\\/costablancaup.com\\\/wp-content\\\/uploads\\\/2018\\\/07\\\/titulo_web-1.png\",\"width\":1973,\"height\":303,\"caption\":\"Costa Blanca Up\"},\"image\":{\"@id\":\"https:\\\/\\\/costablancaup.com\\\/es\\\/#\\\/schema\\\/logo\\\/image\\\/\"}}]}<\/script>\n<!-- \/ Yoast SEO plugin. -->","yoast_head_json":{"title":"Ni\u00f1a Pastori: \"Gira bajo tus alas 2019\" - COSTA BLANCA UP","robots":{"index":"index","follow":"follow","max-snippet":"max-snippet:-1","max-image-preview":"max-image-preview:large","max-video-preview":"max-video-preview:-1"},"canonical":"https:\/\/costablancaup.com\/es\/class\/nina-pastori-gira-bajo-tus-alas-2019-2\/","og_locale":"es_ES","og_type":"article","og_title":"Ni\u00f1a Pastori: \"Gira bajo tus alas 2019\" - COSTA BLANCA UP","og_description":"Ni\u00f1a Pastori Benidorm &#8211; Auditorio Julio IglesiasPl. de SS. MM. los Reyes de Espaa, 03501 Benidorm, Alicante, Espa\u00f1a02\/08\/201922:30 Ni\u00f1a Pastori, la cantaora se ha convertido en la pionera del actual movimiento de j\u00f3venes flamencas. Su m\u00fasica mantiene sus ra\u00edces m\u00e1s flamencas sin perder la fusi\u00f3n con el pop, a\u00f1adido a una voz capaz de explorar registros muy distintos.","og_url":"https:\/\/costablancaup.com\/es\/class\/nina-pastori-gira-bajo-tus-alas-2019-2\/","og_site_name":"COSTA BLANCA UP","article_modified_time":"2019-07-19T09:43:13+00:00","twitter_card":"summary_large_image","schema":{"@context":"https:\/\/schema.org","@graph":[{"@type":"WebPage","@id":"https:\/\/costablancaup.com\/es\/class\/nina-pastori-gira-bajo-tus-alas-2019-2\/","url":"https:\/\/costablancaup.com\/es\/class\/nina-pastori-gira-bajo-tus-alas-2019-2\/","name":"Ni\u00f1a Pastori: \"Gira bajo tus alas 2019\" - COSTA BLANCA UP","isPartOf":{"@id":"https:\/\/costablancaup.com\/es\/#website"},"datePublished":"2019-07-19T09:42:32+00:00","dateModified":"2019-07-19T09:43:13+00:00","breadcrumb":{"@id":"https:\/\/costablancaup.com\/es\/class\/nina-pastori-gira-bajo-tus-alas-2019-2\/#breadcrumb"},"inLanguage":"es","potentialAction":[{"@type":"ReadAction","target":["https:\/\/costablancaup.com\/es\/class\/nina-pastori-gira-bajo-tus-alas-2019-2\/"]}]},{"@type":"BreadcrumbList","@id":"https:\/\/costablancaup.com\/es\/class\/nina-pastori-gira-bajo-tus-alas-2019-2\/#breadcrumb","itemListElement":[{"@type":"ListItem","position":1,"name":"Home","item":"https:\/\/costablancaup.com\/es\/"},{"@type":"ListItem","position":2,"name":"Ni\u00f1a Pastori: \u00abGira bajo tus alas 2019\u00bb"}]},{"@type":"WebSite","@id":"https:\/\/costablancaup.com\/es\/#website","url":"https:\/\/costablancaup.com\/es\/","name":"COSTA BLANCA UP","description":"Costa Blanca Events and Agenda","publisher":{"@id":"https:\/\/costablancaup.com\/es\/#organization"},"potentialAction":[{"@type":"SearchAction","target":{"@type":"EntryPoint","urlTemplate":"https:\/\/costablancaup.com\/es\/?s={search_term_string}"},"query-input":{"@type":"PropertyValueSpecification","valueRequired":true,"valueName":"search_term_string"}}],"inLanguage":"es"},{"@type":"Organization","@id":"https:\/\/costablancaup.com\/es\/#organization","name":"Costa Blanca Up","url":"https:\/\/costablancaup.com\/es\/","logo":{"@type":"ImageObject","inLanguage":"es","@id":"https:\/\/costablancaup.com\/es\/#\/schema\/logo\/image\/","url":"https:\/\/costablancaup.com\/wp-content\/uploads\/2018\/07\/titulo_web-1.png","contentUrl":"https:\/\/costablancaup.com\/wp-content\/uploads\/2018\/07\/titulo_web-1.png","width":1973,"height":303,"caption":"Costa Blanca Up"},"image":{"@id":"https:\/\/costablancaup.com\/es\/#\/schema\/logo\/image\/"}}]}},"_links":{"self":[{"href":"https:\/\/costablancaup.com\/es\/wp-json\/wp\/v2\/class\/32010","targetHints":{"allow":["GET"]}}],"collection":[{"href":"https:\/\/costablancaup.com\/es\/wp-json\/wp\/v2\/class"}],"about":[{"href":"https:\/\/costablancaup.com\/es\/wp-json\/wp\/v2\/types\/class"}],"wp:attachment":[{"href":"https:\/\/costablancaup.com\/es\/wp-json\/wp\/v2\/media?parent=32010"}],"wp:term":[{"taxonomy":"wcs-type","embeddable":true,"href":"https:\/\/costablancaup.com\/es\/wp-json\/wp\/v2\/wcs-type?post=32010"},{"taxonomy":"wcs-room","embeddable":true,"href":"https:\/\/costablancaup.com\/es\/wp-json\/wp\/v2\/wcs-room?post=32010"},{"taxonomy":"wcs-instructor","embeddable":true,"href":"https:\/\/costablancaup.com\/es\/wp-json\/wp\/v2\/wcs-instructor?post=32010"}],"curies":[{"name":"wp","href":"https:\/\/api.w.org\/{rel}","templated":true}]}}

Niña Pastori: «Gira bajo tus alas 2019»

<h2>Niña Pastori</h2>
<p>Benidorm &#8211; Auditorio Julio Iglesias<br />Pl. de SS. MM. los Reyes de Espaa, 03501 Benidorm, Alicante, España<br />02/08/2019<br />22:30</p>
<p><em>Niña Pastori</em>, la cantaora se ha convertido en la pionera del actual movimiento de jóvenes flamencas. Su música mantiene sus raíces más flamencas sin perder la fusión con el pop, añadido a una voz capaz de explorar registros muy distintos.</p>

<p>Niña Pastori Benidorm &#8211; Auditorio Julio IglesiasPl. de SS. MM. los Reyes de Espaa, 03501 Benidorm, Alicante, España02/08/201922:30 Niña Pastori, la cantaora se ha convertido en la pionera del actual movimiento de jóvenes flamencas. Su música mantiene sus raíces más flamencas sin perder la fusión con el pop, añadido a una voz capaz de explorar registros muy distintos.</p>

<!-- This site is optimized with the Yoast SEO plugin v27.4 - https://yoast.com/product/yoast-seo-wordpress/ -->
<title>Niña Pastori: &quot;Gira bajo tus alas 2019&quot; - COSTA BLANCA UP</title>
<meta name="robots" content="index, follow, max-snippet:-1, max-image-preview:large, max-video-preview:-1" />
<link rel="canonical" href="https://costablancaup.com/es/class/nina-pastori-gira-bajo-tus-alas-2019-2/" />
<meta property="og:locale" content="es_ES" />
<meta property="og:type" content="article" />
<meta property="og:title" content="Niña Pastori: &quot;Gira bajo tus alas 2019&quot; - COSTA BLANCA UP" />
<meta property="og:description" content="Niña Pastori Benidorm &#8211; Auditorio Julio IglesiasPl. de SS. MM. los Reyes de Espaa, 03501 Benidorm, Alicante, España02/08/201922:30 Niña Pastori, la cantaora se ha convertido en la pionera del actual movimiento de jóvenes flamencas. Su música mantiene sus raíces más flamencas sin perder la fusión con el pop, añadido a una voz capaz de explorar registros muy distintos." />
<meta property="og:url" content="https://costablancaup.com/es/class/nina-pastori-gira-bajo-tus-alas-2019-2/" />
<meta property="og:site_name" content="COSTA BLANCA UP" />
<meta property="article:modified_time" content="2019-07-19T09:43:13+00:00" />
<meta name="twitter:card" content="summary_large_image" />
<script type="application/ld+json" class="yoast-schema-graph">{"@context":"https:\/\/schema.org","@graph":[{"@type":"WebPage","@id":"https:\/\/costablancaup.com\/es\/class\/nina-pastori-gira-bajo-tus-alas-2019-2\/","url":"https:\/\/costablancaup.com\/es\/class\/nina-pastori-gira-bajo-tus-alas-2019-2\/","name":"Niña Pastori: \"Gira bajo tus alas 2019\" - COSTA BLANCA UP","isPartOf":{"@id":"https:\/\/costablancaup.com\/es\/#website"},"datePublished":"2019-07-19T09:42:32+00:00","dateModified":"2019-07-19T09:43:13+00:00","breadcrumb":{"@id":"https:\/\/costablancaup.com\/es\/class\/nina-pastori-gira-bajo-tus-alas-2019-2\/#breadcrumb"},"inLanguage":"es","potentialAction":[{"@type":"ReadAction","target":["https:\/\/costablancaup.com\/es\/class\/nina-pastori-gira-bajo-tus-alas-2019-2\/"]}]},{"@type":"BreadcrumbList","@id":"https:\/\/costablancaup.com\/es\/class\/nina-pastori-gira-bajo-tus-alas-2019-2\/#breadcrumb","itemListElement":[{"@type":"ListItem","position":1,"name":"Home","item":"https:\/\/costablancaup.com\/es\/"},{"@type":"ListItem","position":2,"name":"Niña Pastori: «Gira bajo tus alas 2019»"}]},{"@type":"WebSite","@id":"https:\/\/costablancaup.com\/es\/#website","url":"https:\/\/costablancaup.com\/es\/","name":"COSTA BLANCA UP","description":"Costa Blanca Events and Agenda","publisher":{"@id":"https:\/\/costablancaup.com\/es\/#organization"},"potentialAction":[{"@type":"SearchAction","target":{"@type":"EntryPoint","urlTemplate":"https:\/\/costablancaup.com\/es\/?s={search_term_string}"},"query-input":{"@type":"PropertyValueSpecification","valueRequired":true,"valueName":"search_term_string"}}],"inLanguage":"es"},{"@type":"Organization","@id":"https:\/\/costablancaup.com\/es\/#organization","name":"Costa Blanca Up","url":"https:\/\/costablancaup.com\/es\/","logo":{"@type":"ImageObject","inLanguage":"es","@id":"https:\/\/costablancaup.com\/es\/#\/schema\/logo\/image\/","url":"https:\/\/costablancaup.com\/wp-content\/uploads\/2018\/07\/titulo_web-1.png","contentUrl":"https:\/\/costablancaup.com\/wp-content\/uploads\/2018\/07\/titulo_web-1.png","width":1973,"height":303,"caption":"Costa Blanca Up"},"image":{"@id":"https:\/\/costablancaup.com\/es\/#\/schema\/logo\/image\/"}}]}</script>
<!-- / Yoast SEO plugin. -->

Niña Pastori: "Gira bajo tus alas 2019" - COSTA BLANCA UP

Niña Pastori Benidorm &#8211; Auditorio Julio IglesiasPl. de SS. MM. los Reyes de Espaa, 03501 Benidorm, Alicante, España02/08/201922:30 Niña Pastori, la cantaora se ha convertido en la pionera del actual movimiento de jóvenes flamencas. Su música mantiene sus raíces más flamencas sin perder la fusión con el pop, añadido a una voz capaz de explorar registros muy distintos.
