{"id":34311,"date":"2019-09-17T18:07:42","date_gmt":"2019-09-17T16:07:42","guid":{"rendered":"https:\/\/costablancaup.com\/?post_type=class&#038;p=34311"},"modified":"2019-09-17T18:07:42","modified_gmt":"2019-09-17T16:07:42","slug":"feria-de-muestras-de-villena-2019","status":"publish","type":"class","link":"https:\/\/costablancaup.com\/es\/class\/feria-de-muestras-de-villena-2019\/","title":{"rendered":"\u00abFeria de muestras de Villena 2019\u00bb"},"content":{"rendered":"<h2>La feria tendr\u00e1 lugar del 27 al 29 de septiembre en el Recinto Ferial de Villena.<\/h2>\n<p>Se trata de un espacio experiencial, que funciona como un escaparate de todo el potencial del comercio, la agricultura, el motor, la promoci\u00f3n, el ocio y el turismo de Villena y de otras poblaciones de la comarca.<\/p>\n<p>A trav\u00e9s de expositores, degustaciones, charlas, m\u00fasica, exhibiciones, actividades y talleres se mostrar\u00e1 al p\u00fablico los productos y servicios que ofrecen las instituciones, empresas y asociaciones locales y comarcales.<\/p>\n<h3>Programa<\/h3>\n<ul>\n<li><a target=\"_blank\" href=\"http:\/\/www.muestravillena.villena.es\/actividades\/\" rel=\"noopener noreferrer\">Ver el programa de actividades<\/a><\/li>\n<\/ul>\n<p>&nbsp;<\/p>\n<h3>Localizaci\u00f3n<\/h3>\n\r\n            \r\n            \r\n            \r\n            <a name='map237'><\/a>\r\n            \r\n            \r\n            \r\n            \r\n            <div class=\"wpgmza_map \"  id=\"wpgmza_map_237\" style=\"display:block; overflow:auto; width:100%; height:400px; float:left;\" data-settings='{\"id\":\"237\",\"map_title\":\"Recinto Ferial (Villena)\",\"map_width\":\"100\",\"map_height\":\"400\",\"map_start_lat\":\"38.635513\",\"map_start_lng\":\"-0.864004\",\"map_start_location\":\"38.63551321032647,-0.8640042656319324\",\"map_start_zoom\":\"15\",\"default_marker\":\"0\",\"type\":\"1\",\"alignment\":\"1\",\"directions_enabled\":\"0\",\"styling_enabled\":\"0\",\"styling_json\":\"\",\"active\":\"0\",\"kml\":\"\",\"bicycle\":\"0\",\"traffic\":\"0\",\"dbox\":\"1\",\"dbox_width\":\"100\",\"listmarkers\":\"0\",\"listmarkers_advanced\":\"0\",\"filterbycat\":\"0\",\"ugm_enabled\":\"0\",\"ugm_category_enabled\":\"0\",\"fusion\":\"\",\"map_width_type\":\"\\\\%\",\"map_height_type\":\"px\",\"mass_marker_support\":\"0\",\"ugm_access\":\"0\",\"order_markers_by\":\"1\",\"order_markers_choice\":\"2\",\"show_user_location\":\"2\",\"default_to\":\"\",\"other_settings\":{\"store_locator_style\":\"legacy\",\"wpgmza_store_locator_radius_style\":\"legacy\",\"directions_box_style\":\"modern\",\"wpgmza_dbox_width_type\":\"%\",\"map_max_zoom\":\"3\",\"map_min_zoom\":\"21\",\"sl_stroke_color\":\"\",\"sl_stroke_opacity\":\"\",\"sl_fill_color\":\"\",\"sl_fill_opacity\":\"\",\"automatically_pan_to_users_location\":0,\"click_open_link\":2,\"hide_point_of_interest\":false,\"wpgmza_auto_night\":0,\"transport_layer\":0,\"iw_primary_color\":\"2A3744\",\"iw_accent_color\":\"252F3A\",\"iw_text_color\":\"FFFFFF\",\"wpgmza_iw_type\":\"0\",\"list_markers_by\":\"0\",\"push_in_map\":\"\",\"push_in_map_placement\":\"9\",\"wpgmza_push_in_map_width\":\"\",\"wpgmza_push_in_map_height\":\"\",\"wpgmza_theme_data\":\"\",\"upload_default_ul_marker\":\"\",\"upload_default_sl_marker\":\"\",\"shortcodeAttributes\":{\"id\":\"237\"}}}' data-map-id='237' data-shortcode-attributes='{\"id\":\"237\"}'> <\/div>\r\n            \r\n               \r\n        \n","protected":false},"excerpt":{"rendered":"<p>La feria tendr\u00e1 lugar del 27 al 29 de septiembre en el Recinto Ferial de Villena. Se trata de un espacio experiencial, que funciona como un escaparate de todo el potencial del comercio, la agricultura, el motor, la promoci\u00f3n, el ocio y el turismo de Villena y de otras poblaciones de la comarca. A trav\u00e9s de expositores, degustaciones, charlas, m\u00fasica, exhibiciones, actividades y talleres se mostrar\u00e1 al p\u00fablico los productos y servicios que ofrecen las instituciones, empresas y asociaciones locales y comarcales. Programa Ver el programa de actividades &nbsp; Localizaci\u00f3n<\/p>\n","protected":false},"template":"","meta":[],"wcs-type":[5372,5226],"wcs-room":[6210],"wcs-instructor":[],"class_list":["post-34311","class","type-class","status-publish","hentry","wcs-type-gastronomia","wcs-type-otros","wcs-room-recinto-ferial-villena"],"yoast_head":"<!-- This site is optimized with the Yoast SEO plugin v27.4 - https:\/\/yoast.com\/product\/yoast-seo-wordpress\/ -->\n<title>&quot;Feria de muestras de Villena 2019&quot; - COSTA BLANCA UP<\/title>\n<meta name=\"robots\" content=\"index, follow, max-snippet:-1, max-image-preview:large, max-video-preview:-1\" \/>\n<link rel=\"canonical\" href=\"https:\/\/costablancaup.com\/es\/class\/feria-de-muestras-de-villena-2019\/\" \/>\n<meta property=\"og:locale\" content=\"es_ES\" \/>\n<meta property=\"og:type\" content=\"article\" \/>\n<meta property=\"og:title\" content=\"&quot;Feria de muestras de Villena 2019&quot; - COSTA BLANCA UP\" \/>\n<meta property=\"og:description\" content=\"La feria tendr\u00e1 lugar del 27 al 29 de septiembre en el Recinto Ferial de Villena. Se trata de un espacio experiencial, que funciona como un escaparate de todo el potencial del comercio, la agricultura, el motor, la promoci\u00f3n, el ocio y el turismo de Villena y de otras poblaciones de la comarca. A trav\u00e9s de expositores, degustaciones, charlas, m\u00fasica, exhibiciones, actividades y talleres se mostrar\u00e1 al p\u00fablico los productos y servicios que ofrecen las instituciones, empresas y asociaciones locales y comarcales. Programa Ver el programa de actividades &nbsp; Localizaci\u00f3n\" \/>\n<meta property=\"og:url\" content=\"https:\/\/costablancaup.com\/es\/class\/feria-de-muestras-de-villena-2019\/\" \/>\n<meta property=\"og:site_name\" content=\"COSTA BLANCA UP\" \/>\n<meta name=\"twitter:card\" content=\"summary_large_image\" \/>\n<script type=\"application\/ld+json\" class=\"yoast-schema-graph\">{\"@context\":\"https:\\\/\\\/schema.org\",\"@graph\":[{\"@type\":\"WebPage\",\"@id\":\"https:\\\/\\\/costablancaup.com\\\/es\\\/class\\\/feria-de-muestras-de-villena-2019\\\/\",\"url\":\"https:\\\/\\\/costablancaup.com\\\/es\\\/class\\\/feria-de-muestras-de-villena-2019\\\/\",\"name\":\"\\\"Feria de muestras de Villena 2019\\\" - COSTA BLANCA UP\",\"isPartOf\":{\"@id\":\"https:\\\/\\\/costablancaup.com\\\/es\\\/#website\"},\"datePublished\":\"2019-09-17T16:07:42+00:00\",\"breadcrumb\":{\"@id\":\"https:\\\/\\\/costablancaup.com\\\/es\\\/class\\\/feria-de-muestras-de-villena-2019\\\/#breadcrumb\"},\"inLanguage\":\"es\",\"potentialAction\":[{\"@type\":\"ReadAction\",\"target\":[\"https:\\\/\\\/costablancaup.com\\\/es\\\/class\\\/feria-de-muestras-de-villena-2019\\\/\"]}]},{\"@type\":\"BreadcrumbList\",\"@id\":\"https:\\\/\\\/costablancaup.com\\\/es\\\/class\\\/feria-de-muestras-de-villena-2019\\\/#breadcrumb\",\"itemListElement\":[{\"@type\":\"ListItem\",\"position\":1,\"name\":\"Home\",\"item\":\"https:\\\/\\\/costablancaup.com\\\/es\\\/\"},{\"@type\":\"ListItem\",\"position\":2,\"name\":\"&#171;Feria de muestras de Villena 2019&#187;\"}]},{\"@type\":\"WebSite\",\"@id\":\"https:\\\/\\\/costablancaup.com\\\/es\\\/#website\",\"url\":\"https:\\\/\\\/costablancaup.com\\\/es\\\/\",\"name\":\"COSTA BLANCA UP\",\"description\":\"Costa Blanca Events and Agenda\",\"publisher\":{\"@id\":\"https:\\\/\\\/costablancaup.com\\\/es\\\/#organization\"},\"potentialAction\":[{\"@type\":\"SearchAction\",\"target\":{\"@type\":\"EntryPoint\",\"urlTemplate\":\"https:\\\/\\\/costablancaup.com\\\/es\\\/?s={search_term_string}\"},\"query-input\":{\"@type\":\"PropertyValueSpecification\",\"valueRequired\":true,\"valueName\":\"search_term_string\"}}],\"inLanguage\":\"es\"},{\"@type\":\"Organization\",\"@id\":\"https:\\\/\\\/costablancaup.com\\\/es\\\/#organization\",\"name\":\"Costa Blanca Up\",\"url\":\"https:\\\/\\\/costablancaup.com\\\/es\\\/\",\"logo\":{\"@type\":\"ImageObject\",\"inLanguage\":\"es\",\"@id\":\"https:\\\/\\\/costablancaup.com\\\/es\\\/#\\\/schema\\\/logo\\\/image\\\/\",\"url\":\"https:\\\/\\\/costablancaup.com\\\/wp-content\\\/uploads\\\/2018\\\/07\\\/titulo_web-1.png\",\"contentUrl\":\"https:\\\/\\\/costablancaup.com\\\/wp-content\\\/uploads\\\/2018\\\/07\\\/titulo_web-1.png\",\"width\":1973,\"height\":303,\"caption\":\"Costa Blanca Up\"},\"image\":{\"@id\":\"https:\\\/\\\/costablancaup.com\\\/es\\\/#\\\/schema\\\/logo\\\/image\\\/\"}}]}<\/script>\n<!-- \/ Yoast SEO plugin. -->","yoast_head_json":{"title":"\"Feria de muestras de Villena 2019\" - COSTA BLANCA UP","robots":{"index":"index","follow":"follow","max-snippet":"max-snippet:-1","max-image-preview":"max-image-preview:large","max-video-preview":"max-video-preview:-1"},"canonical":"https:\/\/costablancaup.com\/es\/class\/feria-de-muestras-de-villena-2019\/","og_locale":"es_ES","og_type":"article","og_title":"\"Feria de muestras de Villena 2019\" - COSTA BLANCA UP","og_description":"La feria tendr\u00e1 lugar del 27 al 29 de septiembre en el Recinto Ferial de Villena. Se trata de un espacio experiencial, que funciona como un escaparate de todo el potencial del comercio, la agricultura, el motor, la promoci\u00f3n, el ocio y el turismo de Villena y de otras poblaciones de la comarca. A trav\u00e9s de expositores, degustaciones, charlas, m\u00fasica, exhibiciones, actividades y talleres se mostrar\u00e1 al p\u00fablico los productos y servicios que ofrecen las instituciones, empresas y asociaciones locales y comarcales. Programa Ver el programa de actividades &nbsp; Localizaci\u00f3n","og_url":"https:\/\/costablancaup.com\/es\/class\/feria-de-muestras-de-villena-2019\/","og_site_name":"COSTA BLANCA UP","twitter_card":"summary_large_image","schema":{"@context":"https:\/\/schema.org","@graph":[{"@type":"WebPage","@id":"https:\/\/costablancaup.com\/es\/class\/feria-de-muestras-de-villena-2019\/","url":"https:\/\/costablancaup.com\/es\/class\/feria-de-muestras-de-villena-2019\/","name":"\"Feria de muestras de Villena 2019\" - COSTA BLANCA UP","isPartOf":{"@id":"https:\/\/costablancaup.com\/es\/#website"},"datePublished":"2019-09-17T16:07:42+00:00","breadcrumb":{"@id":"https:\/\/costablancaup.com\/es\/class\/feria-de-muestras-de-villena-2019\/#breadcrumb"},"inLanguage":"es","potentialAction":[{"@type":"ReadAction","target":["https:\/\/costablancaup.com\/es\/class\/feria-de-muestras-de-villena-2019\/"]}]},{"@type":"BreadcrumbList","@id":"https:\/\/costablancaup.com\/es\/class\/feria-de-muestras-de-villena-2019\/#breadcrumb","itemListElement":[{"@type":"ListItem","position":1,"name":"Home","item":"https:\/\/costablancaup.com\/es\/"},{"@type":"ListItem","position":2,"name":"&#171;Feria de muestras de Villena 2019&#187;"}]},{"@type":"WebSite","@id":"https:\/\/costablancaup.com\/es\/#website","url":"https:\/\/costablancaup.com\/es\/","name":"COSTA BLANCA UP","description":"Costa Blanca Events and Agenda","publisher":{"@id":"https:\/\/costablancaup.com\/es\/#organization"},"potentialAction":[{"@type":"SearchAction","target":{"@type":"EntryPoint","urlTemplate":"https:\/\/costablancaup.com\/es\/?s={search_term_string}"},"query-input":{"@type":"PropertyValueSpecification","valueRequired":true,"valueName":"search_term_string"}}],"inLanguage":"es"},{"@type":"Organization","@id":"https:\/\/costablancaup.com\/es\/#organization","name":"Costa Blanca Up","url":"https:\/\/costablancaup.com\/es\/","logo":{"@type":"ImageObject","inLanguage":"es","@id":"https:\/\/costablancaup.com\/es\/#\/schema\/logo\/image\/","url":"https:\/\/costablancaup.com\/wp-content\/uploads\/2018\/07\/titulo_web-1.png","contentUrl":"https:\/\/costablancaup.com\/wp-content\/uploads\/2018\/07\/titulo_web-1.png","width":1973,"height":303,"caption":"Costa Blanca Up"},"image":{"@id":"https:\/\/costablancaup.com\/es\/#\/schema\/logo\/image\/"}}]}},"_links":{"self":[{"href":"https:\/\/costablancaup.com\/es\/wp-json\/wp\/v2\/class\/34311","targetHints":{"allow":["GET"]}}],"collection":[{"href":"https:\/\/costablancaup.com\/es\/wp-json\/wp\/v2\/class"}],"about":[{"href":"https:\/\/costablancaup.com\/es\/wp-json\/wp\/v2\/types\/class"}],"wp:attachment":[{"href":"https:\/\/costablancaup.com\/es\/wp-json\/wp\/v2\/media?parent=34311"}],"wp:term":[{"taxonomy":"wcs-type","embeddable":true,"href":"https:\/\/costablancaup.com\/es\/wp-json\/wp\/v2\/wcs-type?post=34311"},{"taxonomy":"wcs-room","embeddable":true,"href":"https:\/\/costablancaup.com\/es\/wp-json\/wp\/v2\/wcs-room?post=34311"},{"taxonomy":"wcs-instructor","embeddable":true,"href":"https:\/\/costablancaup.com\/es\/wp-json\/wp\/v2\/wcs-instructor?post=34311"}],"curies":[{"name":"wp","href":"https:\/\/api.w.org\/{rel}","templated":true}]}}

<h2>La feria tendrá lugar del 27 al 29 de septiembre en el Recinto Ferial de Villena.</h2>
<p>Se trata de un espacio experiencial, que funciona como un escaparate de todo el potencial del comercio, la agricultura, el motor, la promoción, el ocio y el turismo de Villena y de otras poblaciones de la comarca.</p>
<p>A través de expositores, degustaciones, charlas, música, exhibiciones, actividades y talleres se mostrará al público los productos y servicios que ofrecen las instituciones, empresas y asociaciones locales y comarcales.</p>
<h3>Programa</h3>
<ul>
<li><a target="_blank" href="http://www.muestravillena.villena.es/actividades/" rel="noopener noreferrer">Ver el programa de actividades</a></li>
</ul>
<p>&nbsp;</p>
<h3>Localización</h3>

            
            
            
            <a name='map237'></a>
            
            
            
            
            <div class="wpgmza_map "  id="wpgmza_map_237" style="display:block; overflow:auto; width:100%; height:400px; float:left;" data-settings='{"id":"237","map_title":"Recinto Ferial (Villena)","map_width":"100","map_height":"400","map_start_lat":"38.635513","map_start_lng":"-0.864004","map_start_location":"38.63551321032647,-0.8640042656319324","map_start_zoom":"15","default_marker":"0","type":"1","alignment":"1","directions_enabled":"0","styling_enabled":"0","styling_json":"","active":"0","kml":"","bicycle":"0","traffic":"0","dbox":"1","dbox_width":"100","listmarkers":"0","listmarkers_advanced":"0","filterbycat":"0","ugm_enabled":"0","ugm_category_enabled":"0","fusion":"","map_width_type":"\\%","map_height_type":"px","mass_marker_support":"0","ugm_access":"0","order_markers_by":"1","order_markers_choice":"2","show_user_location":"2","default_to":"","other_settings":{"store_locator_style":"legacy","wpgmza_store_locator_radius_style":"legacy","directions_box_style":"modern","wpgmza_dbox_width_type":"%","map_max_zoom":"3","map_min_zoom":"21","sl_stroke_color":"","sl_stroke_opacity":"","sl_fill_color":"","sl_fill_opacity":"","automatically_pan_to_users_location":0,"click_open_link":2,"hide_point_of_interest":false,"wpgmza_auto_night":0,"transport_layer":0,"iw_primary_color":"2A3744","iw_accent_color":"252F3A","iw_text_color":"FFFFFF","wpgmza_iw_type":"0","list_markers_by":"0","push_in_map":"","push_in_map_placement":"9","wpgmza_push_in_map_width":"","wpgmza_push_in_map_height":"","wpgmza_theme_data":"","upload_default_ul_marker":"","upload_default_sl_marker":"","shortcodeAttributes":{"id":"237"}}}' data-map-id='237' data-shortcode-attributes='{"id":"237"}'> </div>

<p>La feria tendrá lugar del 27 al 29 de septiembre en el Recinto Ferial de Villena. Se trata de un espacio experiencial, que funciona como un escaparate de todo el potencial del comercio, la agricultura, el motor, la promoción, el ocio y el turismo de Villena y de otras poblaciones de la comarca. A través de expositores, degustaciones, charlas, música, exhibiciones, actividades y talleres se mostrará al público los productos y servicios que ofrecen las instituciones, empresas y asociaciones locales y comarcales. Programa Ver el programa de actividades &nbsp; Localización</p>

<!-- This site is optimized with the Yoast SEO plugin v27.4 - https://yoast.com/product/yoast-seo-wordpress/ -->
<title>&quot;Feria de muestras de Villena 2019&quot; - COSTA BLANCA UP</title>
<meta name="robots" content="index, follow, max-snippet:-1, max-image-preview:large, max-video-preview:-1" />
<link rel="canonical" href="https://costablancaup.com/es/class/feria-de-muestras-de-villena-2019/" />
<meta property="og:locale" content="es_ES" />
<meta property="og:type" content="article" />
<meta property="og:title" content="&quot;Feria de muestras de Villena 2019&quot; - COSTA BLANCA UP" />
<meta property="og:description" content="La feria tendrá lugar del 27 al 29 de septiembre en el Recinto Ferial de Villena. Se trata de un espacio experiencial, que funciona como un escaparate de todo el potencial del comercio, la agricultura, el motor, la promoción, el ocio y el turismo de Villena y de otras poblaciones de la comarca. A través de expositores, degustaciones, charlas, música, exhibiciones, actividades y talleres se mostrará al público los productos y servicios que ofrecen las instituciones, empresas y asociaciones locales y comarcales. Programa Ver el programa de actividades &nbsp; Localización" />
<meta property="og:url" content="https://costablancaup.com/es/class/feria-de-muestras-de-villena-2019/" />
<meta property="og:site_name" content="COSTA BLANCA UP" />
<meta name="twitter:card" content="summary_large_image" />
<script type="application/ld+json" class="yoast-schema-graph">{"@context":"https:\/\/schema.org","@graph":[{"@type":"WebPage","@id":"https:\/\/costablancaup.com\/es\/class\/feria-de-muestras-de-villena-2019\/","url":"https:\/\/costablancaup.com\/es\/class\/feria-de-muestras-de-villena-2019\/","name":"\"Feria de muestras de Villena 2019\" - COSTA BLANCA UP","isPartOf":{"@id":"https:\/\/costablancaup.com\/es\/#website"},"datePublished":"2019-09-17T16:07:42+00:00","breadcrumb":{"@id":"https:\/\/costablancaup.com\/es\/class\/feria-de-muestras-de-villena-2019\/#breadcrumb"},"inLanguage":"es","potentialAction":[{"@type":"ReadAction","target":["https:\/\/costablancaup.com\/es\/class\/feria-de-muestras-de-villena-2019\/"]}]},{"@type":"BreadcrumbList","@id":"https:\/\/costablancaup.com\/es\/class\/feria-de-muestras-de-villena-2019\/#breadcrumb","itemListElement":[{"@type":"ListItem","position":1,"name":"Home","item":"https:\/\/costablancaup.com\/es\/"},{"@type":"ListItem","position":2,"name":"&#171;Feria de muestras de Villena 2019&#187;"}]},{"@type":"WebSite","@id":"https:\/\/costablancaup.com\/es\/#website","url":"https:\/\/costablancaup.com\/es\/","name":"COSTA BLANCA UP","description":"Costa Blanca Events and Agenda","publisher":{"@id":"https:\/\/costablancaup.com\/es\/#organization"},"potentialAction":[{"@type":"SearchAction","target":{"@type":"EntryPoint","urlTemplate":"https:\/\/costablancaup.com\/es\/?s={search_term_string}"},"query-input":{"@type":"PropertyValueSpecification","valueRequired":true,"valueName":"search_term_string"}}],"inLanguage":"es"},{"@type":"Organization","@id":"https:\/\/costablancaup.com\/es\/#organization","name":"Costa Blanca Up","url":"https:\/\/costablancaup.com\/es\/","logo":{"@type":"ImageObject","inLanguage":"es","@id":"https:\/\/costablancaup.com\/es\/#\/schema\/logo\/image\/","url":"https:\/\/costablancaup.com\/wp-content\/uploads\/2018\/07\/titulo_web-1.png","contentUrl":"https:\/\/costablancaup.com\/wp-content\/uploads\/2018\/07\/titulo_web-1.png","width":1973,"height":303,"caption":"Costa Blanca Up"},"image":{"@id":"https:\/\/costablancaup.com\/es\/#\/schema\/logo\/image\/"}}]}</script>
<!-- / Yoast SEO plugin. -->

La feria tendrá lugar del 27 al 29 de septiembre en el Recinto Ferial de Villena. Se trata de un espacio experiencial, que funciona como un escaparate de todo el potencial del comercio, la agricultura, el motor, la promoción, el ocio y el turismo de Villena y de otras poblaciones de la comarca. A través de expositores, degustaciones, charlas, música, exhibiciones, actividades y talleres se mostrará al público los productos y servicios que ofrecen las instituciones, empresas y asociaciones locales y comarcales. Programa Ver el programa de actividades &nbsp; Localización
