{"id":41218,"date":"2020-02-03T15:45:43","date_gmt":"2020-02-03T14:45:43","guid":{"rendered":"https:\/\/costablancaup.com\/class\/petrer-se-viste-de-luna-5-2\/"},"modified":"2020-02-03T15:46:08","modified_gmt":"2020-02-03T14:46:08","slug":"petrer-se-viste-de-luna-6","status":"publish","type":"class","link":"https:\/\/costablancaup.com\/es\/class\/petrer-se-viste-de-luna-6\/","title":{"rendered":"\u00abPetrer se viste de luna\u00bb"},"content":{"rendered":"<h2>La iniciativa consiste en una serie de visitas nocturnas teatralizadas a la luz de la luna llena para conocer el casco antiguo de Petrer.<\/h2>\n<p>Las visitas se desarrollar\u00e1n los s\u00e1bados m\u00e1s cercanos a la luna llena a las 22:00 horas, recorriendo el centro hist\u00f3rico de la localidad y sus monumentos m\u00e1s emblem\u00e1ticos.<\/p>\n<p>Durante el recorrido algunos personajes nos contar\u00e1n sus vivencias y experiencias con las que dar\u00e1n a conocer diferentes momentos hist\u00f3ricos de Petrer.<\/p>\n<p>Las visitas, gratuitas y recomendadas para toda la familia, tendr\u00e1n una duraci\u00f3n de una hora y media. Para participar en ellas es necesario reservar en la <em>Oficina de Turismo de Petrer<\/em> o bien mandando un mensaje a trav\u00e9s de sus redes sociales: <a target=\"_blank\" href=\"https:\/\/www.facebook.com\/TurismoPetrer\/\" rel=\"noopener noreferrer\">facebook<\/a> o <a target=\"_blank\" href=\"https:\/\/www.instagram.com\/turismopetrer\/\" rel=\"noopener noreferrer\">instagram<\/a>.<\/p>\n<h3>Calendario<\/h3>\n<ul>\n<li>S\u00e1bado 11 de enero.<\/li>\n<li>S\u00e1bado 8 de febrero.<\/li>\n<li>S\u00e1bado 7 de marzo.<\/li>\n<li>S\u00e1bado 4 de abril.<\/li>\n<li>S\u00e1bado 9 de mayo.<\/li>\n<li>S\u00e1bado 6 de junio.<\/li>\n<li>S\u00e1bado 4 de julio.<\/li>\n<li>S\u00e1bado 1 de agosto.<\/li>\n<li>S\u00e1bado 5 de septiembre.<\/li>\n<li>S\u00e1bado 3 de octubre.<\/li>\n<li>S\u00e1bado 28 de noviembre.<\/li>\n<li>S\u00e1bado 26 de diciembre.<\/li>\n<\/ul>\n<h3>Localizaci\u00f3n<\/h3>\n\r\n            \r\n            \r\n            \r\n            <a name='map297'><\/a>\r\n            \r\n            \r\n            \r\n            \r\n            <div class=\"wpgmza_map \"  id=\"wpgmza_map_297\" style=\"display:block; overflow:auto; width:100%; height:400px; float:left;\" data-settings='{\"id\":\"297\",\"map_title\":\"Oficina de Turismo de Petrer\",\"map_width\":\"100\",\"map_height\":\"400\",\"map_start_lat\":\"38.485301\",\"map_start_lng\":\"-0.770017\",\"map_start_location\":\"38.48530076316042,-0.7700169194355411\",\"map_start_zoom\":\"17\",\"default_marker\":\"0\",\"type\":\"1\",\"alignment\":\"1\",\"directions_enabled\":\"0\",\"styling_enabled\":\"0\",\"styling_json\":\"\",\"active\":\"0\",\"kml\":\"\",\"bicycle\":\"0\",\"traffic\":\"0\",\"dbox\":\"1\",\"dbox_width\":\"100\",\"listmarkers\":\"0\",\"listmarkers_advanced\":\"0\",\"filterbycat\":\"0\",\"ugm_enabled\":\"0\",\"ugm_category_enabled\":\"0\",\"fusion\":\"\",\"map_width_type\":\"\\\\%\",\"map_height_type\":\"px\",\"mass_marker_support\":\"0\",\"ugm_access\":\"0\",\"order_markers_by\":\"1\",\"order_markers_choice\":\"2\",\"show_user_location\":\"2\",\"default_to\":\"\",\"other_settings\":{\"store_locator_style\":\"legacy\",\"wpgmza_store_locator_radius_style\":\"legacy\",\"directions_box_style\":\"modern\",\"wpgmza_dbox_width_type\":\"%\",\"map_max_zoom\":\"3\",\"map_min_zoom\":\"21\",\"sl_stroke_color\":\"\",\"sl_stroke_opacity\":\"\",\"sl_fill_color\":\"\",\"sl_fill_opacity\":\"\",\"automatically_pan_to_users_location\":0,\"override_users_location_zoom_level\":0,\"click_open_link\":2,\"hide_point_of_interest\":false,\"wpgmza_auto_night\":0,\"transport_layer\":0,\"iw_primary_color\":\"2A3744\",\"iw_accent_color\":\"252F3A\",\"iw_text_color\":\"FFFFFF\",\"wpgmza_iw_type\":\"0\",\"list_markers_by\":\"0\",\"push_in_map\":\"\",\"push_in_map_placement\":\"9\",\"wpgmza_push_in_map_width\":\"\",\"wpgmza_push_in_map_height\":\"\",\"wpgmza_theme_data\":\"\",\"upload_default_ul_marker\":\"\",\"upload_default_sl_marker\":\"\",\"shortcodeAttributes\":{\"id\":\"297\"}}}' data-map-id='297' data-shortcode-attributes='{\"id\":\"297\"}'> <\/div>\r\n            \r\n               \r\n        \n","protected":false},"excerpt":{"rendered":"<p>La iniciativa consiste en una serie de visitas nocturnas teatralizadas a la luz de la luna llena para conocer el casco antiguo de Petrer. Las visitas se desarrollar\u00e1n los s\u00e1bados m\u00e1s cercanos a la luna llena a las 22:00 horas, recorriendo el centro hist\u00f3rico de la localidad y sus monumentos m\u00e1s emblem\u00e1ticos. Durante el recorrido algunos personajes nos contar\u00e1n sus vivencias y experiencias con las que dar\u00e1n a conocer diferentes momentos hist\u00f3ricos de Petrer. Las visitas, gratuitas y recomendadas para toda la familia, tendr\u00e1n una duraci\u00f3n de una hora y media. Para participar en ellas es necesario reservar en la [&hellip;]<\/p>\n","protected":false},"template":"","meta":[],"wcs-type":[5383],"wcs-room":[5849],"wcs-instructor":[],"class_list":["post-41218","class","type-class","status-publish","hentry","wcs-type-visitas","wcs-room-casco-historico-petrer"],"yoast_head":"<!-- This site is optimized with the Yoast SEO plugin v27.4 - https:\/\/yoast.com\/product\/yoast-seo-wordpress\/ -->\n<title>&quot;Petrer se viste de luna&quot; - COSTA BLANCA UP<\/title>\n<meta name=\"robots\" content=\"index, follow, max-snippet:-1, max-image-preview:large, max-video-preview:-1\" \/>\n<link rel=\"canonical\" href=\"https:\/\/costablancaup.com\/es\/class\/petrer-se-viste-de-luna-6\/\" \/>\n<meta property=\"og:locale\" content=\"es_ES\" \/>\n<meta property=\"og:type\" content=\"article\" \/>\n<meta property=\"og:title\" content=\"&quot;Petrer se viste de luna&quot; - COSTA BLANCA UP\" \/>\n<meta property=\"og:description\" content=\"La iniciativa consiste en una serie de visitas nocturnas teatralizadas a la luz de la luna llena para conocer el casco antiguo de Petrer. Las visitas se desarrollar\u00e1n los s\u00e1bados m\u00e1s cercanos a la luna llena a las 22:00 horas, recorriendo el centro hist\u00f3rico de la localidad y sus monumentos m\u00e1s emblem\u00e1ticos. Durante el recorrido algunos personajes nos contar\u00e1n sus vivencias y experiencias con las que dar\u00e1n a conocer diferentes momentos hist\u00f3ricos de Petrer. Las visitas, gratuitas y recomendadas para toda la familia, tendr\u00e1n una duraci\u00f3n de una hora y media. Para participar en ellas es necesario reservar en la [&hellip;]\" \/>\n<meta property=\"og:url\" content=\"https:\/\/costablancaup.com\/es\/class\/petrer-se-viste-de-luna-6\/\" \/>\n<meta property=\"og:site_name\" content=\"COSTA BLANCA UP\" \/>\n<meta property=\"article:modified_time\" content=\"2020-02-03T14:46:08+00:00\" \/>\n<meta name=\"twitter:card\" content=\"summary_large_image\" \/>\n<meta name=\"twitter:label1\" content=\"Tiempo de lectura\" \/>\n\t<meta name=\"twitter:data1\" content=\"1 minuto\" \/>\n<script type=\"application\/ld+json\" class=\"yoast-schema-graph\">{\"@context\":\"https:\\\/\\\/schema.org\",\"@graph\":[{\"@type\":\"WebPage\",\"@id\":\"https:\\\/\\\/costablancaup.com\\\/es\\\/class\\\/petrer-se-viste-de-luna-6\\\/\",\"url\":\"https:\\\/\\\/costablancaup.com\\\/es\\\/class\\\/petrer-se-viste-de-luna-6\\\/\",\"name\":\"\\\"Petrer se viste de luna\\\" - COSTA BLANCA UP\",\"isPartOf\":{\"@id\":\"https:\\\/\\\/costablancaup.com\\\/es\\\/#website\"},\"datePublished\":\"2020-02-03T14:45:43+00:00\",\"dateModified\":\"2020-02-03T14:46:08+00:00\",\"breadcrumb\":{\"@id\":\"https:\\\/\\\/costablancaup.com\\\/es\\\/class\\\/petrer-se-viste-de-luna-6\\\/#breadcrumb\"},\"inLanguage\":\"es\",\"potentialAction\":[{\"@type\":\"ReadAction\",\"target\":[\"https:\\\/\\\/costablancaup.com\\\/es\\\/class\\\/petrer-se-viste-de-luna-6\\\/\"]}]},{\"@type\":\"BreadcrumbList\",\"@id\":\"https:\\\/\\\/costablancaup.com\\\/es\\\/class\\\/petrer-se-viste-de-luna-6\\\/#breadcrumb\",\"itemListElement\":[{\"@type\":\"ListItem\",\"position\":1,\"name\":\"Home\",\"item\":\"https:\\\/\\\/costablancaup.com\\\/es\\\/\"},{\"@type\":\"ListItem\",\"position\":2,\"name\":\"\u00abPetrer se viste de luna\u00bb\"}]},{\"@type\":\"WebSite\",\"@id\":\"https:\\\/\\\/costablancaup.com\\\/es\\\/#website\",\"url\":\"https:\\\/\\\/costablancaup.com\\\/es\\\/\",\"name\":\"COSTA BLANCA UP\",\"description\":\"Costa Blanca Events and Agenda\",\"publisher\":{\"@id\":\"https:\\\/\\\/costablancaup.com\\\/es\\\/#organization\"},\"potentialAction\":[{\"@type\":\"SearchAction\",\"target\":{\"@type\":\"EntryPoint\",\"urlTemplate\":\"https:\\\/\\\/costablancaup.com\\\/es\\\/?s={search_term_string}\"},\"query-input\":{\"@type\":\"PropertyValueSpecification\",\"valueRequired\":true,\"valueName\":\"search_term_string\"}}],\"inLanguage\":\"es\"},{\"@type\":\"Organization\",\"@id\":\"https:\\\/\\\/costablancaup.com\\\/es\\\/#organization\",\"name\":\"Costa Blanca Up\",\"url\":\"https:\\\/\\\/costablancaup.com\\\/es\\\/\",\"logo\":{\"@type\":\"ImageObject\",\"inLanguage\":\"es\",\"@id\":\"https:\\\/\\\/costablancaup.com\\\/es\\\/#\\\/schema\\\/logo\\\/image\\\/\",\"url\":\"https:\\\/\\\/costablancaup.com\\\/wp-content\\\/uploads\\\/2018\\\/07\\\/titulo_web-1.png\",\"contentUrl\":\"https:\\\/\\\/costablancaup.com\\\/wp-content\\\/uploads\\\/2018\\\/07\\\/titulo_web-1.png\",\"width\":1973,\"height\":303,\"caption\":\"Costa Blanca Up\"},\"image\":{\"@id\":\"https:\\\/\\\/costablancaup.com\\\/es\\\/#\\\/schema\\\/logo\\\/image\\\/\"}}]}<\/script>\n<!-- \/ Yoast SEO plugin. -->","yoast_head_json":{"title":"\"Petrer se viste de luna\" - COSTA BLANCA UP","robots":{"index":"index","follow":"follow","max-snippet":"max-snippet:-1","max-image-preview":"max-image-preview:large","max-video-preview":"max-video-preview:-1"},"canonical":"https:\/\/costablancaup.com\/es\/class\/petrer-se-viste-de-luna-6\/","og_locale":"es_ES","og_type":"article","og_title":"\"Petrer se viste de luna\" - COSTA BLANCA UP","og_description":"La iniciativa consiste en una serie de visitas nocturnas teatralizadas a la luz de la luna llena para conocer el casco antiguo de Petrer. Las visitas se desarrollar\u00e1n los s\u00e1bados m\u00e1s cercanos a la luna llena a las 22:00 horas, recorriendo el centro hist\u00f3rico de la localidad y sus monumentos m\u00e1s emblem\u00e1ticos. Durante el recorrido algunos personajes nos contar\u00e1n sus vivencias y experiencias con las que dar\u00e1n a conocer diferentes momentos hist\u00f3ricos de Petrer. Las visitas, gratuitas y recomendadas para toda la familia, tendr\u00e1n una duraci\u00f3n de una hora y media. Para participar en ellas es necesario reservar en la [&hellip;]","og_url":"https:\/\/costablancaup.com\/es\/class\/petrer-se-viste-de-luna-6\/","og_site_name":"COSTA BLANCA UP","article_modified_time":"2020-02-03T14:46:08+00:00","twitter_card":"summary_large_image","twitter_misc":{"Tiempo de lectura":"1 minuto"},"schema":{"@context":"https:\/\/schema.org","@graph":[{"@type":"WebPage","@id":"https:\/\/costablancaup.com\/es\/class\/petrer-se-viste-de-luna-6\/","url":"https:\/\/costablancaup.com\/es\/class\/petrer-se-viste-de-luna-6\/","name":"\"Petrer se viste de luna\" - COSTA BLANCA UP","isPartOf":{"@id":"https:\/\/costablancaup.com\/es\/#website"},"datePublished":"2020-02-03T14:45:43+00:00","dateModified":"2020-02-03T14:46:08+00:00","breadcrumb":{"@id":"https:\/\/costablancaup.com\/es\/class\/petrer-se-viste-de-luna-6\/#breadcrumb"},"inLanguage":"es","potentialAction":[{"@type":"ReadAction","target":["https:\/\/costablancaup.com\/es\/class\/petrer-se-viste-de-luna-6\/"]}]},{"@type":"BreadcrumbList","@id":"https:\/\/costablancaup.com\/es\/class\/petrer-se-viste-de-luna-6\/#breadcrumb","itemListElement":[{"@type":"ListItem","position":1,"name":"Home","item":"https:\/\/costablancaup.com\/es\/"},{"@type":"ListItem","position":2,"name":"\u00abPetrer se viste de luna\u00bb"}]},{"@type":"WebSite","@id":"https:\/\/costablancaup.com\/es\/#website","url":"https:\/\/costablancaup.com\/es\/","name":"COSTA BLANCA UP","description":"Costa Blanca Events and Agenda","publisher":{"@id":"https:\/\/costablancaup.com\/es\/#organization"},"potentialAction":[{"@type":"SearchAction","target":{"@type":"EntryPoint","urlTemplate":"https:\/\/costablancaup.com\/es\/?s={search_term_string}"},"query-input":{"@type":"PropertyValueSpecification","valueRequired":true,"valueName":"search_term_string"}}],"inLanguage":"es"},{"@type":"Organization","@id":"https:\/\/costablancaup.com\/es\/#organization","name":"Costa Blanca Up","url":"https:\/\/costablancaup.com\/es\/","logo":{"@type":"ImageObject","inLanguage":"es","@id":"https:\/\/costablancaup.com\/es\/#\/schema\/logo\/image\/","url":"https:\/\/costablancaup.com\/wp-content\/uploads\/2018\/07\/titulo_web-1.png","contentUrl":"https:\/\/costablancaup.com\/wp-content\/uploads\/2018\/07\/titulo_web-1.png","width":1973,"height":303,"caption":"Costa Blanca Up"},"image":{"@id":"https:\/\/costablancaup.com\/es\/#\/schema\/logo\/image\/"}}]}},"_links":{"self":[{"href":"https:\/\/costablancaup.com\/es\/wp-json\/wp\/v2\/class\/41218","targetHints":{"allow":["GET"]}}],"collection":[{"href":"https:\/\/costablancaup.com\/es\/wp-json\/wp\/v2\/class"}],"about":[{"href":"https:\/\/costablancaup.com\/es\/wp-json\/wp\/v2\/types\/class"}],"wp:attachment":[{"href":"https:\/\/costablancaup.com\/es\/wp-json\/wp\/v2\/media?parent=41218"}],"wp:term":[{"taxonomy":"wcs-type","embeddable":true,"href":"https:\/\/costablancaup.com\/es\/wp-json\/wp\/v2\/wcs-type?post=41218"},{"taxonomy":"wcs-room","embeddable":true,"href":"https:\/\/costablancaup.com\/es\/wp-json\/wp\/v2\/wcs-room?post=41218"},{"taxonomy":"wcs-instructor","embeddable":true,"href":"https:\/\/costablancaup.com\/es\/wp-json\/wp\/v2\/wcs-instructor?post=41218"}],"curies":[{"name":"wp","href":"https:\/\/api.w.org\/{rel}","templated":true}]}}

<h2>La iniciativa consiste en una serie de visitas nocturnas teatralizadas a la luz de la luna llena para conocer el casco antiguo de Petrer.</h2>
<p>Las visitas se desarrollarán los sábados más cercanos a la luna llena a las 22:00 horas, recorriendo el centro histórico de la localidad y sus monumentos más emblemáticos.</p>
<p>Durante el recorrido algunos personajes nos contarán sus vivencias y experiencias con las que darán a conocer diferentes momentos históricos de Petrer.</p>
<p>Las visitas, gratuitas y recomendadas para toda la familia, tendrán una duración de una hora y media. Para participar en ellas es necesario reservar en la <em>Oficina de Turismo de Petrer</em> o bien mandando un mensaje a través de sus redes sociales: <a target="_blank" href="https://www.facebook.com/TurismoPetrer/" rel="noopener noreferrer">facebook</a> o <a target="_blank" href="https://www.instagram.com/turismopetrer/" rel="noopener noreferrer">instagram</a>.</p>
<h3>Calendario</h3>
<ul>
<li>Sábado 11 de enero.</li>
<li>Sábado 8 de febrero.</li>
<li>Sábado 7 de marzo.</li>
<li>Sábado 4 de abril.</li>
<li>Sábado 9 de mayo.</li>
<li>Sábado 6 de junio.</li>
<li>Sábado 4 de julio.</li>
<li>Sábado 1 de agosto.</li>
<li>Sábado 5 de septiembre.</li>
<li>Sábado 3 de octubre.</li>
<li>Sábado 28 de noviembre.</li>
<li>Sábado 26 de diciembre.</li>
</ul>
<h3>Localización</h3>

            
            
            
            <a name='map297'></a>
            
            
            
            
            <div class="wpgmza_map "  id="wpgmza_map_297" style="display:block; overflow:auto; width:100%; height:400px; float:left;" data-settings='{"id":"297","map_title":"Oficina de Turismo de Petrer","map_width":"100","map_height":"400","map_start_lat":"38.485301","map_start_lng":"-0.770017","map_start_location":"38.48530076316042,-0.7700169194355411","map_start_zoom":"17","default_marker":"0","type":"1","alignment":"1","directions_enabled":"0","styling_enabled":"0","styling_json":"","active":"0","kml":"","bicycle":"0","traffic":"0","dbox":"1","dbox_width":"100","listmarkers":"0","listmarkers_advanced":"0","filterbycat":"0","ugm_enabled":"0","ugm_category_enabled":"0","fusion":"","map_width_type":"\\%","map_height_type":"px","mass_marker_support":"0","ugm_access":"0","order_markers_by":"1","order_markers_choice":"2","show_user_location":"2","default_to":"","other_settings":{"store_locator_style":"legacy","wpgmza_store_locator_radius_style":"legacy","directions_box_style":"modern","wpgmza_dbox_width_type":"%","map_max_zoom":"3","map_min_zoom":"21","sl_stroke_color":"","sl_stroke_opacity":"","sl_fill_color":"","sl_fill_opacity":"","automatically_pan_to_users_location":0,"override_users_location_zoom_level":0,"click_open_link":2,"hide_point_of_interest":false,"wpgmza_auto_night":0,"transport_layer":0,"iw_primary_color":"2A3744","iw_accent_color":"252F3A","iw_text_color":"FFFFFF","wpgmza_iw_type":"0","list_markers_by":"0","push_in_map":"","push_in_map_placement":"9","wpgmza_push_in_map_width":"","wpgmza_push_in_map_height":"","wpgmza_theme_data":"","upload_default_ul_marker":"","upload_default_sl_marker":"","shortcodeAttributes":{"id":"297"}}}' data-map-id='297' data-shortcode-attributes='{"id":"297"}'> </div>

<p>La iniciativa consiste en una serie de visitas nocturnas teatralizadas a la luz de la luna llena para conocer el casco antiguo de Petrer. Las visitas se desarrollarán los sábados más cercanos a la luna llena a las 22:00 horas, recorriendo el centro histórico de la localidad y sus monumentos más emblemáticos. Durante el recorrido algunos personajes nos contarán sus vivencias y experiencias con las que darán a conocer diferentes momentos históricos de Petrer. Las visitas, gratuitas y recomendadas para toda la familia, tendrán una duración de una hora y media. Para participar en ellas es necesario reservar en la [&hellip;]</p>

<!-- This site is optimized with the Yoast SEO plugin v27.4 - https://yoast.com/product/yoast-seo-wordpress/ -->
<title>&quot;Petrer se viste de luna&quot; - COSTA BLANCA UP</title>
<meta name="robots" content="index, follow, max-snippet:-1, max-image-preview:large, max-video-preview:-1" />
<link rel="canonical" href="https://costablancaup.com/es/class/petrer-se-viste-de-luna-6/" />
<meta property="og:locale" content="es_ES" />
<meta property="og:type" content="article" />
<meta property="og:title" content="&quot;Petrer se viste de luna&quot; - COSTA BLANCA UP" />
<meta property="og:description" content="La iniciativa consiste en una serie de visitas nocturnas teatralizadas a la luz de la luna llena para conocer el casco antiguo de Petrer. Las visitas se desarrollarán los sábados más cercanos a la luna llena a las 22:00 horas, recorriendo el centro histórico de la localidad y sus monumentos más emblemáticos. Durante el recorrido algunos personajes nos contarán sus vivencias y experiencias con las que darán a conocer diferentes momentos históricos de Petrer. Las visitas, gratuitas y recomendadas para toda la familia, tendrán una duración de una hora y media. Para participar en ellas es necesario reservar en la [&hellip;]" />
<meta property="og:url" content="https://costablancaup.com/es/class/petrer-se-viste-de-luna-6/" />
<meta property="og:site_name" content="COSTA BLANCA UP" />
<meta property="article:modified_time" content="2020-02-03T14:46:08+00:00" />
<meta name="twitter:card" content="summary_large_image" />
<meta name="twitter:label1" content="Tiempo de lectura" />
	<meta name="twitter:data1" content="1 minuto" />
<script type="application/ld+json" class="yoast-schema-graph">{"@context":"https:\/\/schema.org","@graph":[{"@type":"WebPage","@id":"https:\/\/costablancaup.com\/es\/class\/petrer-se-viste-de-luna-6\/","url":"https:\/\/costablancaup.com\/es\/class\/petrer-se-viste-de-luna-6\/","name":"\"Petrer se viste de luna\" - COSTA BLANCA UP","isPartOf":{"@id":"https:\/\/costablancaup.com\/es\/#website"},"datePublished":"2020-02-03T14:45:43+00:00","dateModified":"2020-02-03T14:46:08+00:00","breadcrumb":{"@id":"https:\/\/costablancaup.com\/es\/class\/petrer-se-viste-de-luna-6\/#breadcrumb"},"inLanguage":"es","potentialAction":[{"@type":"ReadAction","target":["https:\/\/costablancaup.com\/es\/class\/petrer-se-viste-de-luna-6\/"]}]},{"@type":"BreadcrumbList","@id":"https:\/\/costablancaup.com\/es\/class\/petrer-se-viste-de-luna-6\/#breadcrumb","itemListElement":[{"@type":"ListItem","position":1,"name":"Home","item":"https:\/\/costablancaup.com\/es\/"},{"@type":"ListItem","position":2,"name":"«Petrer se viste de luna»"}]},{"@type":"WebSite","@id":"https:\/\/costablancaup.com\/es\/#website","url":"https:\/\/costablancaup.com\/es\/","name":"COSTA BLANCA UP","description":"Costa Blanca Events and Agenda","publisher":{"@id":"https:\/\/costablancaup.com\/es\/#organization"},"potentialAction":[{"@type":"SearchAction","target":{"@type":"EntryPoint","urlTemplate":"https:\/\/costablancaup.com\/es\/?s={search_term_string}"},"query-input":{"@type":"PropertyValueSpecification","valueRequired":true,"valueName":"search_term_string"}}],"inLanguage":"es"},{"@type":"Organization","@id":"https:\/\/costablancaup.com\/es\/#organization","name":"Costa Blanca Up","url":"https:\/\/costablancaup.com\/es\/","logo":{"@type":"ImageObject","inLanguage":"es","@id":"https:\/\/costablancaup.com\/es\/#\/schema\/logo\/image\/","url":"https:\/\/costablancaup.com\/wp-content\/uploads\/2018\/07\/titulo_web-1.png","contentUrl":"https:\/\/costablancaup.com\/wp-content\/uploads\/2018\/07\/titulo_web-1.png","width":1973,"height":303,"caption":"Costa Blanca Up"},"image":{"@id":"https:\/\/costablancaup.com\/es\/#\/schema\/logo\/image\/"}}]}</script>
<!-- / Yoast SEO plugin. -->

La iniciativa consiste en una serie de visitas nocturnas teatralizadas a la luz de la luna llena para conocer el casco antiguo de Petrer. Las visitas se desarrollarán los sábados más cercanos a la luna llena a las 22:00 horas, recorriendo el centro histórico de la localidad y sus monumentos más emblemáticos. Durante el recorrido algunos personajes nos contarán sus vivencias y experiencias con las que darán a conocer diferentes momentos históricos de Petrer. Las visitas, gratuitas y recomendadas para toda la familia, tendrán una duración de una hora y media. Para participar en ellas es necesario reservar en la [&hellip;]
