{"id":41323,"date":"2020-02-05T09:36:11","date_gmt":"2020-02-05T08:36:11","guid":{"rendered":"https:\/\/costablancaup.com\/?post_type=class&#038;p=41323"},"modified":"2020-02-05T09:36:11","modified_gmt":"2020-02-05T08:36:11","slug":"exposicion-del-ninot-en-valencia","status":"publish","type":"class","link":"https:\/\/costablancaup.com\/es\/class\/exposicion-del-ninot-en-valencia\/","title":{"rendered":"\u00abExposici\u00f3n del Ninot\u00bb en Valencia"},"content":{"rendered":"<h2>Desde el 1 de febrero al 14 de marzo estar\u00e1 abierta esta tradicional exposici\u00f3n fallera en la <em>Ciudad de las Artes y las Ciencias<\/em> de Valencia.<\/h2>\n<p>La muestra est\u00e1 compuesta por m\u00e1s de 700 \u00abninots\u00bb, figuras de cart\u00f3n que adornar\u00e1n los monumentos de las Fallas de Valencia. <\/p>\n<p>Las figuras seleccionadas por cada comisi\u00f3n fallera, participar\u00e1n en una votaci\u00f3n popular que elegir\u00e1 a los \u00abninots indultats\u00bb, que ser\u00e1n aquellos que se salvar\u00e1n de quemarse en las \u00abFallas\u00bb y pasar\u00e1n a formar parte del <em>Museo Fallero<\/em> de Valencia.<\/p>\n<h3>Horarios<\/h3>\n<ul>\n<li>De lunes a jueves: de 10:00 a 20:00 horas.<\/li>\n<li>De viernes a domingo: de 10:00 a 21:00 horas.<\/li>\n<\/ul>\n<h3>Localizaci\u00f3n<\/h3>\n\r\n            \r\n            \r\n            \r\n            <a name='map29'><\/a>\r\n            \r\n            \r\n            \r\n            \r\n            <div class=\"wpgmza_map \"  id=\"wpgmza_map_29\" style=\"display:block; overflow:auto; width:100%; height:400px; float:left;\" data-settings='{\"id\":\"29\",\"map_title\":\"Ciudad de las Artes y las Ciencias (Valencia)\",\"map_width\":\"100\",\"map_height\":\"400\",\"map_start_lat\":\"39.460055\",\"map_start_lng\":\"-0.341446\",\"map_start_location\":\"39.46005459909215,-0.3414464702147946\",\"map_start_zoom\":\"14\",\"default_marker\":\"0\",\"type\":\"1\",\"alignment\":\"1\",\"directions_enabled\":\"0\",\"styling_enabled\":\"0\",\"styling_json\":\"\",\"active\":\"0\",\"kml\":\"\",\"bicycle\":\"0\",\"traffic\":\"0\",\"dbox\":\"1\",\"dbox_width\":\"100\",\"listmarkers\":\"0\",\"listmarkers_advanced\":\"0\",\"filterbycat\":\"0\",\"ugm_enabled\":\"0\",\"ugm_category_enabled\":\"0\",\"fusion\":\"\",\"map_width_type\":\"\\\\%\",\"map_height_type\":\"px\",\"mass_marker_support\":\"0\",\"ugm_access\":\"0\",\"order_markers_by\":\"1\",\"order_markers_choice\":\"2\",\"show_user_location\":\"2\",\"default_to\":\"\",\"other_settings\":{\"wpgmza_store_locator_restrict\":\"\",\"wpgmza_sl_animation\":\"1\",\"store_locator_query_string\":\"ZIP \\\/ Address:\",\"store_locator_name_string\":\"Title \\\/ Description:\",\"store_locator_default_address\":\"\",\"wpgmza_dbox_width_type\":\"%\",\"map_max_zoom\":\"3\",\"map_min_zoom\":\"21\",\"sl_stroke_color\":\"FF0000\",\"sl_stroke_opacity\":\"0.25\",\"sl_fill_color\":\"FF0000\",\"sl_fill_opacity\":\"0.15\",\"click_open_link\":2,\"transport_layer\":0,\"iw_primary_color\":\"2A3744\",\"iw_accent_color\":\"252F3A\",\"iw_text_color\":\"FFFFFF\",\"wpgmza_iw_type\":\"0\",\"list_markers_by\":\"0\",\"push_in_map\":\"\",\"push_in_map_placement\":\"9\",\"wpgmza_push_in_map_width\":\"\",\"wpgmza_push_in_map_height\":\"\",\"wpgmza_theme_data\":\"\",\"upload_default_ul_marker\":\"\",\"upload_default_sl_marker\":\"\",\"shortcodeAttributes\":{\"id\":\"29\"}}}' data-map-id='29' data-shortcode-attributes='{\"id\":\"29\"}'> <\/div>\r\n            \r\n               \r\n        \n","protected":false},"excerpt":{"rendered":"<p>Desde el 1 de febrero al 14 de marzo estar\u00e1 abierta esta tradicional exposici\u00f3n fallera en la Ciudad de las Artes y las Ciencias de Valencia. La muestra est\u00e1 compuesta por m\u00e1s de 700 \u00abninots\u00bb, figuras de cart\u00f3n que adornar\u00e1n los monumentos de las Fallas de Valencia. Las figuras seleccionadas por cada comisi\u00f3n fallera, participar\u00e1n en una votaci\u00f3n popular que elegir\u00e1 a los \u00abninots indultats\u00bb, que ser\u00e1n aquellos que se salvar\u00e1n de quemarse en las \u00abFallas\u00bb y pasar\u00e1n a formar parte del Museo Fallero de Valencia. Horarios De lunes a jueves: de 10:00 a 20:00 horas. De viernes a domingo: [&hellip;]<\/p>\n","protected":false},"template":"","meta":[],"wcs-type":[5080],"wcs-room":[6036],"wcs-instructor":[],"class_list":["post-41323","class","type-class","status-publish","hentry","wcs-type-exposiciones","wcs-room-ciudad-de-las-artes-y-las-ciencias-valencia"],"yoast_head":"<!-- This site is optimized with the Yoast SEO plugin v27.4 - https:\/\/yoast.com\/product\/yoast-seo-wordpress\/ -->\n<title>&quot;Exposici\u00f3n del Ninot&quot; en Valencia - COSTA BLANCA UP<\/title>\n<meta name=\"robots\" content=\"index, follow, max-snippet:-1, max-image-preview:large, max-video-preview:-1\" \/>\n<link rel=\"canonical\" href=\"https:\/\/costablancaup.com\/es\/class\/exposicion-del-ninot-en-valencia\/\" \/>\n<meta property=\"og:locale\" content=\"es_ES\" \/>\n<meta property=\"og:type\" content=\"article\" \/>\n<meta property=\"og:title\" content=\"&quot;Exposici\u00f3n del Ninot&quot; en Valencia - COSTA BLANCA UP\" \/>\n<meta property=\"og:description\" content=\"Desde el 1 de febrero al 14 de marzo estar\u00e1 abierta esta tradicional exposici\u00f3n fallera en la Ciudad de las Artes y las Ciencias de Valencia. La muestra est\u00e1 compuesta por m\u00e1s de 700 \u00abninots\u00bb, figuras de cart\u00f3n que adornar\u00e1n los monumentos de las Fallas de Valencia. Las figuras seleccionadas por cada comisi\u00f3n fallera, participar\u00e1n en una votaci\u00f3n popular que elegir\u00e1 a los \u00abninots indultats\u00bb, que ser\u00e1n aquellos que se salvar\u00e1n de quemarse en las \u00abFallas\u00bb y pasar\u00e1n a formar parte del Museo Fallero de Valencia. Horarios De lunes a jueves: de 10:00 a 20:00 horas. De viernes a domingo: [&hellip;]\" \/>\n<meta property=\"og:url\" content=\"https:\/\/costablancaup.com\/es\/class\/exposicion-del-ninot-en-valencia\/\" \/>\n<meta property=\"og:site_name\" content=\"COSTA BLANCA UP\" \/>\n<meta name=\"twitter:card\" content=\"summary_large_image\" \/>\n<meta name=\"twitter:label1\" content=\"Tiempo de lectura\" \/>\n\t<meta name=\"twitter:data1\" content=\"1 minuto\" \/>\n<script type=\"application\/ld+json\" class=\"yoast-schema-graph\">{\"@context\":\"https:\\\/\\\/schema.org\",\"@graph\":[{\"@type\":\"WebPage\",\"@id\":\"https:\\\/\\\/costablancaup.com\\\/es\\\/class\\\/exposicion-del-ninot-en-valencia\\\/\",\"url\":\"https:\\\/\\\/costablancaup.com\\\/es\\\/class\\\/exposicion-del-ninot-en-valencia\\\/\",\"name\":\"\\\"Exposici\u00f3n del Ninot\\\" en Valencia - COSTA BLANCA UP\",\"isPartOf\":{\"@id\":\"https:\\\/\\\/costablancaup.com\\\/es\\\/#website\"},\"datePublished\":\"2020-02-05T08:36:11+00:00\",\"breadcrumb\":{\"@id\":\"https:\\\/\\\/costablancaup.com\\\/es\\\/class\\\/exposicion-del-ninot-en-valencia\\\/#breadcrumb\"},\"inLanguage\":\"es\",\"potentialAction\":[{\"@type\":\"ReadAction\",\"target\":[\"https:\\\/\\\/costablancaup.com\\\/es\\\/class\\\/exposicion-del-ninot-en-valencia\\\/\"]}]},{\"@type\":\"BreadcrumbList\",\"@id\":\"https:\\\/\\\/costablancaup.com\\\/es\\\/class\\\/exposicion-del-ninot-en-valencia\\\/#breadcrumb\",\"itemListElement\":[{\"@type\":\"ListItem\",\"position\":1,\"name\":\"Home\",\"item\":\"https:\\\/\\\/costablancaup.com\\\/es\\\/\"},{\"@type\":\"ListItem\",\"position\":2,\"name\":\"\u00abExposici\u00f3n del Ninot\u00bb en Valencia\"}]},{\"@type\":\"WebSite\",\"@id\":\"https:\\\/\\\/costablancaup.com\\\/es\\\/#website\",\"url\":\"https:\\\/\\\/costablancaup.com\\\/es\\\/\",\"name\":\"COSTA BLANCA UP\",\"description\":\"Costa Blanca Events and Agenda\",\"publisher\":{\"@id\":\"https:\\\/\\\/costablancaup.com\\\/es\\\/#organization\"},\"potentialAction\":[{\"@type\":\"SearchAction\",\"target\":{\"@type\":\"EntryPoint\",\"urlTemplate\":\"https:\\\/\\\/costablancaup.com\\\/es\\\/?s={search_term_string}\"},\"query-input\":{\"@type\":\"PropertyValueSpecification\",\"valueRequired\":true,\"valueName\":\"search_term_string\"}}],\"inLanguage\":\"es\"},{\"@type\":\"Organization\",\"@id\":\"https:\\\/\\\/costablancaup.com\\\/es\\\/#organization\",\"name\":\"Costa Blanca Up\",\"url\":\"https:\\\/\\\/costablancaup.com\\\/es\\\/\",\"logo\":{\"@type\":\"ImageObject\",\"inLanguage\":\"es\",\"@id\":\"https:\\\/\\\/costablancaup.com\\\/es\\\/#\\\/schema\\\/logo\\\/image\\\/\",\"url\":\"https:\\\/\\\/costablancaup.com\\\/wp-content\\\/uploads\\\/2018\\\/07\\\/titulo_web-1.png\",\"contentUrl\":\"https:\\\/\\\/costablancaup.com\\\/wp-content\\\/uploads\\\/2018\\\/07\\\/titulo_web-1.png\",\"width\":1973,\"height\":303,\"caption\":\"Costa Blanca Up\"},\"image\":{\"@id\":\"https:\\\/\\\/costablancaup.com\\\/es\\\/#\\\/schema\\\/logo\\\/image\\\/\"}}]}<\/script>\n<!-- \/ Yoast SEO plugin. -->","yoast_head_json":{"title":"\"Exposici\u00f3n del Ninot\" en Valencia - COSTA BLANCA UP","robots":{"index":"index","follow":"follow","max-snippet":"max-snippet:-1","max-image-preview":"max-image-preview:large","max-video-preview":"max-video-preview:-1"},"canonical":"https:\/\/costablancaup.com\/es\/class\/exposicion-del-ninot-en-valencia\/","og_locale":"es_ES","og_type":"article","og_title":"\"Exposici\u00f3n del Ninot\" en Valencia - COSTA BLANCA UP","og_description":"Desde el 1 de febrero al 14 de marzo estar\u00e1 abierta esta tradicional exposici\u00f3n fallera en la Ciudad de las Artes y las Ciencias de Valencia. La muestra est\u00e1 compuesta por m\u00e1s de 700 \u00abninots\u00bb, figuras de cart\u00f3n que adornar\u00e1n los monumentos de las Fallas de Valencia. Las figuras seleccionadas por cada comisi\u00f3n fallera, participar\u00e1n en una votaci\u00f3n popular que elegir\u00e1 a los \u00abninots indultats\u00bb, que ser\u00e1n aquellos que se salvar\u00e1n de quemarse en las \u00abFallas\u00bb y pasar\u00e1n a formar parte del Museo Fallero de Valencia. Horarios De lunes a jueves: de 10:00 a 20:00 horas. De viernes a domingo: [&hellip;]","og_url":"https:\/\/costablancaup.com\/es\/class\/exposicion-del-ninot-en-valencia\/","og_site_name":"COSTA BLANCA UP","twitter_card":"summary_large_image","twitter_misc":{"Tiempo de lectura":"1 minuto"},"schema":{"@context":"https:\/\/schema.org","@graph":[{"@type":"WebPage","@id":"https:\/\/costablancaup.com\/es\/class\/exposicion-del-ninot-en-valencia\/","url":"https:\/\/costablancaup.com\/es\/class\/exposicion-del-ninot-en-valencia\/","name":"\"Exposici\u00f3n del Ninot\" en Valencia - COSTA BLANCA UP","isPartOf":{"@id":"https:\/\/costablancaup.com\/es\/#website"},"datePublished":"2020-02-05T08:36:11+00:00","breadcrumb":{"@id":"https:\/\/costablancaup.com\/es\/class\/exposicion-del-ninot-en-valencia\/#breadcrumb"},"inLanguage":"es","potentialAction":[{"@type":"ReadAction","target":["https:\/\/costablancaup.com\/es\/class\/exposicion-del-ninot-en-valencia\/"]}]},{"@type":"BreadcrumbList","@id":"https:\/\/costablancaup.com\/es\/class\/exposicion-del-ninot-en-valencia\/#breadcrumb","itemListElement":[{"@type":"ListItem","position":1,"name":"Home","item":"https:\/\/costablancaup.com\/es\/"},{"@type":"ListItem","position":2,"name":"\u00abExposici\u00f3n del Ninot\u00bb en Valencia"}]},{"@type":"WebSite","@id":"https:\/\/costablancaup.com\/es\/#website","url":"https:\/\/costablancaup.com\/es\/","name":"COSTA BLANCA UP","description":"Costa Blanca Events and Agenda","publisher":{"@id":"https:\/\/costablancaup.com\/es\/#organization"},"potentialAction":[{"@type":"SearchAction","target":{"@type":"EntryPoint","urlTemplate":"https:\/\/costablancaup.com\/es\/?s={search_term_string}"},"query-input":{"@type":"PropertyValueSpecification","valueRequired":true,"valueName":"search_term_string"}}],"inLanguage":"es"},{"@type":"Organization","@id":"https:\/\/costablancaup.com\/es\/#organization","name":"Costa Blanca Up","url":"https:\/\/costablancaup.com\/es\/","logo":{"@type":"ImageObject","inLanguage":"es","@id":"https:\/\/costablancaup.com\/es\/#\/schema\/logo\/image\/","url":"https:\/\/costablancaup.com\/wp-content\/uploads\/2018\/07\/titulo_web-1.png","contentUrl":"https:\/\/costablancaup.com\/wp-content\/uploads\/2018\/07\/titulo_web-1.png","width":1973,"height":303,"caption":"Costa Blanca Up"},"image":{"@id":"https:\/\/costablancaup.com\/es\/#\/schema\/logo\/image\/"}}]}},"_links":{"self":[{"href":"https:\/\/costablancaup.com\/es\/wp-json\/wp\/v2\/class\/41323","targetHints":{"allow":["GET"]}}],"collection":[{"href":"https:\/\/costablancaup.com\/es\/wp-json\/wp\/v2\/class"}],"about":[{"href":"https:\/\/costablancaup.com\/es\/wp-json\/wp\/v2\/types\/class"}],"wp:attachment":[{"href":"https:\/\/costablancaup.com\/es\/wp-json\/wp\/v2\/media?parent=41323"}],"wp:term":[{"taxonomy":"wcs-type","embeddable":true,"href":"https:\/\/costablancaup.com\/es\/wp-json\/wp\/v2\/wcs-type?post=41323"},{"taxonomy":"wcs-room","embeddable":true,"href":"https:\/\/costablancaup.com\/es\/wp-json\/wp\/v2\/wcs-room?post=41323"},{"taxonomy":"wcs-instructor","embeddable":true,"href":"https:\/\/costablancaup.com\/es\/wp-json\/wp\/v2\/wcs-instructor?post=41323"}],"curies":[{"name":"wp","href":"https:\/\/api.w.org\/{rel}","templated":true}]}}

«Exposición del Ninot» en Valencia

<h2>Desde el 1 de febrero al 14 de marzo estará abierta esta tradicional exposición fallera en la <em>Ciudad de las Artes y las Ciencias</em> de Valencia.</h2>
<p>La muestra está compuesta por más de 700 «ninots», figuras de cartón que adornarán los monumentos de las Fallas de Valencia. </p>
<p>Las figuras seleccionadas por cada comisión fallera, participarán en una votación popular que elegirá a los «ninots indultats», que serán aquellos que se salvarán de quemarse en las «Fallas» y pasarán a formar parte del <em>Museo Fallero</em> de Valencia.</p>
<h3>Horarios</h3>
<ul>
<li>De lunes a jueves: de 10:00 a 20:00 horas.</li>
<li>De viernes a domingo: de 10:00 a 21:00 horas.</li>
</ul>
<h3>Localización</h3>

            
            
            
            <a name='map29'></a>
            
            
            
            
            <div class="wpgmza_map "  id="wpgmza_map_29" style="display:block; overflow:auto; width:100%; height:400px; float:left;" data-settings='{"id":"29","map_title":"Ciudad de las Artes y las Ciencias (Valencia)","map_width":"100","map_height":"400","map_start_lat":"39.460055","map_start_lng":"-0.341446","map_start_location":"39.46005459909215,-0.3414464702147946","map_start_zoom":"14","default_marker":"0","type":"1","alignment":"1","directions_enabled":"0","styling_enabled":"0","styling_json":"","active":"0","kml":"","bicycle":"0","traffic":"0","dbox":"1","dbox_width":"100","listmarkers":"0","listmarkers_advanced":"0","filterbycat":"0","ugm_enabled":"0","ugm_category_enabled":"0","fusion":"","map_width_type":"\\%","map_height_type":"px","mass_marker_support":"0","ugm_access":"0","order_markers_by":"1","order_markers_choice":"2","show_user_location":"2","default_to":"","other_settings":{"wpgmza_store_locator_restrict":"","wpgmza_sl_animation":"1","store_locator_query_string":"ZIP \/ Address:","store_locator_name_string":"Title \/ Description:","store_locator_default_address":"","wpgmza_dbox_width_type":"%","map_max_zoom":"3","map_min_zoom":"21","sl_stroke_color":"FF0000","sl_stroke_opacity":"0.25","sl_fill_color":"FF0000","sl_fill_opacity":"0.15","click_open_link":2,"transport_layer":0,"iw_primary_color":"2A3744","iw_accent_color":"252F3A","iw_text_color":"FFFFFF","wpgmza_iw_type":"0","list_markers_by":"0","push_in_map":"","push_in_map_placement":"9","wpgmza_push_in_map_width":"","wpgmza_push_in_map_height":"","wpgmza_theme_data":"","upload_default_ul_marker":"","upload_default_sl_marker":"","shortcodeAttributes":{"id":"29"}}}' data-map-id='29' data-shortcode-attributes='{"id":"29"}'> </div>

<p>Desde el 1 de febrero al 14 de marzo estará abierta esta tradicional exposición fallera en la Ciudad de las Artes y las Ciencias de Valencia. La muestra está compuesta por más de 700 «ninots», figuras de cartón que adornarán los monumentos de las Fallas de Valencia. Las figuras seleccionadas por cada comisión fallera, participarán en una votación popular que elegirá a los «ninots indultats», que serán aquellos que se salvarán de quemarse en las «Fallas» y pasarán a formar parte del Museo Fallero de Valencia. Horarios De lunes a jueves: de 10:00 a 20:00 horas. De viernes a domingo: [&hellip;]</p>

<!-- This site is optimized with the Yoast SEO plugin v27.4 - https://yoast.com/product/yoast-seo-wordpress/ -->
<title>&quot;Exposición del Ninot&quot; en Valencia - COSTA BLANCA UP</title>
<meta name="robots" content="index, follow, max-snippet:-1, max-image-preview:large, max-video-preview:-1" />
<link rel="canonical" href="https://costablancaup.com/es/class/exposicion-del-ninot-en-valencia/" />
<meta property="og:locale" content="es_ES" />
<meta property="og:type" content="article" />
<meta property="og:title" content="&quot;Exposición del Ninot&quot; en Valencia - COSTA BLANCA UP" />
<meta property="og:description" content="Desde el 1 de febrero al 14 de marzo estará abierta esta tradicional exposición fallera en la Ciudad de las Artes y las Ciencias de Valencia. La muestra está compuesta por más de 700 «ninots», figuras de cartón que adornarán los monumentos de las Fallas de Valencia. Las figuras seleccionadas por cada comisión fallera, participarán en una votación popular que elegirá a los «ninots indultats», que serán aquellos que se salvarán de quemarse en las «Fallas» y pasarán a formar parte del Museo Fallero de Valencia. Horarios De lunes a jueves: de 10:00 a 20:00 horas. De viernes a domingo: [&hellip;]" />
<meta property="og:url" content="https://costablancaup.com/es/class/exposicion-del-ninot-en-valencia/" />
<meta property="og:site_name" content="COSTA BLANCA UP" />
<meta name="twitter:card" content="summary_large_image" />
<meta name="twitter:label1" content="Tiempo de lectura" />
	<meta name="twitter:data1" content="1 minuto" />
<script type="application/ld+json" class="yoast-schema-graph">{"@context":"https:\/\/schema.org","@graph":[{"@type":"WebPage","@id":"https:\/\/costablancaup.com\/es\/class\/exposicion-del-ninot-en-valencia\/","url":"https:\/\/costablancaup.com\/es\/class\/exposicion-del-ninot-en-valencia\/","name":"\"Exposición del Ninot\" en Valencia - COSTA BLANCA UP","isPartOf":{"@id":"https:\/\/costablancaup.com\/es\/#website"},"datePublished":"2020-02-05T08:36:11+00:00","breadcrumb":{"@id":"https:\/\/costablancaup.com\/es\/class\/exposicion-del-ninot-en-valencia\/#breadcrumb"},"inLanguage":"es","potentialAction":[{"@type":"ReadAction","target":["https:\/\/costablancaup.com\/es\/class\/exposicion-del-ninot-en-valencia\/"]}]},{"@type":"BreadcrumbList","@id":"https:\/\/costablancaup.com\/es\/class\/exposicion-del-ninot-en-valencia\/#breadcrumb","itemListElement":[{"@type":"ListItem","position":1,"name":"Home","item":"https:\/\/costablancaup.com\/es\/"},{"@type":"ListItem","position":2,"name":"«Exposición del Ninot» en Valencia"}]},{"@type":"WebSite","@id":"https:\/\/costablancaup.com\/es\/#website","url":"https:\/\/costablancaup.com\/es\/","name":"COSTA BLANCA UP","description":"Costa Blanca Events and Agenda","publisher":{"@id":"https:\/\/costablancaup.com\/es\/#organization"},"potentialAction":[{"@type":"SearchAction","target":{"@type":"EntryPoint","urlTemplate":"https:\/\/costablancaup.com\/es\/?s={search_term_string}"},"query-input":{"@type":"PropertyValueSpecification","valueRequired":true,"valueName":"search_term_string"}}],"inLanguage":"es"},{"@type":"Organization","@id":"https:\/\/costablancaup.com\/es\/#organization","name":"Costa Blanca Up","url":"https:\/\/costablancaup.com\/es\/","logo":{"@type":"ImageObject","inLanguage":"es","@id":"https:\/\/costablancaup.com\/es\/#\/schema\/logo\/image\/","url":"https:\/\/costablancaup.com\/wp-content\/uploads\/2018\/07\/titulo_web-1.png","contentUrl":"https:\/\/costablancaup.com\/wp-content\/uploads\/2018\/07\/titulo_web-1.png","width":1973,"height":303,"caption":"Costa Blanca Up"},"image":{"@id":"https:\/\/costablancaup.com\/es\/#\/schema\/logo\/image\/"}}]}</script>
<!-- / Yoast SEO plugin. -->

"Exposición del Ninot" en Valencia - COSTA BLANCA UP

Desde el 1 de febrero al 14 de marzo estará abierta esta tradicional exposición fallera en la Ciudad de las Artes y las Ciencias de Valencia. La muestra está compuesta por más de 700 «ninots», figuras de cartón que adornarán los monumentos de las Fallas de Valencia. Las figuras seleccionadas por cada comisión fallera, participarán en una votación popular que elegirá a los «ninots indultats», que serán aquellos que se salvarán de quemarse en las «Fallas» y pasarán a formar parte del Museo Fallero de Valencia. Horarios De lunes a jueves: de 10:00 a 20:00 horas. De viernes a domingo: [&hellip;]
