{"id":42348,"date":"2020-03-05T11:00:32","date_gmt":"2020-03-05T10:00:32","guid":{"rendered":"https:\/\/costablancaup.com\/?post_type=class&#038;p=42348"},"modified":"2020-03-09T10:25:00","modified_gmt":"2020-03-09T09:25:00","slug":"alicante-market-design-2020","status":"publish","type":"class","link":"https:\/\/costablancaup.com\/es\/class\/alicante-market-design-2020\/","title":{"rendered":"\u00abAlicante Market Design 2020\u00bb"},"content":{"rendered":"<h2>Los pr\u00f3ximos 14 de marzo y 15 de marzo tendr\u00e1 lugar la sexta edici\u00f3n de este mercado de dise\u00f1o, en el <em>edificio S\u00e9neca<\/em> (antigua estaci\u00f3n de autobuses) de Alicante.<\/h2>\n<p>El evento pretende ser un punto de encuentro entre artistas, dise\u00f1adores y p\u00fablico en un ambiente ideal. Podr\u00e1s disfrutar del mejor dise\u00f1o, desde las figuras y marcas emergentes a los cl\u00e1sicos del dise\u00f1o en la ciudad.<\/p>\n<p>La entrada es gratuita y adem\u00e1s en el mercado est\u00e1n programados conciertos, encuentros con artistas, talleres y actividades infantiles.<\/p>\n<h3>Horarios<\/h3>\n<ul>\n<li>S\u00e1bado y domingo: de 11:00 a 20:00 horas.<\/li>\n<\/ul>\n<h3>Localizaci\u00f3n<\/h3>\n\r\n            \r\n            \r\n            \r\n            <a name='map177'><\/a>\r\n            \r\n            \r\n            \r\n            \r\n            <div class=\"wpgmza_map \"  id=\"wpgmza_map_177\" style=\"display:block; overflow:auto; width:100%; height:400px; float:left;\" data-settings='{\"id\":\"177\",\"map_title\":\"Plaza S\\u00e9neca (Alicante)\",\"map_width\":\"100\",\"map_height\":\"400\",\"map_start_lat\":\"38.343147\",\"map_start_lng\":\"-0.489800\",\"map_start_location\":\"38.343147461804286,-0.4898003825748032\",\"map_start_zoom\":\"15\",\"default_marker\":\"0\",\"type\":\"1\",\"alignment\":\"1\",\"directions_enabled\":\"0\",\"styling_enabled\":\"0\",\"styling_json\":\"\",\"active\":\"0\",\"kml\":\"\",\"bicycle\":\"0\",\"traffic\":\"0\",\"dbox\":\"1\",\"dbox_width\":\"100\",\"listmarkers\":\"0\",\"listmarkers_advanced\":\"0\",\"filterbycat\":\"0\",\"ugm_enabled\":\"0\",\"ugm_category_enabled\":\"0\",\"fusion\":\"\",\"map_width_type\":\"\\\\%\",\"map_height_type\":\"px\",\"mass_marker_support\":\"0\",\"ugm_access\":\"0\",\"order_markers_by\":\"1\",\"order_markers_choice\":\"2\",\"show_user_location\":\"2\",\"default_to\":\"\",\"other_settings\":{\"wpgmza_store_locator_restrict\":\"\",\"wpgmza_sl_animation\":\"1\",\"store_locator_query_string\":\"ZIP \\\/ Address:\",\"store_locator_name_string\":\"Title \\\/ Description:\",\"store_locator_default_address\":\"\",\"wpgmza_dbox_width_type\":\"%\",\"map_max_zoom\":\"3\",\"map_min_zoom\":\"21\",\"sl_stroke_color\":\"FF0000\",\"sl_stroke_opacity\":\"0.25\",\"sl_fill_color\":\"FF0000\",\"sl_fill_opacity\":\"0.15\",\"click_open_link\":2,\"transport_layer\":0,\"iw_primary_color\":\"2A3744\",\"iw_accent_color\":\"252F3A\",\"iw_text_color\":\"FFFFFF\",\"wpgmza_iw_type\":\"0\",\"list_markers_by\":\"0\",\"push_in_map\":\"\",\"push_in_map_placement\":\"9\",\"wpgmza_push_in_map_width\":\"\",\"wpgmza_push_in_map_height\":\"\",\"wpgmza_theme_data\":\"\",\"upload_default_ul_marker\":\"\",\"upload_default_sl_marker\":\"\",\"shortcodeAttributes\":{\"id\":\"177\"}}}' data-map-id='177' data-shortcode-attributes='{\"id\":\"177\"}'> <\/div>\r\n            \r\n               \r\n        \n","protected":false},"excerpt":{"rendered":"<p>Los pr\u00f3ximos 14 de marzo y 15 de marzo tendr\u00e1 lugar la sexta edici\u00f3n de este mercado de dise\u00f1o, en el edificio S\u00e9neca (antigua estaci\u00f3n de autobuses) de Alicante. El evento pretende ser un punto de encuentro entre artistas, dise\u00f1adores y p\u00fablico en un ambiente ideal. Podr\u00e1s disfrutar del mejor dise\u00f1o, desde las figuras y marcas emergentes a los cl\u00e1sicos del dise\u00f1o en la ciudad. La entrada es gratuita y adem\u00e1s en el mercado est\u00e1n programados conciertos, encuentros con artistas, talleres y actividades infantiles. Horarios S\u00e1bado y domingo: de 11:00 a 20:00 horas. Localizaci\u00f3n<\/p>\n","protected":false},"template":"","meta":[],"wcs-type":[5222,5046,5036,5226],"wcs-room":[6373],"wcs-instructor":[],"class_list":["post-42348","class","type-class","status-publish","hentry","wcs-type-cursos","wcs-type-musica","wcs-type-ninos","wcs-type-otros","wcs-room-edificio-seneca-alicante"],"yoast_head":"<!-- This site is optimized with the Yoast SEO plugin v27.4 - https:\/\/yoast.com\/product\/yoast-seo-wordpress\/ -->\n<title>&quot;Alicante Market Design 2020&quot; - COSTA BLANCA UP<\/title>\n<meta name=\"robots\" content=\"index, follow, max-snippet:-1, max-image-preview:large, max-video-preview:-1\" \/>\n<link rel=\"canonical\" href=\"https:\/\/costablancaup.com\/es\/class\/alicante-market-design-2020\/\" \/>\n<meta property=\"og:locale\" content=\"es_ES\" \/>\n<meta property=\"og:type\" content=\"article\" \/>\n<meta property=\"og:title\" content=\"&quot;Alicante Market Design 2020&quot; - COSTA BLANCA UP\" \/>\n<meta property=\"og:description\" content=\"Los pr\u00f3ximos 14 de marzo y 15 de marzo tendr\u00e1 lugar la sexta edici\u00f3n de este mercado de dise\u00f1o, en el edificio S\u00e9neca (antigua estaci\u00f3n de autobuses) de Alicante. El evento pretende ser un punto de encuentro entre artistas, dise\u00f1adores y p\u00fablico en un ambiente ideal. Podr\u00e1s disfrutar del mejor dise\u00f1o, desde las figuras y marcas emergentes a los cl\u00e1sicos del dise\u00f1o en la ciudad. La entrada es gratuita y adem\u00e1s en el mercado est\u00e1n programados conciertos, encuentros con artistas, talleres y actividades infantiles. Horarios S\u00e1bado y domingo: de 11:00 a 20:00 horas. Localizaci\u00f3n\" \/>\n<meta property=\"og:url\" content=\"https:\/\/costablancaup.com\/es\/class\/alicante-market-design-2020\/\" \/>\n<meta property=\"og:site_name\" content=\"COSTA BLANCA UP\" \/>\n<meta property=\"article:modified_time\" content=\"2020-03-09T09:25:00+00:00\" \/>\n<meta name=\"twitter:card\" content=\"summary_large_image\" \/>\n<meta name=\"twitter:label1\" content=\"Tiempo de lectura\" \/>\n\t<meta name=\"twitter:data1\" content=\"1 minuto\" \/>\n<script type=\"application\/ld+json\" class=\"yoast-schema-graph\">{\"@context\":\"https:\\\/\\\/schema.org\",\"@graph\":[{\"@type\":\"WebPage\",\"@id\":\"https:\\\/\\\/costablancaup.com\\\/es\\\/class\\\/alicante-market-design-2020\\\/\",\"url\":\"https:\\\/\\\/costablancaup.com\\\/es\\\/class\\\/alicante-market-design-2020\\\/\",\"name\":\"\\\"Alicante Market Design 2020\\\" - COSTA BLANCA UP\",\"isPartOf\":{\"@id\":\"https:\\\/\\\/costablancaup.com\\\/es\\\/#website\"},\"datePublished\":\"2020-03-05T10:00:32+00:00\",\"dateModified\":\"2020-03-09T09:25:00+00:00\",\"breadcrumb\":{\"@id\":\"https:\\\/\\\/costablancaup.com\\\/es\\\/class\\\/alicante-market-design-2020\\\/#breadcrumb\"},\"inLanguage\":\"es\",\"potentialAction\":[{\"@type\":\"ReadAction\",\"target\":[\"https:\\\/\\\/costablancaup.com\\\/es\\\/class\\\/alicante-market-design-2020\\\/\"]}]},{\"@type\":\"BreadcrumbList\",\"@id\":\"https:\\\/\\\/costablancaup.com\\\/es\\\/class\\\/alicante-market-design-2020\\\/#breadcrumb\",\"itemListElement\":[{\"@type\":\"ListItem\",\"position\":1,\"name\":\"Home\",\"item\":\"https:\\\/\\\/costablancaup.com\\\/es\\\/\"},{\"@type\":\"ListItem\",\"position\":2,\"name\":\"&#171;Alicante Market Design 2020&#187;\"}]},{\"@type\":\"WebSite\",\"@id\":\"https:\\\/\\\/costablancaup.com\\\/es\\\/#website\",\"url\":\"https:\\\/\\\/costablancaup.com\\\/es\\\/\",\"name\":\"COSTA BLANCA UP\",\"description\":\"Costa Blanca Events and Agenda\",\"publisher\":{\"@id\":\"https:\\\/\\\/costablancaup.com\\\/es\\\/#organization\"},\"potentialAction\":[{\"@type\":\"SearchAction\",\"target\":{\"@type\":\"EntryPoint\",\"urlTemplate\":\"https:\\\/\\\/costablancaup.com\\\/es\\\/?s={search_term_string}\"},\"query-input\":{\"@type\":\"PropertyValueSpecification\",\"valueRequired\":true,\"valueName\":\"search_term_string\"}}],\"inLanguage\":\"es\"},{\"@type\":\"Organization\",\"@id\":\"https:\\\/\\\/costablancaup.com\\\/es\\\/#organization\",\"name\":\"Costa Blanca Up\",\"url\":\"https:\\\/\\\/costablancaup.com\\\/es\\\/\",\"logo\":{\"@type\":\"ImageObject\",\"inLanguage\":\"es\",\"@id\":\"https:\\\/\\\/costablancaup.com\\\/es\\\/#\\\/schema\\\/logo\\\/image\\\/\",\"url\":\"https:\\\/\\\/costablancaup.com\\\/wp-content\\\/uploads\\\/2018\\\/07\\\/titulo_web-1.png\",\"contentUrl\":\"https:\\\/\\\/costablancaup.com\\\/wp-content\\\/uploads\\\/2018\\\/07\\\/titulo_web-1.png\",\"width\":1973,\"height\":303,\"caption\":\"Costa Blanca Up\"},\"image\":{\"@id\":\"https:\\\/\\\/costablancaup.com\\\/es\\\/#\\\/schema\\\/logo\\\/image\\\/\"}}]}<\/script>\n<!-- \/ Yoast SEO plugin. -->","yoast_head_json":{"title":"\"Alicante Market Design 2020\" - COSTA BLANCA UP","robots":{"index":"index","follow":"follow","max-snippet":"max-snippet:-1","max-image-preview":"max-image-preview:large","max-video-preview":"max-video-preview:-1"},"canonical":"https:\/\/costablancaup.com\/es\/class\/alicante-market-design-2020\/","og_locale":"es_ES","og_type":"article","og_title":"\"Alicante Market Design 2020\" - COSTA BLANCA UP","og_description":"Los pr\u00f3ximos 14 de marzo y 15 de marzo tendr\u00e1 lugar la sexta edici\u00f3n de este mercado de dise\u00f1o, en el edificio S\u00e9neca (antigua estaci\u00f3n de autobuses) de Alicante. El evento pretende ser un punto de encuentro entre artistas, dise\u00f1adores y p\u00fablico en un ambiente ideal. Podr\u00e1s disfrutar del mejor dise\u00f1o, desde las figuras y marcas emergentes a los cl\u00e1sicos del dise\u00f1o en la ciudad. La entrada es gratuita y adem\u00e1s en el mercado est\u00e1n programados conciertos, encuentros con artistas, talleres y actividades infantiles. Horarios S\u00e1bado y domingo: de 11:00 a 20:00 horas. Localizaci\u00f3n","og_url":"https:\/\/costablancaup.com\/es\/class\/alicante-market-design-2020\/","og_site_name":"COSTA BLANCA UP","article_modified_time":"2020-03-09T09:25:00+00:00","twitter_card":"summary_large_image","twitter_misc":{"Tiempo de lectura":"1 minuto"},"schema":{"@context":"https:\/\/schema.org","@graph":[{"@type":"WebPage","@id":"https:\/\/costablancaup.com\/es\/class\/alicante-market-design-2020\/","url":"https:\/\/costablancaup.com\/es\/class\/alicante-market-design-2020\/","name":"\"Alicante Market Design 2020\" - COSTA BLANCA UP","isPartOf":{"@id":"https:\/\/costablancaup.com\/es\/#website"},"datePublished":"2020-03-05T10:00:32+00:00","dateModified":"2020-03-09T09:25:00+00:00","breadcrumb":{"@id":"https:\/\/costablancaup.com\/es\/class\/alicante-market-design-2020\/#breadcrumb"},"inLanguage":"es","potentialAction":[{"@type":"ReadAction","target":["https:\/\/costablancaup.com\/es\/class\/alicante-market-design-2020\/"]}]},{"@type":"BreadcrumbList","@id":"https:\/\/costablancaup.com\/es\/class\/alicante-market-design-2020\/#breadcrumb","itemListElement":[{"@type":"ListItem","position":1,"name":"Home","item":"https:\/\/costablancaup.com\/es\/"},{"@type":"ListItem","position":2,"name":"&#171;Alicante Market Design 2020&#187;"}]},{"@type":"WebSite","@id":"https:\/\/costablancaup.com\/es\/#website","url":"https:\/\/costablancaup.com\/es\/","name":"COSTA BLANCA UP","description":"Costa Blanca Events and Agenda","publisher":{"@id":"https:\/\/costablancaup.com\/es\/#organization"},"potentialAction":[{"@type":"SearchAction","target":{"@type":"EntryPoint","urlTemplate":"https:\/\/costablancaup.com\/es\/?s={search_term_string}"},"query-input":{"@type":"PropertyValueSpecification","valueRequired":true,"valueName":"search_term_string"}}],"inLanguage":"es"},{"@type":"Organization","@id":"https:\/\/costablancaup.com\/es\/#organization","name":"Costa Blanca Up","url":"https:\/\/costablancaup.com\/es\/","logo":{"@type":"ImageObject","inLanguage":"es","@id":"https:\/\/costablancaup.com\/es\/#\/schema\/logo\/image\/","url":"https:\/\/costablancaup.com\/wp-content\/uploads\/2018\/07\/titulo_web-1.png","contentUrl":"https:\/\/costablancaup.com\/wp-content\/uploads\/2018\/07\/titulo_web-1.png","width":1973,"height":303,"caption":"Costa Blanca Up"},"image":{"@id":"https:\/\/costablancaup.com\/es\/#\/schema\/logo\/image\/"}}]}},"_links":{"self":[{"href":"https:\/\/costablancaup.com\/es\/wp-json\/wp\/v2\/class\/42348","targetHints":{"allow":["GET"]}}],"collection":[{"href":"https:\/\/costablancaup.com\/es\/wp-json\/wp\/v2\/class"}],"about":[{"href":"https:\/\/costablancaup.com\/es\/wp-json\/wp\/v2\/types\/class"}],"wp:attachment":[{"href":"https:\/\/costablancaup.com\/es\/wp-json\/wp\/v2\/media?parent=42348"}],"wp:term":[{"taxonomy":"wcs-type","embeddable":true,"href":"https:\/\/costablancaup.com\/es\/wp-json\/wp\/v2\/wcs-type?post=42348"},{"taxonomy":"wcs-room","embeddable":true,"href":"https:\/\/costablancaup.com\/es\/wp-json\/wp\/v2\/wcs-room?post=42348"},{"taxonomy":"wcs-instructor","embeddable":true,"href":"https:\/\/costablancaup.com\/es\/wp-json\/wp\/v2\/wcs-instructor?post=42348"}],"curies":[{"name":"wp","href":"https:\/\/api.w.org\/{rel}","templated":true}]}}

<h2>Los próximos 14 de marzo y 15 de marzo tendrá lugar la sexta edición de este mercado de diseño, en el <em>edificio Séneca</em> (antigua estación de autobuses) de Alicante.</h2>
<p>El evento pretende ser un punto de encuentro entre artistas, diseñadores y público en un ambiente ideal. Podrás disfrutar del mejor diseño, desde las figuras y marcas emergentes a los clásicos del diseño en la ciudad.</p>
<p>La entrada es gratuita y además en el mercado están programados conciertos, encuentros con artistas, talleres y actividades infantiles.</p>
<h3>Horarios</h3>
<ul>
<li>Sábado y domingo: de 11:00 a 20:00 horas.</li>
</ul>
<h3>Localización</h3>

            
            
            
            <a name='map177'></a>
            
            
            
            
            <div class="wpgmza_map "  id="wpgmza_map_177" style="display:block; overflow:auto; width:100%; height:400px; float:left;" data-settings='{"id":"177","map_title":"Plaza S\u00e9neca (Alicante)","map_width":"100","map_height":"400","map_start_lat":"38.343147","map_start_lng":"-0.489800","map_start_location":"38.343147461804286,-0.4898003825748032","map_start_zoom":"15","default_marker":"0","type":"1","alignment":"1","directions_enabled":"0","styling_enabled":"0","styling_json":"","active":"0","kml":"","bicycle":"0","traffic":"0","dbox":"1","dbox_width":"100","listmarkers":"0","listmarkers_advanced":"0","filterbycat":"0","ugm_enabled":"0","ugm_category_enabled":"0","fusion":"","map_width_type":"\\%","map_height_type":"px","mass_marker_support":"0","ugm_access":"0","order_markers_by":"1","order_markers_choice":"2","show_user_location":"2","default_to":"","other_settings":{"wpgmza_store_locator_restrict":"","wpgmza_sl_animation":"1","store_locator_query_string":"ZIP \/ Address:","store_locator_name_string":"Title \/ Description:","store_locator_default_address":"","wpgmza_dbox_width_type":"%","map_max_zoom":"3","map_min_zoom":"21","sl_stroke_color":"FF0000","sl_stroke_opacity":"0.25","sl_fill_color":"FF0000","sl_fill_opacity":"0.15","click_open_link":2,"transport_layer":0,"iw_primary_color":"2A3744","iw_accent_color":"252F3A","iw_text_color":"FFFFFF","wpgmza_iw_type":"0","list_markers_by":"0","push_in_map":"","push_in_map_placement":"9","wpgmza_push_in_map_width":"","wpgmza_push_in_map_height":"","wpgmza_theme_data":"","upload_default_ul_marker":"","upload_default_sl_marker":"","shortcodeAttributes":{"id":"177"}}}' data-map-id='177' data-shortcode-attributes='{"id":"177"}'> </div>

<p>Los próximos 14 de marzo y 15 de marzo tendrá lugar la sexta edición de este mercado de diseño, en el edificio Séneca (antigua estación de autobuses) de Alicante. El evento pretende ser un punto de encuentro entre artistas, diseñadores y público en un ambiente ideal. Podrás disfrutar del mejor diseño, desde las figuras y marcas emergentes a los clásicos del diseño en la ciudad. La entrada es gratuita y además en el mercado están programados conciertos, encuentros con artistas, talleres y actividades infantiles. Horarios Sábado y domingo: de 11:00 a 20:00 horas. Localización</p>

<!-- This site is optimized with the Yoast SEO plugin v27.4 - https://yoast.com/product/yoast-seo-wordpress/ -->
<title>&quot;Alicante Market Design 2020&quot; - COSTA BLANCA UP</title>
<meta name="robots" content="index, follow, max-snippet:-1, max-image-preview:large, max-video-preview:-1" />
<link rel="canonical" href="https://costablancaup.com/es/class/alicante-market-design-2020/" />
<meta property="og:locale" content="es_ES" />
<meta property="og:type" content="article" />
<meta property="og:title" content="&quot;Alicante Market Design 2020&quot; - COSTA BLANCA UP" />
<meta property="og:description" content="Los próximos 14 de marzo y 15 de marzo tendrá lugar la sexta edición de este mercado de diseño, en el edificio Séneca (antigua estación de autobuses) de Alicante. El evento pretende ser un punto de encuentro entre artistas, diseñadores y público en un ambiente ideal. Podrás disfrutar del mejor diseño, desde las figuras y marcas emergentes a los clásicos del diseño en la ciudad. La entrada es gratuita y además en el mercado están programados conciertos, encuentros con artistas, talleres y actividades infantiles. Horarios Sábado y domingo: de 11:00 a 20:00 horas. Localización" />
<meta property="og:url" content="https://costablancaup.com/es/class/alicante-market-design-2020/" />
<meta property="og:site_name" content="COSTA BLANCA UP" />
<meta property="article:modified_time" content="2020-03-09T09:25:00+00:00" />
<meta name="twitter:card" content="summary_large_image" />
<meta name="twitter:label1" content="Tiempo de lectura" />
	<meta name="twitter:data1" content="1 minuto" />
<script type="application/ld+json" class="yoast-schema-graph">{"@context":"https:\/\/schema.org","@graph":[{"@type":"WebPage","@id":"https:\/\/costablancaup.com\/es\/class\/alicante-market-design-2020\/","url":"https:\/\/costablancaup.com\/es\/class\/alicante-market-design-2020\/","name":"\"Alicante Market Design 2020\" - COSTA BLANCA UP","isPartOf":{"@id":"https:\/\/costablancaup.com\/es\/#website"},"datePublished":"2020-03-05T10:00:32+00:00","dateModified":"2020-03-09T09:25:00+00:00","breadcrumb":{"@id":"https:\/\/costablancaup.com\/es\/class\/alicante-market-design-2020\/#breadcrumb"},"inLanguage":"es","potentialAction":[{"@type":"ReadAction","target":["https:\/\/costablancaup.com\/es\/class\/alicante-market-design-2020\/"]}]},{"@type":"BreadcrumbList","@id":"https:\/\/costablancaup.com\/es\/class\/alicante-market-design-2020\/#breadcrumb","itemListElement":[{"@type":"ListItem","position":1,"name":"Home","item":"https:\/\/costablancaup.com\/es\/"},{"@type":"ListItem","position":2,"name":"&#171;Alicante Market Design 2020&#187;"}]},{"@type":"WebSite","@id":"https:\/\/costablancaup.com\/es\/#website","url":"https:\/\/costablancaup.com\/es\/","name":"COSTA BLANCA UP","description":"Costa Blanca Events and Agenda","publisher":{"@id":"https:\/\/costablancaup.com\/es\/#organization"},"potentialAction":[{"@type":"SearchAction","target":{"@type":"EntryPoint","urlTemplate":"https:\/\/costablancaup.com\/es\/?s={search_term_string}"},"query-input":{"@type":"PropertyValueSpecification","valueRequired":true,"valueName":"search_term_string"}}],"inLanguage":"es"},{"@type":"Organization","@id":"https:\/\/costablancaup.com\/es\/#organization","name":"Costa Blanca Up","url":"https:\/\/costablancaup.com\/es\/","logo":{"@type":"ImageObject","inLanguage":"es","@id":"https:\/\/costablancaup.com\/es\/#\/schema\/logo\/image\/","url":"https:\/\/costablancaup.com\/wp-content\/uploads\/2018\/07\/titulo_web-1.png","contentUrl":"https:\/\/costablancaup.com\/wp-content\/uploads\/2018\/07\/titulo_web-1.png","width":1973,"height":303,"caption":"Costa Blanca Up"},"image":{"@id":"https:\/\/costablancaup.com\/es\/#\/schema\/logo\/image\/"}}]}</script>
<!-- / Yoast SEO plugin. -->

Los próximos 14 de marzo y 15 de marzo tendrá lugar la sexta edición de este mercado de diseño, en el edificio Séneca (antigua estación de autobuses) de Alicante. El evento pretende ser un punto de encuentro entre artistas, diseñadores y público en un ambiente ideal. Podrás disfrutar del mejor diseño, desde las figuras y marcas emergentes a los clásicos del diseño en la ciudad. La entrada es gratuita y además en el mercado están programados conciertos, encuentros con artistas, talleres y actividades infantiles. Horarios Sábado y domingo: de 11:00 a 20:00 horas. Localización
