{"id":43424,"date":"2020-06-19T18:44:45","date_gmt":"2020-06-19T16:44:45","guid":{"rendered":"https:\/\/costablancaup.com\/?post_type=class&#038;p=43424"},"modified":"2020-06-19T18:44:45","modified_gmt":"2020-06-19T16:44:45","slug":"julia-medina-no-dejo-de-bailar-2","status":"publish","type":"class","link":"https:\/\/costablancaup.com\/es\/class\/julia-medina-no-dejo-de-bailar-2\/","title":{"rendered":"Julia Medina: \u00abNo Dejo De Bailar\u00bb"},"content":{"rendered":"<h2>Julia Medina<\/h2>\n<p>Alicante &#8211; Sala Babel (Alicante)<br \/>Calle del Comercio, 10, 03008 Alicante, Espa\u00f1a<br \/>20\/11\/2020<br \/>21:00<\/p>\n<p><em>Julia Medina<\/em> presenta \u00abNo Dejo De Bailar\u00bb, un trabajo que supone su puesta de largo en el mundo discogr\u00e1fico, en una gira de conciertos por Espa\u00f1a en los que su p\u00fablico podr\u00e1 disfrutar de la c\u00e1lida voz de la artista y sus bonitas composiciones.<\/p>\n","protected":false},"excerpt":{"rendered":"<p>Julia Medina Alicante &#8211; Sala Babel (Alicante)Calle del Comercio, 10, 03008 Alicante, Espa\u00f1a20\/11\/202021:00 Julia Medina presenta \u00abNo Dejo De Bailar\u00bb, un trabajo que supone su puesta de largo en el mundo discogr\u00e1fico, en una gira de conciertos por Espa\u00f1a en los que su p\u00fablico podr\u00e1 disfrutar de la c\u00e1lida voz de la artista y sus bonitas composiciones.<\/p>\n","protected":false},"template":"","meta":[],"wcs-type":[5046],"wcs-room":[5558],"wcs-instructor":[],"class_list":["post-43424","class","type-class","status-publish","hentry","wcs-type-musica","wcs-room-alicante-sala-babel-alicante"],"yoast_head":"<!-- This site is optimized with the Yoast SEO plugin v27.4 - https:\/\/yoast.com\/product\/yoast-seo-wordpress\/ -->\n<title>Julia Medina: &quot;No Dejo De Bailar&quot; - COSTA BLANCA UP<\/title>\n<meta name=\"robots\" content=\"index, follow, max-snippet:-1, max-image-preview:large, max-video-preview:-1\" \/>\n<link rel=\"canonical\" href=\"https:\/\/costablancaup.com\/es\/class\/julia-medina-no-dejo-de-bailar-2\/\" \/>\n<meta property=\"og:locale\" content=\"es_ES\" \/>\n<meta property=\"og:type\" content=\"article\" \/>\n<meta property=\"og:title\" content=\"Julia Medina: &quot;No Dejo De Bailar&quot; - COSTA BLANCA UP\" \/>\n<meta property=\"og:description\" content=\"Julia Medina Alicante &#8211; Sala Babel (Alicante)Calle del Comercio, 10, 03008 Alicante, Espa\u00f1a20\/11\/202021:00 Julia Medina presenta \u00abNo Dejo De Bailar\u00bb, un trabajo que supone su puesta de largo en el mundo discogr\u00e1fico, en una gira de conciertos por Espa\u00f1a en los que su p\u00fablico podr\u00e1 disfrutar de la c\u00e1lida voz de la artista y sus bonitas composiciones.\" \/>\n<meta property=\"og:url\" content=\"https:\/\/costablancaup.com\/es\/class\/julia-medina-no-dejo-de-bailar-2\/\" \/>\n<meta property=\"og:site_name\" content=\"COSTA BLANCA UP\" \/>\n<meta name=\"twitter:card\" content=\"summary_large_image\" \/>\n<script type=\"application\/ld+json\" class=\"yoast-schema-graph\">{\"@context\":\"https:\\\/\\\/schema.org\",\"@graph\":[{\"@type\":\"WebPage\",\"@id\":\"https:\\\/\\\/costablancaup.com\\\/es\\\/class\\\/julia-medina-no-dejo-de-bailar-2\\\/\",\"url\":\"https:\\\/\\\/costablancaup.com\\\/es\\\/class\\\/julia-medina-no-dejo-de-bailar-2\\\/\",\"name\":\"Julia Medina: \\\"No Dejo De Bailar\\\" - COSTA BLANCA UP\",\"isPartOf\":{\"@id\":\"https:\\\/\\\/costablancaup.com\\\/es\\\/#website\"},\"datePublished\":\"2020-06-19T16:44:45+00:00\",\"breadcrumb\":{\"@id\":\"https:\\\/\\\/costablancaup.com\\\/es\\\/class\\\/julia-medina-no-dejo-de-bailar-2\\\/#breadcrumb\"},\"inLanguage\":\"es\",\"potentialAction\":[{\"@type\":\"ReadAction\",\"target\":[\"https:\\\/\\\/costablancaup.com\\\/es\\\/class\\\/julia-medina-no-dejo-de-bailar-2\\\/\"]}]},{\"@type\":\"BreadcrumbList\",\"@id\":\"https:\\\/\\\/costablancaup.com\\\/es\\\/class\\\/julia-medina-no-dejo-de-bailar-2\\\/#breadcrumb\",\"itemListElement\":[{\"@type\":\"ListItem\",\"position\":1,\"name\":\"Home\",\"item\":\"https:\\\/\\\/costablancaup.com\\\/es\\\/\"},{\"@type\":\"ListItem\",\"position\":2,\"name\":\"Julia Medina: &#171;No Dejo De Bailar&#187;\"}]},{\"@type\":\"WebSite\",\"@id\":\"https:\\\/\\\/costablancaup.com\\\/es\\\/#website\",\"url\":\"https:\\\/\\\/costablancaup.com\\\/es\\\/\",\"name\":\"COSTA BLANCA UP\",\"description\":\"Costa Blanca Events and Agenda\",\"publisher\":{\"@id\":\"https:\\\/\\\/costablancaup.com\\\/es\\\/#organization\"},\"potentialAction\":[{\"@type\":\"SearchAction\",\"target\":{\"@type\":\"EntryPoint\",\"urlTemplate\":\"https:\\\/\\\/costablancaup.com\\\/es\\\/?s={search_term_string}\"},\"query-input\":{\"@type\":\"PropertyValueSpecification\",\"valueRequired\":true,\"valueName\":\"search_term_string\"}}],\"inLanguage\":\"es\"},{\"@type\":\"Organization\",\"@id\":\"https:\\\/\\\/costablancaup.com\\\/es\\\/#organization\",\"name\":\"Costa Blanca Up\",\"url\":\"https:\\\/\\\/costablancaup.com\\\/es\\\/\",\"logo\":{\"@type\":\"ImageObject\",\"inLanguage\":\"es\",\"@id\":\"https:\\\/\\\/costablancaup.com\\\/es\\\/#\\\/schema\\\/logo\\\/image\\\/\",\"url\":\"https:\\\/\\\/costablancaup.com\\\/wp-content\\\/uploads\\\/2018\\\/07\\\/titulo_web-1.png\",\"contentUrl\":\"https:\\\/\\\/costablancaup.com\\\/wp-content\\\/uploads\\\/2018\\\/07\\\/titulo_web-1.png\",\"width\":1973,\"height\":303,\"caption\":\"Costa Blanca Up\"},\"image\":{\"@id\":\"https:\\\/\\\/costablancaup.com\\\/es\\\/#\\\/schema\\\/logo\\\/image\\\/\"}}]}<\/script>\n<!-- \/ Yoast SEO plugin. -->","yoast_head_json":{"title":"Julia Medina: \"No Dejo De Bailar\" - COSTA BLANCA UP","robots":{"index":"index","follow":"follow","max-snippet":"max-snippet:-1","max-image-preview":"max-image-preview:large","max-video-preview":"max-video-preview:-1"},"canonical":"https:\/\/costablancaup.com\/es\/class\/julia-medina-no-dejo-de-bailar-2\/","og_locale":"es_ES","og_type":"article","og_title":"Julia Medina: \"No Dejo De Bailar\" - COSTA BLANCA UP","og_description":"Julia Medina Alicante &#8211; Sala Babel (Alicante)Calle del Comercio, 10, 03008 Alicante, Espa\u00f1a20\/11\/202021:00 Julia Medina presenta \u00abNo Dejo De Bailar\u00bb, un trabajo que supone su puesta de largo en el mundo discogr\u00e1fico, en una gira de conciertos por Espa\u00f1a en los que su p\u00fablico podr\u00e1 disfrutar de la c\u00e1lida voz de la artista y sus bonitas composiciones.","og_url":"https:\/\/costablancaup.com\/es\/class\/julia-medina-no-dejo-de-bailar-2\/","og_site_name":"COSTA BLANCA UP","twitter_card":"summary_large_image","schema":{"@context":"https:\/\/schema.org","@graph":[{"@type":"WebPage","@id":"https:\/\/costablancaup.com\/es\/class\/julia-medina-no-dejo-de-bailar-2\/","url":"https:\/\/costablancaup.com\/es\/class\/julia-medina-no-dejo-de-bailar-2\/","name":"Julia Medina: \"No Dejo De Bailar\" - COSTA BLANCA UP","isPartOf":{"@id":"https:\/\/costablancaup.com\/es\/#website"},"datePublished":"2020-06-19T16:44:45+00:00","breadcrumb":{"@id":"https:\/\/costablancaup.com\/es\/class\/julia-medina-no-dejo-de-bailar-2\/#breadcrumb"},"inLanguage":"es","potentialAction":[{"@type":"ReadAction","target":["https:\/\/costablancaup.com\/es\/class\/julia-medina-no-dejo-de-bailar-2\/"]}]},{"@type":"BreadcrumbList","@id":"https:\/\/costablancaup.com\/es\/class\/julia-medina-no-dejo-de-bailar-2\/#breadcrumb","itemListElement":[{"@type":"ListItem","position":1,"name":"Home","item":"https:\/\/costablancaup.com\/es\/"},{"@type":"ListItem","position":2,"name":"Julia Medina: &#171;No Dejo De Bailar&#187;"}]},{"@type":"WebSite","@id":"https:\/\/costablancaup.com\/es\/#website","url":"https:\/\/costablancaup.com\/es\/","name":"COSTA BLANCA UP","description":"Costa Blanca Events and Agenda","publisher":{"@id":"https:\/\/costablancaup.com\/es\/#organization"},"potentialAction":[{"@type":"SearchAction","target":{"@type":"EntryPoint","urlTemplate":"https:\/\/costablancaup.com\/es\/?s={search_term_string}"},"query-input":{"@type":"PropertyValueSpecification","valueRequired":true,"valueName":"search_term_string"}}],"inLanguage":"es"},{"@type":"Organization","@id":"https:\/\/costablancaup.com\/es\/#organization","name":"Costa Blanca Up","url":"https:\/\/costablancaup.com\/es\/","logo":{"@type":"ImageObject","inLanguage":"es","@id":"https:\/\/costablancaup.com\/es\/#\/schema\/logo\/image\/","url":"https:\/\/costablancaup.com\/wp-content\/uploads\/2018\/07\/titulo_web-1.png","contentUrl":"https:\/\/costablancaup.com\/wp-content\/uploads\/2018\/07\/titulo_web-1.png","width":1973,"height":303,"caption":"Costa Blanca Up"},"image":{"@id":"https:\/\/costablancaup.com\/es\/#\/schema\/logo\/image\/"}}]}},"_links":{"self":[{"href":"https:\/\/costablancaup.com\/es\/wp-json\/wp\/v2\/class\/43424","targetHints":{"allow":["GET"]}}],"collection":[{"href":"https:\/\/costablancaup.com\/es\/wp-json\/wp\/v2\/class"}],"about":[{"href":"https:\/\/costablancaup.com\/es\/wp-json\/wp\/v2\/types\/class"}],"wp:attachment":[{"href":"https:\/\/costablancaup.com\/es\/wp-json\/wp\/v2\/media?parent=43424"}],"wp:term":[{"taxonomy":"wcs-type","embeddable":true,"href":"https:\/\/costablancaup.com\/es\/wp-json\/wp\/v2\/wcs-type?post=43424"},{"taxonomy":"wcs-room","embeddable":true,"href":"https:\/\/costablancaup.com\/es\/wp-json\/wp\/v2\/wcs-room?post=43424"},{"taxonomy":"wcs-instructor","embeddable":true,"href":"https:\/\/costablancaup.com\/es\/wp-json\/wp\/v2\/wcs-instructor?post=43424"}],"curies":[{"name":"wp","href":"https:\/\/api.w.org\/{rel}","templated":true}]}}

<h2>Julia Medina</h2>
<p>Alicante &#8211; Sala Babel (Alicante)<br />Calle del Comercio, 10, 03008 Alicante, España<br />20/11/2020<br />21:00</p>
<p><em>Julia Medina</em> presenta «No Dejo De Bailar», un trabajo que supone su puesta de largo en el mundo discográfico, en una gira de conciertos por España en los que su público podrá disfrutar de la cálida voz de la artista y sus bonitas composiciones.</p>

<p>Julia Medina Alicante &#8211; Sala Babel (Alicante)Calle del Comercio, 10, 03008 Alicante, España20/11/202021:00 Julia Medina presenta «No Dejo De Bailar», un trabajo que supone su puesta de largo en el mundo discográfico, en una gira de conciertos por España en los que su público podrá disfrutar de la cálida voz de la artista y sus bonitas composiciones.</p>

<!-- This site is optimized with the Yoast SEO plugin v27.4 - https://yoast.com/product/yoast-seo-wordpress/ -->
<title>Julia Medina: &quot;No Dejo De Bailar&quot; - COSTA BLANCA UP</title>
<meta name="robots" content="index, follow, max-snippet:-1, max-image-preview:large, max-video-preview:-1" />
<link rel="canonical" href="https://costablancaup.com/es/class/julia-medina-no-dejo-de-bailar-2/" />
<meta property="og:locale" content="es_ES" />
<meta property="og:type" content="article" />
<meta property="og:title" content="Julia Medina: &quot;No Dejo De Bailar&quot; - COSTA BLANCA UP" />
<meta property="og:description" content="Julia Medina Alicante &#8211; Sala Babel (Alicante)Calle del Comercio, 10, 03008 Alicante, España20/11/202021:00 Julia Medina presenta «No Dejo De Bailar», un trabajo que supone su puesta de largo en el mundo discográfico, en una gira de conciertos por España en los que su público podrá disfrutar de la cálida voz de la artista y sus bonitas composiciones." />
<meta property="og:url" content="https://costablancaup.com/es/class/julia-medina-no-dejo-de-bailar-2/" />
<meta property="og:site_name" content="COSTA BLANCA UP" />
<meta name="twitter:card" content="summary_large_image" />
<script type="application/ld+json" class="yoast-schema-graph">{"@context":"https:\/\/schema.org","@graph":[{"@type":"WebPage","@id":"https:\/\/costablancaup.com\/es\/class\/julia-medina-no-dejo-de-bailar-2\/","url":"https:\/\/costablancaup.com\/es\/class\/julia-medina-no-dejo-de-bailar-2\/","name":"Julia Medina: \"No Dejo De Bailar\" - COSTA BLANCA UP","isPartOf":{"@id":"https:\/\/costablancaup.com\/es\/#website"},"datePublished":"2020-06-19T16:44:45+00:00","breadcrumb":{"@id":"https:\/\/costablancaup.com\/es\/class\/julia-medina-no-dejo-de-bailar-2\/#breadcrumb"},"inLanguage":"es","potentialAction":[{"@type":"ReadAction","target":["https:\/\/costablancaup.com\/es\/class\/julia-medina-no-dejo-de-bailar-2\/"]}]},{"@type":"BreadcrumbList","@id":"https:\/\/costablancaup.com\/es\/class\/julia-medina-no-dejo-de-bailar-2\/#breadcrumb","itemListElement":[{"@type":"ListItem","position":1,"name":"Home","item":"https:\/\/costablancaup.com\/es\/"},{"@type":"ListItem","position":2,"name":"Julia Medina: &#171;No Dejo De Bailar&#187;"}]},{"@type":"WebSite","@id":"https:\/\/costablancaup.com\/es\/#website","url":"https:\/\/costablancaup.com\/es\/","name":"COSTA BLANCA UP","description":"Costa Blanca Events and Agenda","publisher":{"@id":"https:\/\/costablancaup.com\/es\/#organization"},"potentialAction":[{"@type":"SearchAction","target":{"@type":"EntryPoint","urlTemplate":"https:\/\/costablancaup.com\/es\/?s={search_term_string}"},"query-input":{"@type":"PropertyValueSpecification","valueRequired":true,"valueName":"search_term_string"}}],"inLanguage":"es"},{"@type":"Organization","@id":"https:\/\/costablancaup.com\/es\/#organization","name":"Costa Blanca Up","url":"https:\/\/costablancaup.com\/es\/","logo":{"@type":"ImageObject","inLanguage":"es","@id":"https:\/\/costablancaup.com\/es\/#\/schema\/logo\/image\/","url":"https:\/\/costablancaup.com\/wp-content\/uploads\/2018\/07\/titulo_web-1.png","contentUrl":"https:\/\/costablancaup.com\/wp-content\/uploads\/2018\/07\/titulo_web-1.png","width":1973,"height":303,"caption":"Costa Blanca Up"},"image":{"@id":"https:\/\/costablancaup.com\/es\/#\/schema\/logo\/image\/"}}]}</script>
<!-- / Yoast SEO plugin. -->

Julia Medina Alicante &#8211; Sala Babel (Alicante)Calle del Comercio, 10, 03008 Alicante, España20/11/202021:00 Julia Medina presenta «No Dejo De Bailar», un trabajo que supone su puesta de largo en el mundo discográfico, en una gira de conciertos por España en los que su público podrá disfrutar de la cálida voz de la artista y sus bonitas composiciones.
