{"id":43465,"date":"2020-06-17T17:09:01","date_gmt":"2020-06-17T15:09:01","guid":{"rendered":"https:\/\/costablancaup.com\/?post_type=class&#038;p=43465"},"modified":"2020-06-17T17:10:27","modified_gmt":"2020-06-17T15:10:27","slug":"sergio-dalma-30-y-tanto","status":"publish","type":"class","link":"https:\/\/costablancaup.com\/es\/class\/sergio-dalma-30-y-tanto\/","title":{"rendered":"Sergio Dalma: \u00ab30&#8230; y Tanto\u00bb"},"content":{"rendered":"<h2>Sergio Dalma<\/h2>\n<p>Elche &#8211; Parc Municipal<br \/>Paseo de la Estaci\u00f3n, s\/n, 03202 Elche, Alicante, Espa\u00f1a<br \/>15\/05\/2021<br \/>21:30<\/p>\n<p><em>Sergio Dalma<\/em>, uno de los cantantes referentes del pop espa\u00f1ol de los a\u00f1os 90 hasta la actualidad, presenta su \u00faltimo trabajo \u00ab30&#8230; y Tanto\u00bb, en el que el artista conmemora su trayectoria musical con una recopilaci\u00f3n de sus canciones, muchas de ellas baladas.\u00a0<\/p>\n","protected":false},"excerpt":{"rendered":"<p>Sergio Dalma Elche &#8211; Parc MunicipalPaseo de la Estaci\u00f3n, s\/n, 03202 Elche, Alicante, Espa\u00f1a15\/05\/202121:30 Sergio Dalma, uno de los cantantes referentes del pop espa\u00f1ol de los a\u00f1os 90 hasta la actualidad, presenta su \u00faltimo trabajo \u00ab30&#8230; y Tanto\u00bb, en el que el artista conmemora su trayectoria musical con una recopilaci\u00f3n de sus canciones, muchas de ellas baladas.\u00a0<\/p>\n","protected":false},"template":"","meta":[],"wcs-type":[5046],"wcs-room":[6392],"wcs-instructor":[],"class_list":["post-43465","class","type-class","status-publish","hentry","wcs-type-musica","wcs-room-elche-parc-municipal"],"yoast_head":"<!-- This site is optimized with the Yoast SEO plugin v27.4 - https:\/\/yoast.com\/product\/yoast-seo-wordpress\/ -->\n<title>Sergio Dalma: &quot;30... y Tanto&quot; - COSTA BLANCA UP<\/title>\n<meta name=\"robots\" content=\"index, follow, max-snippet:-1, max-image-preview:large, max-video-preview:-1\" \/>\n<link rel=\"canonical\" href=\"https:\/\/costablancaup.com\/es\/class\/sergio-dalma-30-y-tanto\/\" \/>\n<meta property=\"og:locale\" content=\"es_ES\" \/>\n<meta property=\"og:type\" content=\"article\" \/>\n<meta property=\"og:title\" content=\"Sergio Dalma: &quot;30... y Tanto&quot; - COSTA BLANCA UP\" \/>\n<meta property=\"og:description\" content=\"Sergio Dalma Elche &#8211; Parc MunicipalPaseo de la Estaci\u00f3n, s\/n, 03202 Elche, Alicante, Espa\u00f1a15\/05\/202121:30 Sergio Dalma, uno de los cantantes referentes del pop espa\u00f1ol de los a\u00f1os 90 hasta la actualidad, presenta su \u00faltimo trabajo \u00ab30&#8230; y Tanto\u00bb, en el que el artista conmemora su trayectoria musical con una recopilaci\u00f3n de sus canciones, muchas de ellas baladas.\u00a0\" \/>\n<meta property=\"og:url\" content=\"https:\/\/costablancaup.com\/es\/class\/sergio-dalma-30-y-tanto\/\" \/>\n<meta property=\"og:site_name\" content=\"COSTA BLANCA UP\" \/>\n<meta property=\"article:modified_time\" content=\"2020-06-17T15:10:27+00:00\" \/>\n<meta name=\"twitter:card\" content=\"summary_large_image\" \/>\n<script type=\"application\/ld+json\" class=\"yoast-schema-graph\">{\"@context\":\"https:\\\/\\\/schema.org\",\"@graph\":[{\"@type\":\"WebPage\",\"@id\":\"https:\\\/\\\/costablancaup.com\\\/es\\\/class\\\/sergio-dalma-30-y-tanto\\\/\",\"url\":\"https:\\\/\\\/costablancaup.com\\\/es\\\/class\\\/sergio-dalma-30-y-tanto\\\/\",\"name\":\"Sergio Dalma: \\\"30... y Tanto\\\" - COSTA BLANCA UP\",\"isPartOf\":{\"@id\":\"https:\\\/\\\/costablancaup.com\\\/es\\\/#website\"},\"datePublished\":\"2020-06-17T15:09:01+00:00\",\"dateModified\":\"2020-06-17T15:10:27+00:00\",\"breadcrumb\":{\"@id\":\"https:\\\/\\\/costablancaup.com\\\/es\\\/class\\\/sergio-dalma-30-y-tanto\\\/#breadcrumb\"},\"inLanguage\":\"es\",\"potentialAction\":[{\"@type\":\"ReadAction\",\"target\":[\"https:\\\/\\\/costablancaup.com\\\/es\\\/class\\\/sergio-dalma-30-y-tanto\\\/\"]}]},{\"@type\":\"BreadcrumbList\",\"@id\":\"https:\\\/\\\/costablancaup.com\\\/es\\\/class\\\/sergio-dalma-30-y-tanto\\\/#breadcrumb\",\"itemListElement\":[{\"@type\":\"ListItem\",\"position\":1,\"name\":\"Home\",\"item\":\"https:\\\/\\\/costablancaup.com\\\/es\\\/\"},{\"@type\":\"ListItem\",\"position\":2,\"name\":\"Sergio Dalma: &#171;30&#8230; y Tanto&#187;\"}]},{\"@type\":\"WebSite\",\"@id\":\"https:\\\/\\\/costablancaup.com\\\/es\\\/#website\",\"url\":\"https:\\\/\\\/costablancaup.com\\\/es\\\/\",\"name\":\"COSTA BLANCA UP\",\"description\":\"Costa Blanca Events and Agenda\",\"publisher\":{\"@id\":\"https:\\\/\\\/costablancaup.com\\\/es\\\/#organization\"},\"potentialAction\":[{\"@type\":\"SearchAction\",\"target\":{\"@type\":\"EntryPoint\",\"urlTemplate\":\"https:\\\/\\\/costablancaup.com\\\/es\\\/?s={search_term_string}\"},\"query-input\":{\"@type\":\"PropertyValueSpecification\",\"valueRequired\":true,\"valueName\":\"search_term_string\"}}],\"inLanguage\":\"es\"},{\"@type\":\"Organization\",\"@id\":\"https:\\\/\\\/costablancaup.com\\\/es\\\/#organization\",\"name\":\"Costa Blanca Up\",\"url\":\"https:\\\/\\\/costablancaup.com\\\/es\\\/\",\"logo\":{\"@type\":\"ImageObject\",\"inLanguage\":\"es\",\"@id\":\"https:\\\/\\\/costablancaup.com\\\/es\\\/#\\\/schema\\\/logo\\\/image\\\/\",\"url\":\"https:\\\/\\\/costablancaup.com\\\/wp-content\\\/uploads\\\/2018\\\/07\\\/titulo_web-1.png\",\"contentUrl\":\"https:\\\/\\\/costablancaup.com\\\/wp-content\\\/uploads\\\/2018\\\/07\\\/titulo_web-1.png\",\"width\":1973,\"height\":303,\"caption\":\"Costa Blanca Up\"},\"image\":{\"@id\":\"https:\\\/\\\/costablancaup.com\\\/es\\\/#\\\/schema\\\/logo\\\/image\\\/\"}}]}<\/script>\n<!-- \/ Yoast SEO plugin. -->","yoast_head_json":{"title":"Sergio Dalma: \"30... y Tanto\" - COSTA BLANCA UP","robots":{"index":"index","follow":"follow","max-snippet":"max-snippet:-1","max-image-preview":"max-image-preview:large","max-video-preview":"max-video-preview:-1"},"canonical":"https:\/\/costablancaup.com\/es\/class\/sergio-dalma-30-y-tanto\/","og_locale":"es_ES","og_type":"article","og_title":"Sergio Dalma: \"30... y Tanto\" - COSTA BLANCA UP","og_description":"Sergio Dalma Elche &#8211; Parc MunicipalPaseo de la Estaci\u00f3n, s\/n, 03202 Elche, Alicante, Espa\u00f1a15\/05\/202121:30 Sergio Dalma, uno de los cantantes referentes del pop espa\u00f1ol de los a\u00f1os 90 hasta la actualidad, presenta su \u00faltimo trabajo \u00ab30&#8230; y Tanto\u00bb, en el que el artista conmemora su trayectoria musical con una recopilaci\u00f3n de sus canciones, muchas de ellas baladas.\u00a0","og_url":"https:\/\/costablancaup.com\/es\/class\/sergio-dalma-30-y-tanto\/","og_site_name":"COSTA BLANCA UP","article_modified_time":"2020-06-17T15:10:27+00:00","twitter_card":"summary_large_image","schema":{"@context":"https:\/\/schema.org","@graph":[{"@type":"WebPage","@id":"https:\/\/costablancaup.com\/es\/class\/sergio-dalma-30-y-tanto\/","url":"https:\/\/costablancaup.com\/es\/class\/sergio-dalma-30-y-tanto\/","name":"Sergio Dalma: \"30... y Tanto\" - COSTA BLANCA UP","isPartOf":{"@id":"https:\/\/costablancaup.com\/es\/#website"},"datePublished":"2020-06-17T15:09:01+00:00","dateModified":"2020-06-17T15:10:27+00:00","breadcrumb":{"@id":"https:\/\/costablancaup.com\/es\/class\/sergio-dalma-30-y-tanto\/#breadcrumb"},"inLanguage":"es","potentialAction":[{"@type":"ReadAction","target":["https:\/\/costablancaup.com\/es\/class\/sergio-dalma-30-y-tanto\/"]}]},{"@type":"BreadcrumbList","@id":"https:\/\/costablancaup.com\/es\/class\/sergio-dalma-30-y-tanto\/#breadcrumb","itemListElement":[{"@type":"ListItem","position":1,"name":"Home","item":"https:\/\/costablancaup.com\/es\/"},{"@type":"ListItem","position":2,"name":"Sergio Dalma: &#171;30&#8230; y Tanto&#187;"}]},{"@type":"WebSite","@id":"https:\/\/costablancaup.com\/es\/#website","url":"https:\/\/costablancaup.com\/es\/","name":"COSTA BLANCA UP","description":"Costa Blanca Events and Agenda","publisher":{"@id":"https:\/\/costablancaup.com\/es\/#organization"},"potentialAction":[{"@type":"SearchAction","target":{"@type":"EntryPoint","urlTemplate":"https:\/\/costablancaup.com\/es\/?s={search_term_string}"},"query-input":{"@type":"PropertyValueSpecification","valueRequired":true,"valueName":"search_term_string"}}],"inLanguage":"es"},{"@type":"Organization","@id":"https:\/\/costablancaup.com\/es\/#organization","name":"Costa Blanca Up","url":"https:\/\/costablancaup.com\/es\/","logo":{"@type":"ImageObject","inLanguage":"es","@id":"https:\/\/costablancaup.com\/es\/#\/schema\/logo\/image\/","url":"https:\/\/costablancaup.com\/wp-content\/uploads\/2018\/07\/titulo_web-1.png","contentUrl":"https:\/\/costablancaup.com\/wp-content\/uploads\/2018\/07\/titulo_web-1.png","width":1973,"height":303,"caption":"Costa Blanca Up"},"image":{"@id":"https:\/\/costablancaup.com\/es\/#\/schema\/logo\/image\/"}}]}},"_links":{"self":[{"href":"https:\/\/costablancaup.com\/es\/wp-json\/wp\/v2\/class\/43465","targetHints":{"allow":["GET"]}}],"collection":[{"href":"https:\/\/costablancaup.com\/es\/wp-json\/wp\/v2\/class"}],"about":[{"href":"https:\/\/costablancaup.com\/es\/wp-json\/wp\/v2\/types\/class"}],"wp:attachment":[{"href":"https:\/\/costablancaup.com\/es\/wp-json\/wp\/v2\/media?parent=43465"}],"wp:term":[{"taxonomy":"wcs-type","embeddable":true,"href":"https:\/\/costablancaup.com\/es\/wp-json\/wp\/v2\/wcs-type?post=43465"},{"taxonomy":"wcs-room","embeddable":true,"href":"https:\/\/costablancaup.com\/es\/wp-json\/wp\/v2\/wcs-room?post=43465"},{"taxonomy":"wcs-instructor","embeddable":true,"href":"https:\/\/costablancaup.com\/es\/wp-json\/wp\/v2\/wcs-instructor?post=43465"}],"curies":[{"name":"wp","href":"https:\/\/api.w.org\/{rel}","templated":true}]}}

<h2>Sergio Dalma</h2>
<p>Elche &#8211; Parc Municipal<br />Paseo de la Estación, s/n, 03202 Elche, Alicante, España<br />15/05/2021<br />21:30</p>
<p><em>Sergio Dalma</em>, uno de los cantantes referentes del pop español de los años 90 hasta la actualidad, presenta su último trabajo «30&#8230; y Tanto», en el que el artista conmemora su trayectoria musical con una recopilación de sus canciones, muchas de ellas baladas. </p>

<p>Sergio Dalma Elche &#8211; Parc MunicipalPaseo de la Estación, s/n, 03202 Elche, Alicante, España15/05/202121:30 Sergio Dalma, uno de los cantantes referentes del pop español de los años 90 hasta la actualidad, presenta su último trabajo «30&#8230; y Tanto», en el que el artista conmemora su trayectoria musical con una recopilación de sus canciones, muchas de ellas baladas. </p>

<!-- This site is optimized with the Yoast SEO plugin v27.4 - https://yoast.com/product/yoast-seo-wordpress/ -->
<title>Sergio Dalma: &quot;30... y Tanto&quot; - COSTA BLANCA UP</title>
<meta name="robots" content="index, follow, max-snippet:-1, max-image-preview:large, max-video-preview:-1" />
<link rel="canonical" href="https://costablancaup.com/es/class/sergio-dalma-30-y-tanto/" />
<meta property="og:locale" content="es_ES" />
<meta property="og:type" content="article" />
<meta property="og:title" content="Sergio Dalma: &quot;30... y Tanto&quot; - COSTA BLANCA UP" />
<meta property="og:description" content="Sergio Dalma Elche &#8211; Parc MunicipalPaseo de la Estación, s/n, 03202 Elche, Alicante, España15/05/202121:30 Sergio Dalma, uno de los cantantes referentes del pop español de los años 90 hasta la actualidad, presenta su último trabajo «30&#8230; y Tanto», en el que el artista conmemora su trayectoria musical con una recopilación de sus canciones, muchas de ellas baladas. " />
<meta property="og:url" content="https://costablancaup.com/es/class/sergio-dalma-30-y-tanto/" />
<meta property="og:site_name" content="COSTA BLANCA UP" />
<meta property="article:modified_time" content="2020-06-17T15:10:27+00:00" />
<meta name="twitter:card" content="summary_large_image" />
<script type="application/ld+json" class="yoast-schema-graph">{"@context":"https:\/\/schema.org","@graph":[{"@type":"WebPage","@id":"https:\/\/costablancaup.com\/es\/class\/sergio-dalma-30-y-tanto\/","url":"https:\/\/costablancaup.com\/es\/class\/sergio-dalma-30-y-tanto\/","name":"Sergio Dalma: \"30... y Tanto\" - COSTA BLANCA UP","isPartOf":{"@id":"https:\/\/costablancaup.com\/es\/#website"},"datePublished":"2020-06-17T15:09:01+00:00","dateModified":"2020-06-17T15:10:27+00:00","breadcrumb":{"@id":"https:\/\/costablancaup.com\/es\/class\/sergio-dalma-30-y-tanto\/#breadcrumb"},"inLanguage":"es","potentialAction":[{"@type":"ReadAction","target":["https:\/\/costablancaup.com\/es\/class\/sergio-dalma-30-y-tanto\/"]}]},{"@type":"BreadcrumbList","@id":"https:\/\/costablancaup.com\/es\/class\/sergio-dalma-30-y-tanto\/#breadcrumb","itemListElement":[{"@type":"ListItem","position":1,"name":"Home","item":"https:\/\/costablancaup.com\/es\/"},{"@type":"ListItem","position":2,"name":"Sergio Dalma: &#171;30&#8230; y Tanto&#187;"}]},{"@type":"WebSite","@id":"https:\/\/costablancaup.com\/es\/#website","url":"https:\/\/costablancaup.com\/es\/","name":"COSTA BLANCA UP","description":"Costa Blanca Events and Agenda","publisher":{"@id":"https:\/\/costablancaup.com\/es\/#organization"},"potentialAction":[{"@type":"SearchAction","target":{"@type":"EntryPoint","urlTemplate":"https:\/\/costablancaup.com\/es\/?s={search_term_string}"},"query-input":{"@type":"PropertyValueSpecification","valueRequired":true,"valueName":"search_term_string"}}],"inLanguage":"es"},{"@type":"Organization","@id":"https:\/\/costablancaup.com\/es\/#organization","name":"Costa Blanca Up","url":"https:\/\/costablancaup.com\/es\/","logo":{"@type":"ImageObject","inLanguage":"es","@id":"https:\/\/costablancaup.com\/es\/#\/schema\/logo\/image\/","url":"https:\/\/costablancaup.com\/wp-content\/uploads\/2018\/07\/titulo_web-1.png","contentUrl":"https:\/\/costablancaup.com\/wp-content\/uploads\/2018\/07\/titulo_web-1.png","width":1973,"height":303,"caption":"Costa Blanca Up"},"image":{"@id":"https:\/\/costablancaup.com\/es\/#\/schema\/logo\/image\/"}}]}</script>
<!-- / Yoast SEO plugin. -->

Sergio Dalma Elche &#8211; Parc MunicipalPaseo de la Estación, s/n, 03202 Elche, Alicante, España15/05/202121:30 Sergio Dalma, uno de los cantantes referentes del pop español de los años 90 hasta la actualidad, presenta su último trabajo «30&#8230; y Tanto», en el que el artista conmemora su trayectoria musical con una recopilación de sus canciones, muchas de ellas baladas.
