{"id":46465,"date":"2020-10-09T12:04:20","date_gmt":"2020-10-09T10:04:20","guid":{"rendered":"https:\/\/costablancaup.com\/?post_type=class&#038;p=46465"},"modified":"2020-10-09T12:04:20","modified_gmt":"2020-10-09T10:04:20","slug":"european-green-week-2020","status":"publish","type":"class","link":"https:\/\/costablancaup.com\/es\/class\/european-green-week-2020\/","title":{"rendered":"\u00abEuropean Green Week 2020\u00bb"},"content":{"rendered":"<h2>Alicante celebra por primera vez la semana verde europea el pr\u00f3ximo s\u00e1bado 17 de octubre.<\/h2>\n<p>Alicante se alinea as\u00ed con numerosas capitales europeas en una jornada reivindicativa, de contacto y concienciaci\u00f3n en torno a la naturaleza y la biodiversidad. <\/p>\n<p>Para tal celebraci\u00f3n se han organizado una serie de actividades como una exhibici\u00f3n de skatepark, talleres de sostenibilidad y visitas guiadas por el <em>parque La Marjal<\/em>.<\/p>\n<h3>Programa<\/h3>\n<p><img loading=\"lazy\" decoding=\"async\" src=\"https:\/\/costablancaup.com\/wp-content\/uploads\/2020\/10\/european-green-week-alicante-2020-programa.jpg\" alt=\"European Green Week 2020: programa\" width=\"800\" height=\"1204\" class=\"aligncenter size-full wp-image-46461\" srcset=\"https:\/\/costablancaup.com\/wp-content\/uploads\/2020\/10\/european-green-week-alicante-2020-programa.jpg 800w, https:\/\/costablancaup.com\/wp-content\/uploads\/2020\/10\/european-green-week-alicante-2020-programa-199x300.jpg 199w, https:\/\/costablancaup.com\/wp-content\/uploads\/2020\/10\/european-green-week-alicante-2020-programa-680x1024.jpg 680w, https:\/\/costablancaup.com\/wp-content\/uploads\/2020\/10\/european-green-week-alicante-2020-programa-768x1156.jpg 768w, https:\/\/costablancaup.com\/wp-content\/uploads\/2020\/10\/european-green-week-alicante-2020-programa-400x602.jpg 400w\" sizes=\"auto, (max-width: 800px) 100vw, 800px\" \/><\/p>\n","protected":false},"excerpt":{"rendered":"<p>Alicante celebra por primera vez la semana verde europea el pr\u00f3ximo s\u00e1bado 17 de octubre. Alicante se alinea as\u00ed con numerosas capitales europeas en una jornada reivindicativa, de contacto y concienciaci\u00f3n en torno a la naturaleza y la biodiversidad. Para tal celebraci\u00f3n se han organizado una serie de actividades como una exhibici\u00f3n de skatepark, talleres de sostenibilidad y visitas guiadas por el parque La Marjal. Programa<\/p>\n","protected":false},"template":"","meta":[],"wcs-type":[5222,5215,5226,5383],"wcs-room":[5378,6059],"wcs-instructor":[],"class_list":["post-46465","class","type-class","status-publish","hentry","wcs-type-cursos","wcs-type-deportes","wcs-type-otros","wcs-type-visitas","wcs-room-parque-la-marjal-alicante","wcs-room-parque-monte-tossal-alicante"],"yoast_head":"<!-- This site is optimized with the Yoast SEO plugin v27.4 - https:\/\/yoast.com\/product\/yoast-seo-wordpress\/ -->\n<title>&quot;European Green Week 2020&quot; - COSTA BLANCA UP<\/title>\n<meta name=\"robots\" content=\"index, follow, max-snippet:-1, max-image-preview:large, max-video-preview:-1\" \/>\n<link rel=\"canonical\" href=\"https:\/\/costablancaup.com\/es\/class\/european-green-week-2020\/\" \/>\n<meta property=\"og:locale\" content=\"es_ES\" \/>\n<meta property=\"og:type\" content=\"article\" \/>\n<meta property=\"og:title\" content=\"&quot;European Green Week 2020&quot; - COSTA BLANCA UP\" \/>\n<meta property=\"og:description\" content=\"Alicante celebra por primera vez la semana verde europea el pr\u00f3ximo s\u00e1bado 17 de octubre. Alicante se alinea as\u00ed con numerosas capitales europeas en una jornada reivindicativa, de contacto y concienciaci\u00f3n en torno a la naturaleza y la biodiversidad. Para tal celebraci\u00f3n se han organizado una serie de actividades como una exhibici\u00f3n de skatepark, talleres de sostenibilidad y visitas guiadas por el parque La Marjal. Programa\" \/>\n<meta property=\"og:url\" content=\"https:\/\/costablancaup.com\/es\/class\/european-green-week-2020\/\" \/>\n<meta property=\"og:site_name\" content=\"COSTA BLANCA UP\" \/>\n<meta property=\"og:image\" content=\"https:\/\/costablancaup.com\/wp-content\/uploads\/2020\/10\/european-green-week-alicante-2020-programa.jpg\" \/>\n<meta name=\"twitter:card\" content=\"summary_large_image\" \/>\n<script type=\"application\/ld+json\" class=\"yoast-schema-graph\">{\"@context\":\"https:\\\/\\\/schema.org\",\"@graph\":[{\"@type\":\"WebPage\",\"@id\":\"https:\\\/\\\/costablancaup.com\\\/es\\\/class\\\/european-green-week-2020\\\/\",\"url\":\"https:\\\/\\\/costablancaup.com\\\/es\\\/class\\\/european-green-week-2020\\\/\",\"name\":\"\\\"European Green Week 2020\\\" - COSTA BLANCA UP\",\"isPartOf\":{\"@id\":\"https:\\\/\\\/costablancaup.com\\\/es\\\/#website\"},\"primaryImageOfPage\":{\"@id\":\"https:\\\/\\\/costablancaup.com\\\/es\\\/class\\\/european-green-week-2020\\\/#primaryimage\"},\"image\":{\"@id\":\"https:\\\/\\\/costablancaup.com\\\/es\\\/class\\\/european-green-week-2020\\\/#primaryimage\"},\"thumbnailUrl\":\"https:\\\/\\\/costablancaup.com\\\/wp-content\\\/uploads\\\/2020\\\/10\\\/european-green-week-alicante-2020-programa.jpg\",\"datePublished\":\"2020-10-09T10:04:20+00:00\",\"breadcrumb\":{\"@id\":\"https:\\\/\\\/costablancaup.com\\\/es\\\/class\\\/european-green-week-2020\\\/#breadcrumb\"},\"inLanguage\":\"es\",\"potentialAction\":[{\"@type\":\"ReadAction\",\"target\":[\"https:\\\/\\\/costablancaup.com\\\/es\\\/class\\\/european-green-week-2020\\\/\"]}]},{\"@type\":\"ImageObject\",\"inLanguage\":\"es\",\"@id\":\"https:\\\/\\\/costablancaup.com\\\/es\\\/class\\\/european-green-week-2020\\\/#primaryimage\",\"url\":\"https:\\\/\\\/costablancaup.com\\\/wp-content\\\/uploads\\\/2020\\\/10\\\/european-green-week-alicante-2020-programa.jpg\",\"contentUrl\":\"https:\\\/\\\/costablancaup.com\\\/wp-content\\\/uploads\\\/2020\\\/10\\\/european-green-week-alicante-2020-programa.jpg\"},{\"@type\":\"BreadcrumbList\",\"@id\":\"https:\\\/\\\/costablancaup.com\\\/es\\\/class\\\/european-green-week-2020\\\/#breadcrumb\",\"itemListElement\":[{\"@type\":\"ListItem\",\"position\":1,\"name\":\"Home\",\"item\":\"https:\\\/\\\/costablancaup.com\\\/es\\\/\"},{\"@type\":\"ListItem\",\"position\":2,\"name\":\"\u00abEuropean Green Week 2020\u00bb\"}]},{\"@type\":\"WebSite\",\"@id\":\"https:\\\/\\\/costablancaup.com\\\/es\\\/#website\",\"url\":\"https:\\\/\\\/costablancaup.com\\\/es\\\/\",\"name\":\"COSTA BLANCA UP\",\"description\":\"Costa Blanca Events and Agenda\",\"publisher\":{\"@id\":\"https:\\\/\\\/costablancaup.com\\\/es\\\/#organization\"},\"potentialAction\":[{\"@type\":\"SearchAction\",\"target\":{\"@type\":\"EntryPoint\",\"urlTemplate\":\"https:\\\/\\\/costablancaup.com\\\/es\\\/?s={search_term_string}\"},\"query-input\":{\"@type\":\"PropertyValueSpecification\",\"valueRequired\":true,\"valueName\":\"search_term_string\"}}],\"inLanguage\":\"es\"},{\"@type\":\"Organization\",\"@id\":\"https:\\\/\\\/costablancaup.com\\\/es\\\/#organization\",\"name\":\"Costa Blanca Up\",\"url\":\"https:\\\/\\\/costablancaup.com\\\/es\\\/\",\"logo\":{\"@type\":\"ImageObject\",\"inLanguage\":\"es\",\"@id\":\"https:\\\/\\\/costablancaup.com\\\/es\\\/#\\\/schema\\\/logo\\\/image\\\/\",\"url\":\"https:\\\/\\\/costablancaup.com\\\/wp-content\\\/uploads\\\/2018\\\/07\\\/titulo_web-1.png\",\"contentUrl\":\"https:\\\/\\\/costablancaup.com\\\/wp-content\\\/uploads\\\/2018\\\/07\\\/titulo_web-1.png\",\"width\":1973,\"height\":303,\"caption\":\"Costa Blanca Up\"},\"image\":{\"@id\":\"https:\\\/\\\/costablancaup.com\\\/es\\\/#\\\/schema\\\/logo\\\/image\\\/\"}}]}<\/script>\n<!-- \/ Yoast SEO plugin. -->","yoast_head_json":{"title":"\"European Green Week 2020\" - COSTA BLANCA UP","robots":{"index":"index","follow":"follow","max-snippet":"max-snippet:-1","max-image-preview":"max-image-preview:large","max-video-preview":"max-video-preview:-1"},"canonical":"https:\/\/costablancaup.com\/es\/class\/european-green-week-2020\/","og_locale":"es_ES","og_type":"article","og_title":"\"European Green Week 2020\" - COSTA BLANCA UP","og_description":"Alicante celebra por primera vez la semana verde europea el pr\u00f3ximo s\u00e1bado 17 de octubre. Alicante se alinea as\u00ed con numerosas capitales europeas en una jornada reivindicativa, de contacto y concienciaci\u00f3n en torno a la naturaleza y la biodiversidad. Para tal celebraci\u00f3n se han organizado una serie de actividades como una exhibici\u00f3n de skatepark, talleres de sostenibilidad y visitas guiadas por el parque La Marjal. Programa","og_url":"https:\/\/costablancaup.com\/es\/class\/european-green-week-2020\/","og_site_name":"COSTA BLANCA UP","og_image":[{"url":"https:\/\/costablancaup.com\/wp-content\/uploads\/2020\/10\/european-green-week-alicante-2020-programa.jpg","type":"","width":"","height":""}],"twitter_card":"summary_large_image","schema":{"@context":"https:\/\/schema.org","@graph":[{"@type":"WebPage","@id":"https:\/\/costablancaup.com\/es\/class\/european-green-week-2020\/","url":"https:\/\/costablancaup.com\/es\/class\/european-green-week-2020\/","name":"\"European Green Week 2020\" - COSTA BLANCA UP","isPartOf":{"@id":"https:\/\/costablancaup.com\/es\/#website"},"primaryImageOfPage":{"@id":"https:\/\/costablancaup.com\/es\/class\/european-green-week-2020\/#primaryimage"},"image":{"@id":"https:\/\/costablancaup.com\/es\/class\/european-green-week-2020\/#primaryimage"},"thumbnailUrl":"https:\/\/costablancaup.com\/wp-content\/uploads\/2020\/10\/european-green-week-alicante-2020-programa.jpg","datePublished":"2020-10-09T10:04:20+00:00","breadcrumb":{"@id":"https:\/\/costablancaup.com\/es\/class\/european-green-week-2020\/#breadcrumb"},"inLanguage":"es","potentialAction":[{"@type":"ReadAction","target":["https:\/\/costablancaup.com\/es\/class\/european-green-week-2020\/"]}]},{"@type":"ImageObject","inLanguage":"es","@id":"https:\/\/costablancaup.com\/es\/class\/european-green-week-2020\/#primaryimage","url":"https:\/\/costablancaup.com\/wp-content\/uploads\/2020\/10\/european-green-week-alicante-2020-programa.jpg","contentUrl":"https:\/\/costablancaup.com\/wp-content\/uploads\/2020\/10\/european-green-week-alicante-2020-programa.jpg"},{"@type":"BreadcrumbList","@id":"https:\/\/costablancaup.com\/es\/class\/european-green-week-2020\/#breadcrumb","itemListElement":[{"@type":"ListItem","position":1,"name":"Home","item":"https:\/\/costablancaup.com\/es\/"},{"@type":"ListItem","position":2,"name":"\u00abEuropean Green Week 2020\u00bb"}]},{"@type":"WebSite","@id":"https:\/\/costablancaup.com\/es\/#website","url":"https:\/\/costablancaup.com\/es\/","name":"COSTA BLANCA UP","description":"Costa Blanca Events and Agenda","publisher":{"@id":"https:\/\/costablancaup.com\/es\/#organization"},"potentialAction":[{"@type":"SearchAction","target":{"@type":"EntryPoint","urlTemplate":"https:\/\/costablancaup.com\/es\/?s={search_term_string}"},"query-input":{"@type":"PropertyValueSpecification","valueRequired":true,"valueName":"search_term_string"}}],"inLanguage":"es"},{"@type":"Organization","@id":"https:\/\/costablancaup.com\/es\/#organization","name":"Costa Blanca Up","url":"https:\/\/costablancaup.com\/es\/","logo":{"@type":"ImageObject","inLanguage":"es","@id":"https:\/\/costablancaup.com\/es\/#\/schema\/logo\/image\/","url":"https:\/\/costablancaup.com\/wp-content\/uploads\/2018\/07\/titulo_web-1.png","contentUrl":"https:\/\/costablancaup.com\/wp-content\/uploads\/2018\/07\/titulo_web-1.png","width":1973,"height":303,"caption":"Costa Blanca Up"},"image":{"@id":"https:\/\/costablancaup.com\/es\/#\/schema\/logo\/image\/"}}]}},"_links":{"self":[{"href":"https:\/\/costablancaup.com\/es\/wp-json\/wp\/v2\/class\/46465","targetHints":{"allow":["GET"]}}],"collection":[{"href":"https:\/\/costablancaup.com\/es\/wp-json\/wp\/v2\/class"}],"about":[{"href":"https:\/\/costablancaup.com\/es\/wp-json\/wp\/v2\/types\/class"}],"wp:attachment":[{"href":"https:\/\/costablancaup.com\/es\/wp-json\/wp\/v2\/media?parent=46465"}],"wp:term":[{"taxonomy":"wcs-type","embeddable":true,"href":"https:\/\/costablancaup.com\/es\/wp-json\/wp\/v2\/wcs-type?post=46465"},{"taxonomy":"wcs-room","embeddable":true,"href":"https:\/\/costablancaup.com\/es\/wp-json\/wp\/v2\/wcs-room?post=46465"},{"taxonomy":"wcs-instructor","embeddable":true,"href":"https:\/\/costablancaup.com\/es\/wp-json\/wp\/v2\/wcs-instructor?post=46465"}],"curies":[{"name":"wp","href":"https:\/\/api.w.org\/{rel}","templated":true}]}}

<h2>Alicante celebra por primera vez la semana verde europea el próximo sábado 17 de octubre.</h2>
<p>Alicante se alinea así con numerosas capitales europeas en una jornada reivindicativa, de contacto y concienciación en torno a la naturaleza y la biodiversidad. </p>
<p>Para tal celebración se han organizado una serie de actividades como una exhibición de skatepark, talleres de sostenibilidad y visitas guiadas por el <em>parque La Marjal</em>.</p>
<h3>Programa</h3>
<p><img loading="lazy" decoding="async" src="https://costablancaup.com/wp-content/uploads/2020/10/european-green-week-alicante-2020-programa.jpg" alt="European Green Week 2020: programa" width="800" height="1204" class="aligncenter size-full wp-image-46461" srcset="https://costablancaup.com/wp-content/uploads/2020/10/european-green-week-alicante-2020-programa.jpg 800w, https://costablancaup.com/wp-content/uploads/2020/10/european-green-week-alicante-2020-programa-199x300.jpg 199w, https://costablancaup.com/wp-content/uploads/2020/10/european-green-week-alicante-2020-programa-680x1024.jpg 680w, https://costablancaup.com/wp-content/uploads/2020/10/european-green-week-alicante-2020-programa-768x1156.jpg 768w, https://costablancaup.com/wp-content/uploads/2020/10/european-green-week-alicante-2020-programa-400x602.jpg 400w" sizes="auto, (max-width: 800px) 100vw, 800px" /></p>

<p>Alicante celebra por primera vez la semana verde europea el próximo sábado 17 de octubre. Alicante se alinea así con numerosas capitales europeas en una jornada reivindicativa, de contacto y concienciación en torno a la naturaleza y la biodiversidad. Para tal celebración se han organizado una serie de actividades como una exhibición de skatepark, talleres de sostenibilidad y visitas guiadas por el parque La Marjal. Programa</p>

<!-- This site is optimized with the Yoast SEO plugin v27.4 - https://yoast.com/product/yoast-seo-wordpress/ -->
<title>&quot;European Green Week 2020&quot; - COSTA BLANCA UP</title>
<meta name="robots" content="index, follow, max-snippet:-1, max-image-preview:large, max-video-preview:-1" />
<link rel="canonical" href="https://costablancaup.com/es/class/european-green-week-2020/" />
<meta property="og:locale" content="es_ES" />
<meta property="og:type" content="article" />
<meta property="og:title" content="&quot;European Green Week 2020&quot; - COSTA BLANCA UP" />
<meta property="og:description" content="Alicante celebra por primera vez la semana verde europea el próximo sábado 17 de octubre. Alicante se alinea así con numerosas capitales europeas en una jornada reivindicativa, de contacto y concienciación en torno a la naturaleza y la biodiversidad. Para tal celebración se han organizado una serie de actividades como una exhibición de skatepark, talleres de sostenibilidad y visitas guiadas por el parque La Marjal. Programa" />
<meta property="og:url" content="https://costablancaup.com/es/class/european-green-week-2020/" />
<meta property="og:site_name" content="COSTA BLANCA UP" />
<meta property="og:image" content="https://costablancaup.com/wp-content/uploads/2020/10/european-green-week-alicante-2020-programa.jpg" />
<meta name="twitter:card" content="summary_large_image" />
<script type="application/ld+json" class="yoast-schema-graph">{"@context":"https:\/\/schema.org","@graph":[{"@type":"WebPage","@id":"https:\/\/costablancaup.com\/es\/class\/european-green-week-2020\/","url":"https:\/\/costablancaup.com\/es\/class\/european-green-week-2020\/","name":"\"European Green Week 2020\" - COSTA BLANCA UP","isPartOf":{"@id":"https:\/\/costablancaup.com\/es\/#website"},"primaryImageOfPage":{"@id":"https:\/\/costablancaup.com\/es\/class\/european-green-week-2020\/#primaryimage"},"image":{"@id":"https:\/\/costablancaup.com\/es\/class\/european-green-week-2020\/#primaryimage"},"thumbnailUrl":"https:\/\/costablancaup.com\/wp-content\/uploads\/2020\/10\/european-green-week-alicante-2020-programa.jpg","datePublished":"2020-10-09T10:04:20+00:00","breadcrumb":{"@id":"https:\/\/costablancaup.com\/es\/class\/european-green-week-2020\/#breadcrumb"},"inLanguage":"es","potentialAction":[{"@type":"ReadAction","target":["https:\/\/costablancaup.com\/es\/class\/european-green-week-2020\/"]}]},{"@type":"ImageObject","inLanguage":"es","@id":"https:\/\/costablancaup.com\/es\/class\/european-green-week-2020\/#primaryimage","url":"https:\/\/costablancaup.com\/wp-content\/uploads\/2020\/10\/european-green-week-alicante-2020-programa.jpg","contentUrl":"https:\/\/costablancaup.com\/wp-content\/uploads\/2020\/10\/european-green-week-alicante-2020-programa.jpg"},{"@type":"BreadcrumbList","@id":"https:\/\/costablancaup.com\/es\/class\/european-green-week-2020\/#breadcrumb","itemListElement":[{"@type":"ListItem","position":1,"name":"Home","item":"https:\/\/costablancaup.com\/es\/"},{"@type":"ListItem","position":2,"name":"«European Green Week 2020»"}]},{"@type":"WebSite","@id":"https:\/\/costablancaup.com\/es\/#website","url":"https:\/\/costablancaup.com\/es\/","name":"COSTA BLANCA UP","description":"Costa Blanca Events and Agenda","publisher":{"@id":"https:\/\/costablancaup.com\/es\/#organization"},"potentialAction":[{"@type":"SearchAction","target":{"@type":"EntryPoint","urlTemplate":"https:\/\/costablancaup.com\/es\/?s={search_term_string}"},"query-input":{"@type":"PropertyValueSpecification","valueRequired":true,"valueName":"search_term_string"}}],"inLanguage":"es"},{"@type":"Organization","@id":"https:\/\/costablancaup.com\/es\/#organization","name":"Costa Blanca Up","url":"https:\/\/costablancaup.com\/es\/","logo":{"@type":"ImageObject","inLanguage":"es","@id":"https:\/\/costablancaup.com\/es\/#\/schema\/logo\/image\/","url":"https:\/\/costablancaup.com\/wp-content\/uploads\/2018\/07\/titulo_web-1.png","contentUrl":"https:\/\/costablancaup.com\/wp-content\/uploads\/2018\/07\/titulo_web-1.png","width":1973,"height":303,"caption":"Costa Blanca Up"},"image":{"@id":"https:\/\/costablancaup.com\/es\/#\/schema\/logo\/image\/"}}]}</script>
<!-- / Yoast SEO plugin. -->

Alicante celebra por primera vez la semana verde europea el próximo sábado 17 de octubre. Alicante se alinea así con numerosas capitales europeas en una jornada reivindicativa, de contacto y concienciación en torno a la naturaleza y la biodiversidad. Para tal celebración se han organizado una serie de actividades como una exhibición de skatepark, talleres de sostenibilidad y visitas guiadas por el parque La Marjal. Programa
