{"id":46704,"date":"2020-10-26T16:44:07","date_gmt":"2020-10-26T15:44:07","guid":{"rendered":"https:\/\/costablancaup.com\/?post_type=class&#038;p=46704"},"modified":"2020-10-26T16:44:07","modified_gmt":"2020-10-26T15:44:07","slug":"iberia-festival-2020","status":"publish","type":"class","link":"https:\/\/costablancaup.com\/es\/class\/iberia-festival-2020\/","title":{"rendered":"\u00abIberia Festival 2020\u00bb"},"content":{"rendered":"<h2>La octava edici\u00f3n de este encuentro musical, se desarrollar\u00e1 el d\u00eda 31 de octubre en el <em>Auditorio Julio Iglesias<\/em> de Benidorm.<\/h2>\n<p>\u00abIberia Festival\u00bb continua apostando por la m\u00fasica espa\u00f1ola con <em>The Gafapasta<\/em>, <em>Moreno<\/em> y <em>Taburete<\/em> como cabeza de cartel.<\/p>\n<p class=\"tickets\"><a target=\"_blank\" title=\"Comprar entradas\" href=\"https:\/\/www.taquilla.com\/entradas\/iberia-festival?t10id=1088\" rel=\"noopener noreferrer\">Comprar entradas<\/a><\/p>\n<h3>Programa<\/h3>\n<p><img loading=\"lazy\" decoding=\"async\" src=\"https:\/\/costablancaup.com\/wp-content\/uploads\/2020\/10\/iberia-festival-2020-programa.jpg\" alt=\"Iberia Festival 2020: programa\" width=\"1024\" height=\"1024\" class=\"aligncenter size-full wp-image-46700\" srcset=\"https:\/\/costablancaup.com\/wp-content\/uploads\/2020\/10\/iberia-festival-2020-programa.jpg 1024w, https:\/\/costablancaup.com\/wp-content\/uploads\/2020\/10\/iberia-festival-2020-programa-300x300.jpg 300w, https:\/\/costablancaup.com\/wp-content\/uploads\/2020\/10\/iberia-festival-2020-programa-150x150.jpg 150w, https:\/\/costablancaup.com\/wp-content\/uploads\/2020\/10\/iberia-festival-2020-programa-768x768.jpg 768w, https:\/\/costablancaup.com\/wp-content\/uploads\/2020\/10\/iberia-festival-2020-programa-130x130.jpg 130w, https:\/\/costablancaup.com\/wp-content\/uploads\/2020\/10\/iberia-festival-2020-programa-400x400.jpg 400w\" sizes=\"auto, (max-width: 1024px) 100vw, 1024px\" \/><\/p>\n<h3>Localizaci\u00f3n<\/h3>\n\r\n            \r\n            \r\n            \r\n            <a name='map55'><\/a>\r\n            \r\n            \r\n            \r\n            \r\n            <div class=\"wpgmza_map \"  id=\"wpgmza_map_55\" style=\"display:block; overflow:auto; width:100%; height:400px; float:left;\" data-settings='{\"id\":\"55\",\"map_title\":\"Auditorio Julio Iglesias (Benidorm)\",\"map_width\":\"100\",\"map_height\":\"400\",\"map_start_lat\":\"38.539250\",\"map_start_lng\":\"-0.124275\",\"map_start_location\":\"38.539250049979906,-0.12427512537510665\",\"map_start_zoom\":\"15\",\"default_marker\":\"0\",\"type\":\"1\",\"alignment\":\"1\",\"directions_enabled\":\"0\",\"styling_enabled\":\"0\",\"styling_json\":\"\",\"active\":\"0\",\"kml\":\"\",\"bicycle\":\"0\",\"traffic\":\"0\",\"dbox\":\"1\",\"dbox_width\":\"100\",\"listmarkers\":\"0\",\"listmarkers_advanced\":\"0\",\"filterbycat\":\"0\",\"ugm_enabled\":\"0\",\"ugm_category_enabled\":\"0\",\"fusion\":\"\",\"map_width_type\":\"\\\\%\",\"map_height_type\":\"px\",\"mass_marker_support\":\"0\",\"ugm_access\":\"0\",\"order_markers_by\":\"1\",\"order_markers_choice\":\"2\",\"show_user_location\":\"2\",\"default_to\":\"\",\"other_settings\":{\"wpgmza_store_locator_restrict\":\"\",\"wpgmza_sl_animation\":\"1\",\"store_locator_query_string\":\"ZIP \\\/ Address:\",\"store_locator_name_string\":\"Title \\\/ Description:\",\"store_locator_default_address\":\"\",\"wpgmza_dbox_width_type\":\"%\",\"map_max_zoom\":\"3\",\"map_min_zoom\":\"21\",\"sl_stroke_color\":\"FF0000\",\"sl_stroke_opacity\":\"0.25\",\"sl_fill_color\":\"FF0000\",\"sl_fill_opacity\":\"0.15\",\"click_open_link\":2,\"transport_layer\":0,\"iw_primary_color\":\"2A3744\",\"iw_accent_color\":\"252F3A\",\"iw_text_color\":\"FFFFFF\",\"wpgmza_iw_type\":\"0\",\"list_markers_by\":\"0\",\"push_in_map\":\"\",\"push_in_map_placement\":\"9\",\"wpgmza_push_in_map_width\":\"\",\"wpgmza_push_in_map_height\":\"\",\"wpgmza_theme_data\":\"\",\"upload_default_ul_marker\":\"\",\"upload_default_sl_marker\":\"\",\"shortcodeAttributes\":{\"id\":\"55\"}}}' data-map-id='55' data-shortcode-attributes='{\"id\":\"55\"}'> <\/div>\r\n            \r\n               \r\n        \n","protected":false},"excerpt":{"rendered":"<p>La octava edici\u00f3n de este encuentro musical, se desarrollar\u00e1 el d\u00eda 31 de octubre en el Auditorio Julio Iglesias de Benidorm. \u00abIberia Festival\u00bb continua apostando por la m\u00fasica espa\u00f1ola con The Gafapasta, Moreno y Taburete como cabeza de cartel. Comprar entradas Programa Localizaci\u00f3n<\/p>\n","protected":false},"template":"","meta":[],"wcs-type":[5046],"wcs-room":[5169],"wcs-instructor":[],"class_list":["post-46704","class","type-class","status-publish","hentry","wcs-type-musica","wcs-room-auditorio-julio-iglesias-benidorm"],"yoast_head":"<!-- This site is optimized with the Yoast SEO plugin v27.4 - https:\/\/yoast.com\/product\/yoast-seo-wordpress\/ -->\n<title>&quot;Iberia Festival 2020&quot; - COSTA BLANCA UP<\/title>\n<meta name=\"robots\" content=\"index, follow, max-snippet:-1, max-image-preview:large, max-video-preview:-1\" \/>\n<link rel=\"canonical\" href=\"https:\/\/costablancaup.com\/es\/class\/iberia-festival-2020\/\" \/>\n<meta property=\"og:locale\" content=\"es_ES\" \/>\n<meta property=\"og:type\" content=\"article\" \/>\n<meta property=\"og:title\" content=\"&quot;Iberia Festival 2020&quot; - COSTA BLANCA UP\" \/>\n<meta property=\"og:description\" content=\"La octava edici\u00f3n de este encuentro musical, se desarrollar\u00e1 el d\u00eda 31 de octubre en el Auditorio Julio Iglesias de Benidorm. \u00abIberia Festival\u00bb continua apostando por la m\u00fasica espa\u00f1ola con The Gafapasta, Moreno y Taburete como cabeza de cartel. Comprar entradas Programa Localizaci\u00f3n\" \/>\n<meta property=\"og:url\" content=\"https:\/\/costablancaup.com\/es\/class\/iberia-festival-2020\/\" \/>\n<meta property=\"og:site_name\" content=\"COSTA BLANCA UP\" \/>\n<meta property=\"og:image\" content=\"https:\/\/costablancaup.com\/wp-content\/uploads\/2020\/10\/iberia-festival-2020-programa.jpg\" \/>\n<meta name=\"twitter:card\" content=\"summary_large_image\" \/>\n<script type=\"application\/ld+json\" class=\"yoast-schema-graph\">{\"@context\":\"https:\\\/\\\/schema.org\",\"@graph\":[{\"@type\":\"WebPage\",\"@id\":\"https:\\\/\\\/costablancaup.com\\\/es\\\/class\\\/iberia-festival-2020\\\/\",\"url\":\"https:\\\/\\\/costablancaup.com\\\/es\\\/class\\\/iberia-festival-2020\\\/\",\"name\":\"\\\"Iberia Festival 2020\\\" - COSTA BLANCA UP\",\"isPartOf\":{\"@id\":\"https:\\\/\\\/costablancaup.com\\\/es\\\/#website\"},\"primaryImageOfPage\":{\"@id\":\"https:\\\/\\\/costablancaup.com\\\/es\\\/class\\\/iberia-festival-2020\\\/#primaryimage\"},\"image\":{\"@id\":\"https:\\\/\\\/costablancaup.com\\\/es\\\/class\\\/iberia-festival-2020\\\/#primaryimage\"},\"thumbnailUrl\":\"https:\\\/\\\/costablancaup.com\\\/wp-content\\\/uploads\\\/2020\\\/10\\\/iberia-festival-2020-programa.jpg\",\"datePublished\":\"2020-10-26T15:44:07+00:00\",\"breadcrumb\":{\"@id\":\"https:\\\/\\\/costablancaup.com\\\/es\\\/class\\\/iberia-festival-2020\\\/#breadcrumb\"},\"inLanguage\":\"es\",\"potentialAction\":[{\"@type\":\"ReadAction\",\"target\":[\"https:\\\/\\\/costablancaup.com\\\/es\\\/class\\\/iberia-festival-2020\\\/\"]}]},{\"@type\":\"ImageObject\",\"inLanguage\":\"es\",\"@id\":\"https:\\\/\\\/costablancaup.com\\\/es\\\/class\\\/iberia-festival-2020\\\/#primaryimage\",\"url\":\"https:\\\/\\\/costablancaup.com\\\/wp-content\\\/uploads\\\/2020\\\/10\\\/iberia-festival-2020-programa.jpg\",\"contentUrl\":\"https:\\\/\\\/costablancaup.com\\\/wp-content\\\/uploads\\\/2020\\\/10\\\/iberia-festival-2020-programa.jpg\"},{\"@type\":\"BreadcrumbList\",\"@id\":\"https:\\\/\\\/costablancaup.com\\\/es\\\/class\\\/iberia-festival-2020\\\/#breadcrumb\",\"itemListElement\":[{\"@type\":\"ListItem\",\"position\":1,\"name\":\"Home\",\"item\":\"https:\\\/\\\/costablancaup.com\\\/es\\\/\"},{\"@type\":\"ListItem\",\"position\":2,\"name\":\"\u00abIberia Festival 2020\u00bb\"}]},{\"@type\":\"WebSite\",\"@id\":\"https:\\\/\\\/costablancaup.com\\\/es\\\/#website\",\"url\":\"https:\\\/\\\/costablancaup.com\\\/es\\\/\",\"name\":\"COSTA BLANCA UP\",\"description\":\"Costa Blanca Events and Agenda\",\"publisher\":{\"@id\":\"https:\\\/\\\/costablancaup.com\\\/es\\\/#organization\"},\"potentialAction\":[{\"@type\":\"SearchAction\",\"target\":{\"@type\":\"EntryPoint\",\"urlTemplate\":\"https:\\\/\\\/costablancaup.com\\\/es\\\/?s={search_term_string}\"},\"query-input\":{\"@type\":\"PropertyValueSpecification\",\"valueRequired\":true,\"valueName\":\"search_term_string\"}}],\"inLanguage\":\"es\"},{\"@type\":\"Organization\",\"@id\":\"https:\\\/\\\/costablancaup.com\\\/es\\\/#organization\",\"name\":\"Costa Blanca Up\",\"url\":\"https:\\\/\\\/costablancaup.com\\\/es\\\/\",\"logo\":{\"@type\":\"ImageObject\",\"inLanguage\":\"es\",\"@id\":\"https:\\\/\\\/costablancaup.com\\\/es\\\/#\\\/schema\\\/logo\\\/image\\\/\",\"url\":\"https:\\\/\\\/costablancaup.com\\\/wp-content\\\/uploads\\\/2018\\\/07\\\/titulo_web-1.png\",\"contentUrl\":\"https:\\\/\\\/costablancaup.com\\\/wp-content\\\/uploads\\\/2018\\\/07\\\/titulo_web-1.png\",\"width\":1973,\"height\":303,\"caption\":\"Costa Blanca Up\"},\"image\":{\"@id\":\"https:\\\/\\\/costablancaup.com\\\/es\\\/#\\\/schema\\\/logo\\\/image\\\/\"}}]}<\/script>\n<!-- \/ Yoast SEO plugin. -->","yoast_head_json":{"title":"\"Iberia Festival 2020\" - COSTA BLANCA UP","robots":{"index":"index","follow":"follow","max-snippet":"max-snippet:-1","max-image-preview":"max-image-preview:large","max-video-preview":"max-video-preview:-1"},"canonical":"https:\/\/costablancaup.com\/es\/class\/iberia-festival-2020\/","og_locale":"es_ES","og_type":"article","og_title":"\"Iberia Festival 2020\" - COSTA BLANCA UP","og_description":"La octava edici\u00f3n de este encuentro musical, se desarrollar\u00e1 el d\u00eda 31 de octubre en el Auditorio Julio Iglesias de Benidorm. \u00abIberia Festival\u00bb continua apostando por la m\u00fasica espa\u00f1ola con The Gafapasta, Moreno y Taburete como cabeza de cartel. Comprar entradas Programa Localizaci\u00f3n","og_url":"https:\/\/costablancaup.com\/es\/class\/iberia-festival-2020\/","og_site_name":"COSTA BLANCA UP","og_image":[{"url":"https:\/\/costablancaup.com\/wp-content\/uploads\/2020\/10\/iberia-festival-2020-programa.jpg","type":"","width":"","height":""}],"twitter_card":"summary_large_image","schema":{"@context":"https:\/\/schema.org","@graph":[{"@type":"WebPage","@id":"https:\/\/costablancaup.com\/es\/class\/iberia-festival-2020\/","url":"https:\/\/costablancaup.com\/es\/class\/iberia-festival-2020\/","name":"\"Iberia Festival 2020\" - COSTA BLANCA UP","isPartOf":{"@id":"https:\/\/costablancaup.com\/es\/#website"},"primaryImageOfPage":{"@id":"https:\/\/costablancaup.com\/es\/class\/iberia-festival-2020\/#primaryimage"},"image":{"@id":"https:\/\/costablancaup.com\/es\/class\/iberia-festival-2020\/#primaryimage"},"thumbnailUrl":"https:\/\/costablancaup.com\/wp-content\/uploads\/2020\/10\/iberia-festival-2020-programa.jpg","datePublished":"2020-10-26T15:44:07+00:00","breadcrumb":{"@id":"https:\/\/costablancaup.com\/es\/class\/iberia-festival-2020\/#breadcrumb"},"inLanguage":"es","potentialAction":[{"@type":"ReadAction","target":["https:\/\/costablancaup.com\/es\/class\/iberia-festival-2020\/"]}]},{"@type":"ImageObject","inLanguage":"es","@id":"https:\/\/costablancaup.com\/es\/class\/iberia-festival-2020\/#primaryimage","url":"https:\/\/costablancaup.com\/wp-content\/uploads\/2020\/10\/iberia-festival-2020-programa.jpg","contentUrl":"https:\/\/costablancaup.com\/wp-content\/uploads\/2020\/10\/iberia-festival-2020-programa.jpg"},{"@type":"BreadcrumbList","@id":"https:\/\/costablancaup.com\/es\/class\/iberia-festival-2020\/#breadcrumb","itemListElement":[{"@type":"ListItem","position":1,"name":"Home","item":"https:\/\/costablancaup.com\/es\/"},{"@type":"ListItem","position":2,"name":"\u00abIberia Festival 2020\u00bb"}]},{"@type":"WebSite","@id":"https:\/\/costablancaup.com\/es\/#website","url":"https:\/\/costablancaup.com\/es\/","name":"COSTA BLANCA UP","description":"Costa Blanca Events and Agenda","publisher":{"@id":"https:\/\/costablancaup.com\/es\/#organization"},"potentialAction":[{"@type":"SearchAction","target":{"@type":"EntryPoint","urlTemplate":"https:\/\/costablancaup.com\/es\/?s={search_term_string}"},"query-input":{"@type":"PropertyValueSpecification","valueRequired":true,"valueName":"search_term_string"}}],"inLanguage":"es"},{"@type":"Organization","@id":"https:\/\/costablancaup.com\/es\/#organization","name":"Costa Blanca Up","url":"https:\/\/costablancaup.com\/es\/","logo":{"@type":"ImageObject","inLanguage":"es","@id":"https:\/\/costablancaup.com\/es\/#\/schema\/logo\/image\/","url":"https:\/\/costablancaup.com\/wp-content\/uploads\/2018\/07\/titulo_web-1.png","contentUrl":"https:\/\/costablancaup.com\/wp-content\/uploads\/2018\/07\/titulo_web-1.png","width":1973,"height":303,"caption":"Costa Blanca Up"},"image":{"@id":"https:\/\/costablancaup.com\/es\/#\/schema\/logo\/image\/"}}]}},"_links":{"self":[{"href":"https:\/\/costablancaup.com\/es\/wp-json\/wp\/v2\/class\/46704","targetHints":{"allow":["GET"]}}],"collection":[{"href":"https:\/\/costablancaup.com\/es\/wp-json\/wp\/v2\/class"}],"about":[{"href":"https:\/\/costablancaup.com\/es\/wp-json\/wp\/v2\/types\/class"}],"wp:attachment":[{"href":"https:\/\/costablancaup.com\/es\/wp-json\/wp\/v2\/media?parent=46704"}],"wp:term":[{"taxonomy":"wcs-type","embeddable":true,"href":"https:\/\/costablancaup.com\/es\/wp-json\/wp\/v2\/wcs-type?post=46704"},{"taxonomy":"wcs-room","embeddable":true,"href":"https:\/\/costablancaup.com\/es\/wp-json\/wp\/v2\/wcs-room?post=46704"},{"taxonomy":"wcs-instructor","embeddable":true,"href":"https:\/\/costablancaup.com\/es\/wp-json\/wp\/v2\/wcs-instructor?post=46704"}],"curies":[{"name":"wp","href":"https:\/\/api.w.org\/{rel}","templated":true}]}}

<h2>La octava edición de este encuentro musical, se desarrollará el día 31 de octubre en el <em>Auditorio Julio Iglesias</em> de Benidorm.</h2>
<p>«Iberia Festival» continua apostando por la música española con <em>The Gafapasta</em>, <em>Moreno</em> y <em>Taburete</em> como cabeza de cartel.</p>
<p class="tickets"><a target="_blank" title="Comprar entradas" href="https://www.taquilla.com/entradas/iberia-festival?t10id=1088" rel="noopener noreferrer">Comprar entradas</a></p>
<h3>Programa</h3>
<p><img loading="lazy" decoding="async" src="https://costablancaup.com/wp-content/uploads/2020/10/iberia-festival-2020-programa.jpg" alt="Iberia Festival 2020: programa" width="1024" height="1024" class="aligncenter size-full wp-image-46700" srcset="https://costablancaup.com/wp-content/uploads/2020/10/iberia-festival-2020-programa.jpg 1024w, https://costablancaup.com/wp-content/uploads/2020/10/iberia-festival-2020-programa-300x300.jpg 300w, https://costablancaup.com/wp-content/uploads/2020/10/iberia-festival-2020-programa-150x150.jpg 150w, https://costablancaup.com/wp-content/uploads/2020/10/iberia-festival-2020-programa-768x768.jpg 768w, https://costablancaup.com/wp-content/uploads/2020/10/iberia-festival-2020-programa-130x130.jpg 130w, https://costablancaup.com/wp-content/uploads/2020/10/iberia-festival-2020-programa-400x400.jpg 400w" sizes="auto, (max-width: 1024px) 100vw, 1024px" /></p>
<h3>Localización</h3>

            
            
            
            <a name='map55'></a>
            
            
            
            
            <div class="wpgmza_map "  id="wpgmza_map_55" style="display:block; overflow:auto; width:100%; height:400px; float:left;" data-settings='{"id":"55","map_title":"Auditorio Julio Iglesias (Benidorm)","map_width":"100","map_height":"400","map_start_lat":"38.539250","map_start_lng":"-0.124275","map_start_location":"38.539250049979906,-0.12427512537510665","map_start_zoom":"15","default_marker":"0","type":"1","alignment":"1","directions_enabled":"0","styling_enabled":"0","styling_json":"","active":"0","kml":"","bicycle":"0","traffic":"0","dbox":"1","dbox_width":"100","listmarkers":"0","listmarkers_advanced":"0","filterbycat":"0","ugm_enabled":"0","ugm_category_enabled":"0","fusion":"","map_width_type":"\\%","map_height_type":"px","mass_marker_support":"0","ugm_access":"0","order_markers_by":"1","order_markers_choice":"2","show_user_location":"2","default_to":"","other_settings":{"wpgmza_store_locator_restrict":"","wpgmza_sl_animation":"1","store_locator_query_string":"ZIP \/ Address:","store_locator_name_string":"Title \/ Description:","store_locator_default_address":"","wpgmza_dbox_width_type":"%","map_max_zoom":"3","map_min_zoom":"21","sl_stroke_color":"FF0000","sl_stroke_opacity":"0.25","sl_fill_color":"FF0000","sl_fill_opacity":"0.15","click_open_link":2,"transport_layer":0,"iw_primary_color":"2A3744","iw_accent_color":"252F3A","iw_text_color":"FFFFFF","wpgmza_iw_type":"0","list_markers_by":"0","push_in_map":"","push_in_map_placement":"9","wpgmza_push_in_map_width":"","wpgmza_push_in_map_height":"","wpgmza_theme_data":"","upload_default_ul_marker":"","upload_default_sl_marker":"","shortcodeAttributes":{"id":"55"}}}' data-map-id='55' data-shortcode-attributes='{"id":"55"}'> </div>

<p>La octava edición de este encuentro musical, se desarrollará el día 31 de octubre en el Auditorio Julio Iglesias de Benidorm. «Iberia Festival» continua apostando por la música española con The Gafapasta, Moreno y Taburete como cabeza de cartel. Comprar entradas Programa Localización</p>

<!-- This site is optimized with the Yoast SEO plugin v27.4 - https://yoast.com/product/yoast-seo-wordpress/ -->
<title>&quot;Iberia Festival 2020&quot; - COSTA BLANCA UP</title>
<meta name="robots" content="index, follow, max-snippet:-1, max-image-preview:large, max-video-preview:-1" />
<link rel="canonical" href="https://costablancaup.com/es/class/iberia-festival-2020/" />
<meta property="og:locale" content="es_ES" />
<meta property="og:type" content="article" />
<meta property="og:title" content="&quot;Iberia Festival 2020&quot; - COSTA BLANCA UP" />
<meta property="og:description" content="La octava edición de este encuentro musical, se desarrollará el día 31 de octubre en el Auditorio Julio Iglesias de Benidorm. «Iberia Festival» continua apostando por la música española con The Gafapasta, Moreno y Taburete como cabeza de cartel. Comprar entradas Programa Localización" />
<meta property="og:url" content="https://costablancaup.com/es/class/iberia-festival-2020/" />
<meta property="og:site_name" content="COSTA BLANCA UP" />
<meta property="og:image" content="https://costablancaup.com/wp-content/uploads/2020/10/iberia-festival-2020-programa.jpg" />
<meta name="twitter:card" content="summary_large_image" />
<script type="application/ld+json" class="yoast-schema-graph">{"@context":"https:\/\/schema.org","@graph":[{"@type":"WebPage","@id":"https:\/\/costablancaup.com\/es\/class\/iberia-festival-2020\/","url":"https:\/\/costablancaup.com\/es\/class\/iberia-festival-2020\/","name":"\"Iberia Festival 2020\" - COSTA BLANCA UP","isPartOf":{"@id":"https:\/\/costablancaup.com\/es\/#website"},"primaryImageOfPage":{"@id":"https:\/\/costablancaup.com\/es\/class\/iberia-festival-2020\/#primaryimage"},"image":{"@id":"https:\/\/costablancaup.com\/es\/class\/iberia-festival-2020\/#primaryimage"},"thumbnailUrl":"https:\/\/costablancaup.com\/wp-content\/uploads\/2020\/10\/iberia-festival-2020-programa.jpg","datePublished":"2020-10-26T15:44:07+00:00","breadcrumb":{"@id":"https:\/\/costablancaup.com\/es\/class\/iberia-festival-2020\/#breadcrumb"},"inLanguage":"es","potentialAction":[{"@type":"ReadAction","target":["https:\/\/costablancaup.com\/es\/class\/iberia-festival-2020\/"]}]},{"@type":"ImageObject","inLanguage":"es","@id":"https:\/\/costablancaup.com\/es\/class\/iberia-festival-2020\/#primaryimage","url":"https:\/\/costablancaup.com\/wp-content\/uploads\/2020\/10\/iberia-festival-2020-programa.jpg","contentUrl":"https:\/\/costablancaup.com\/wp-content\/uploads\/2020\/10\/iberia-festival-2020-programa.jpg"},{"@type":"BreadcrumbList","@id":"https:\/\/costablancaup.com\/es\/class\/iberia-festival-2020\/#breadcrumb","itemListElement":[{"@type":"ListItem","position":1,"name":"Home","item":"https:\/\/costablancaup.com\/es\/"},{"@type":"ListItem","position":2,"name":"«Iberia Festival 2020»"}]},{"@type":"WebSite","@id":"https:\/\/costablancaup.com\/es\/#website","url":"https:\/\/costablancaup.com\/es\/","name":"COSTA BLANCA UP","description":"Costa Blanca Events and Agenda","publisher":{"@id":"https:\/\/costablancaup.com\/es\/#organization"},"potentialAction":[{"@type":"SearchAction","target":{"@type":"EntryPoint","urlTemplate":"https:\/\/costablancaup.com\/es\/?s={search_term_string}"},"query-input":{"@type":"PropertyValueSpecification","valueRequired":true,"valueName":"search_term_string"}}],"inLanguage":"es"},{"@type":"Organization","@id":"https:\/\/costablancaup.com\/es\/#organization","name":"Costa Blanca Up","url":"https:\/\/costablancaup.com\/es\/","logo":{"@type":"ImageObject","inLanguage":"es","@id":"https:\/\/costablancaup.com\/es\/#\/schema\/logo\/image\/","url":"https:\/\/costablancaup.com\/wp-content\/uploads\/2018\/07\/titulo_web-1.png","contentUrl":"https:\/\/costablancaup.com\/wp-content\/uploads\/2018\/07\/titulo_web-1.png","width":1973,"height":303,"caption":"Costa Blanca Up"},"image":{"@id":"https:\/\/costablancaup.com\/es\/#\/schema\/logo\/image\/"}}]}</script>
<!-- / Yoast SEO plugin. -->

La octava edición de este encuentro musical, se desarrollará el día 31 de octubre en el Auditorio Julio Iglesias de Benidorm. «Iberia Festival» continua apostando por la música española con The Gafapasta, Moreno y Taburete como cabeza de cartel. Comprar entradas Programa Localización
