{"id":50698,"date":"2021-11-23T20:36:05","date_gmt":"2021-11-23T19:36:05","guid":{"rendered":"https:\/\/costablancaup.com\/?post_type=class&#038;p=50698"},"modified":"2021-11-23T20:38:08","modified_gmt":"2021-11-23T19:38:08","slug":"exposicion-miguel-hernandez-a-plena-luz-alicante","status":"publish","type":"class","link":"https:\/\/costablancaup.com\/es\/class\/exposicion-miguel-hernandez-a-plena-luz-alicante\/","title":{"rendered":"Exposici\u00f3n \u00abMiguel Hern\u00e1ndez, a plena luz\u00bb (Alicante)"},"content":{"rendered":"<h2>Alicante acoge esta exposici\u00f3n dedicada a la vida y la obra del poeta alicantino, que se podr\u00e1 visitar hasta el 28 de marzo en el Palacio Provincial de la Diputaci\u00f3n de Alicante.<\/h2>\n<p>La muestra est\u00e1 formada por m\u00e1s de un centenar de piezas originales que ofrecen un recorrido por la vida de Miguel Hern\u00e1ndez a trav\u00e9s de manuscritos, cartas, fotograf\u00edas, dibujos, partituras, ediciones de libros y otros objetos personales.<\/p>\n<p>La exposici\u00f3n llega a Alicante coincidiendo con el 111 aniversario del nacimiento del poeta, tras haber sido acogida los \u00faltimos a\u00f1os en varias ciudades espa\u00f1olas y extranjeras como Manchester, Nueva York, Dubl\u00edn, Manila, Toulouse y Par\u00eds.<\/p>\n<p class=\"tickets\"><a title=\"Ampliar informaci\u00f3n\" href=\"https:\/\/www.diputacionalicante.es\/noticias\/la-exposicion-miguel-hernandez-a-plena-luz-llega-a-alicante-con-mas-de-un-centenar-de-piezas-del-legado\/\" target=\"_blank\" rel=\"noopener noreferrer\">Ampliar informaci\u00f3n<\/a><\/p>\n<h3>Horario<\/h3>\n<ul>\n<li>De lunes a s\u00e1bado: de 11:00 a 13:00 y de 17:30 a 20:00 horas.<\/li>\n<\/ul>\n<p>&nbsp;<\/p>\n<h3>Localizaci\u00f3n<\/h3>\n\r\n            \r\n            \r\n            \r\n            <a name='map19'><\/a>\r\n            \r\n            \r\n            \r\n            \r\n            <div class=\"wpgmza_map \"  id=\"wpgmza_map_19\" style=\"display:block; overflow:auto; width:100%; height:400px; float:left;\" data-settings='{\"id\":\"19\",\"map_title\":\"Palacio Provincial de Diputaci\\u00f3n de Alicante\",\"map_width\":\"100\",\"map_height\":\"400\",\"map_start_lat\":\"38.344382\",\"map_start_lng\":\"-0.491763\",\"map_start_location\":\"38.34438167117851,-0.49176322777452697\",\"map_start_zoom\":\"16\",\"default_marker\":\"0\",\"type\":\"1\",\"alignment\":\"1\",\"directions_enabled\":\"0\",\"styling_enabled\":\"0\",\"styling_json\":\"\",\"active\":\"0\",\"kml\":\"\",\"bicycle\":\"0\",\"traffic\":\"0\",\"dbox\":\"1\",\"dbox_width\":\"100\",\"listmarkers\":\"0\",\"listmarkers_advanced\":\"0\",\"filterbycat\":\"0\",\"ugm_enabled\":\"0\",\"ugm_category_enabled\":\"0\",\"fusion\":\"\",\"map_width_type\":\"\\\\%\",\"map_height_type\":\"px\",\"mass_marker_support\":\"0\",\"ugm_access\":\"0\",\"order_markers_by\":\"1\",\"order_markers_choice\":\"2\",\"show_user_location\":\"2\",\"default_to\":\"\",\"other_settings\":{\"wpgmza_store_locator_restrict\":\"\",\"wpgmza_sl_animation\":\"1\",\"store_locator_query_string\":\"ZIP \\\/ Address:\",\"store_locator_name_string\":\"Title \\\/ Description:\",\"store_locator_default_address\":\"\",\"wpgmza_dbox_width_type\":\"%\",\"map_max_zoom\":\"3\",\"map_min_zoom\":\"21\",\"sl_stroke_color\":\"FF0000\",\"sl_stroke_opacity\":\"0.25\",\"sl_fill_color\":\"FF0000\",\"sl_fill_opacity\":\"0.15\",\"click_open_link\":2,\"transport_layer\":0,\"iw_primary_color\":\"2A3744\",\"iw_accent_color\":\"252F3A\",\"iw_text_color\":\"FFFFFF\",\"wpgmza_iw_type\":\"0\",\"list_markers_by\":\"0\",\"push_in_map\":\"\",\"push_in_map_placement\":\"9\",\"wpgmza_push_in_map_width\":\"\",\"wpgmza_push_in_map_height\":\"\",\"wpgmza_theme_data\":\"\",\"upload_default_ul_marker\":\"\",\"upload_default_sl_marker\":\"\",\"shortcodeAttributes\":{\"id\":\"19\"}}}' data-map-id='19' data-shortcode-attributes='{\"id\":\"19\"}'> <\/div>\r\n            \r\n               \r\n        \n","protected":false},"excerpt":{"rendered":"<p>Alicante acoge esta exposici\u00f3n dedicada a la vida y la obra del poeta alicantino, que se podr\u00e1 visitar hasta el 28 de marzo en el Palacio Provincial de la Diputaci\u00f3n de Alicante. La muestra est\u00e1 formada por m\u00e1s de un centenar de piezas originales que ofrecen un recorrido por la vida de Miguel Hern\u00e1ndez a trav\u00e9s de manuscritos, cartas, fotograf\u00edas, dibujos, partituras, ediciones de libros y otros objetos personales. La exposici\u00f3n llega a Alicante coincidiendo con el 111 aniversario del nacimiento del poeta, tras haber sido acogida los \u00faltimos a\u00f1os en varias ciudades espa\u00f1olas y extranjeras como Manchester, Nueva York, [&hellip;]<\/p>\n","protected":false},"template":"","meta":[],"wcs-type":[5080],"wcs-room":[5253],"wcs-instructor":[],"class_list":["post-50698","class","type-class","status-publish","hentry","wcs-type-exposiciones","wcs-room-palacio-provincial-de-la-diputacion-alicante"],"yoast_head":"<!-- This site is optimized with the Yoast SEO plugin v27.4 - https:\/\/yoast.com\/product\/yoast-seo-wordpress\/ -->\n<title>Exposici\u00f3n &quot;Miguel Hern\u00e1ndez, a plena luz&quot; (Alicante) - COSTA BLANCA UP<\/title>\n<meta name=\"robots\" content=\"index, follow, max-snippet:-1, max-image-preview:large, max-video-preview:-1\" \/>\n<link rel=\"canonical\" href=\"https:\/\/costablancaup.com\/es\/class\/exposicion-miguel-hernandez-a-plena-luz-alicante\/\" \/>\n<meta property=\"og:locale\" content=\"es_ES\" \/>\n<meta property=\"og:type\" content=\"article\" \/>\n<meta property=\"og:title\" content=\"Exposici\u00f3n &quot;Miguel Hern\u00e1ndez, a plena luz&quot; (Alicante) - COSTA BLANCA UP\" \/>\n<meta property=\"og:description\" content=\"Alicante acoge esta exposici\u00f3n dedicada a la vida y la obra del poeta alicantino, que se podr\u00e1 visitar hasta el 28 de marzo en el Palacio Provincial de la Diputaci\u00f3n de Alicante. La muestra est\u00e1 formada por m\u00e1s de un centenar de piezas originales que ofrecen un recorrido por la vida de Miguel Hern\u00e1ndez a trav\u00e9s de manuscritos, cartas, fotograf\u00edas, dibujos, partituras, ediciones de libros y otros objetos personales. La exposici\u00f3n llega a Alicante coincidiendo con el 111 aniversario del nacimiento del poeta, tras haber sido acogida los \u00faltimos a\u00f1os en varias ciudades espa\u00f1olas y extranjeras como Manchester, Nueva York, [&hellip;]\" \/>\n<meta property=\"og:url\" content=\"https:\/\/costablancaup.com\/es\/class\/exposicion-miguel-hernandez-a-plena-luz-alicante\/\" \/>\n<meta property=\"og:site_name\" content=\"COSTA BLANCA UP\" \/>\n<meta property=\"article:modified_time\" content=\"2021-11-23T19:38:08+00:00\" \/>\n<meta name=\"twitter:card\" content=\"summary_large_image\" \/>\n<meta name=\"twitter:label1\" content=\"Tiempo de lectura\" \/>\n\t<meta name=\"twitter:data1\" content=\"1 minuto\" \/>\n<script type=\"application\/ld+json\" class=\"yoast-schema-graph\">{\"@context\":\"https:\\\/\\\/schema.org\",\"@graph\":[{\"@type\":\"WebPage\",\"@id\":\"https:\\\/\\\/costablancaup.com\\\/es\\\/class\\\/exposicion-miguel-hernandez-a-plena-luz-alicante\\\/\",\"url\":\"https:\\\/\\\/costablancaup.com\\\/es\\\/class\\\/exposicion-miguel-hernandez-a-plena-luz-alicante\\\/\",\"name\":\"Exposici\u00f3n \\\"Miguel Hern\u00e1ndez, a plena luz\\\" (Alicante) - COSTA BLANCA UP\",\"isPartOf\":{\"@id\":\"https:\\\/\\\/costablancaup.com\\\/es\\\/#website\"},\"datePublished\":\"2021-11-23T19:36:05+00:00\",\"dateModified\":\"2021-11-23T19:38:08+00:00\",\"breadcrumb\":{\"@id\":\"https:\\\/\\\/costablancaup.com\\\/es\\\/class\\\/exposicion-miguel-hernandez-a-plena-luz-alicante\\\/#breadcrumb\"},\"inLanguage\":\"es\",\"potentialAction\":[{\"@type\":\"ReadAction\",\"target\":[\"https:\\\/\\\/costablancaup.com\\\/es\\\/class\\\/exposicion-miguel-hernandez-a-plena-luz-alicante\\\/\"]}]},{\"@type\":\"BreadcrumbList\",\"@id\":\"https:\\\/\\\/costablancaup.com\\\/es\\\/class\\\/exposicion-miguel-hernandez-a-plena-luz-alicante\\\/#breadcrumb\",\"itemListElement\":[{\"@type\":\"ListItem\",\"position\":1,\"name\":\"Home\",\"item\":\"https:\\\/\\\/costablancaup.com\\\/es\\\/\"},{\"@type\":\"ListItem\",\"position\":2,\"name\":\"Exposici\u00f3n &#8220;Miguel Hern\u00e1ndez, a plena luz&#8221; (Alicante)\"}]},{\"@type\":\"WebSite\",\"@id\":\"https:\\\/\\\/costablancaup.com\\\/es\\\/#website\",\"url\":\"https:\\\/\\\/costablancaup.com\\\/es\\\/\",\"name\":\"COSTA BLANCA UP\",\"description\":\"Costa Blanca Events and Agenda\",\"publisher\":{\"@id\":\"https:\\\/\\\/costablancaup.com\\\/es\\\/#organization\"},\"potentialAction\":[{\"@type\":\"SearchAction\",\"target\":{\"@type\":\"EntryPoint\",\"urlTemplate\":\"https:\\\/\\\/costablancaup.com\\\/es\\\/?s={search_term_string}\"},\"query-input\":{\"@type\":\"PropertyValueSpecification\",\"valueRequired\":true,\"valueName\":\"search_term_string\"}}],\"inLanguage\":\"es\"},{\"@type\":\"Organization\",\"@id\":\"https:\\\/\\\/costablancaup.com\\\/es\\\/#organization\",\"name\":\"Costa Blanca Up\",\"url\":\"https:\\\/\\\/costablancaup.com\\\/es\\\/\",\"logo\":{\"@type\":\"ImageObject\",\"inLanguage\":\"es\",\"@id\":\"https:\\\/\\\/costablancaup.com\\\/es\\\/#\\\/schema\\\/logo\\\/image\\\/\",\"url\":\"https:\\\/\\\/costablancaup.com\\\/wp-content\\\/uploads\\\/2018\\\/07\\\/titulo_web-1.png\",\"contentUrl\":\"https:\\\/\\\/costablancaup.com\\\/wp-content\\\/uploads\\\/2018\\\/07\\\/titulo_web-1.png\",\"width\":1973,\"height\":303,\"caption\":\"Costa Blanca Up\"},\"image\":{\"@id\":\"https:\\\/\\\/costablancaup.com\\\/es\\\/#\\\/schema\\\/logo\\\/image\\\/\"}}]}<\/script>\n<!-- \/ Yoast SEO plugin. -->","yoast_head_json":{"title":"Exposici\u00f3n \"Miguel Hern\u00e1ndez, a plena luz\" (Alicante) - COSTA BLANCA UP","robots":{"index":"index","follow":"follow","max-snippet":"max-snippet:-1","max-image-preview":"max-image-preview:large","max-video-preview":"max-video-preview:-1"},"canonical":"https:\/\/costablancaup.com\/es\/class\/exposicion-miguel-hernandez-a-plena-luz-alicante\/","og_locale":"es_ES","og_type":"article","og_title":"Exposici\u00f3n \"Miguel Hern\u00e1ndez, a plena luz\" (Alicante) - COSTA BLANCA UP","og_description":"Alicante acoge esta exposici\u00f3n dedicada a la vida y la obra del poeta alicantino, que se podr\u00e1 visitar hasta el 28 de marzo en el Palacio Provincial de la Diputaci\u00f3n de Alicante. La muestra est\u00e1 formada por m\u00e1s de un centenar de piezas originales que ofrecen un recorrido por la vida de Miguel Hern\u00e1ndez a trav\u00e9s de manuscritos, cartas, fotograf\u00edas, dibujos, partituras, ediciones de libros y otros objetos personales. La exposici\u00f3n llega a Alicante coincidiendo con el 111 aniversario del nacimiento del poeta, tras haber sido acogida los \u00faltimos a\u00f1os en varias ciudades espa\u00f1olas y extranjeras como Manchester, Nueva York, [&hellip;]","og_url":"https:\/\/costablancaup.com\/es\/class\/exposicion-miguel-hernandez-a-plena-luz-alicante\/","og_site_name":"COSTA BLANCA UP","article_modified_time":"2021-11-23T19:38:08+00:00","twitter_card":"summary_large_image","twitter_misc":{"Tiempo de lectura":"1 minuto"},"schema":{"@context":"https:\/\/schema.org","@graph":[{"@type":"WebPage","@id":"https:\/\/costablancaup.com\/es\/class\/exposicion-miguel-hernandez-a-plena-luz-alicante\/","url":"https:\/\/costablancaup.com\/es\/class\/exposicion-miguel-hernandez-a-plena-luz-alicante\/","name":"Exposici\u00f3n \"Miguel Hern\u00e1ndez, a plena luz\" (Alicante) - COSTA BLANCA UP","isPartOf":{"@id":"https:\/\/costablancaup.com\/es\/#website"},"datePublished":"2021-11-23T19:36:05+00:00","dateModified":"2021-11-23T19:38:08+00:00","breadcrumb":{"@id":"https:\/\/costablancaup.com\/es\/class\/exposicion-miguel-hernandez-a-plena-luz-alicante\/#breadcrumb"},"inLanguage":"es","potentialAction":[{"@type":"ReadAction","target":["https:\/\/costablancaup.com\/es\/class\/exposicion-miguel-hernandez-a-plena-luz-alicante\/"]}]},{"@type":"BreadcrumbList","@id":"https:\/\/costablancaup.com\/es\/class\/exposicion-miguel-hernandez-a-plena-luz-alicante\/#breadcrumb","itemListElement":[{"@type":"ListItem","position":1,"name":"Home","item":"https:\/\/costablancaup.com\/es\/"},{"@type":"ListItem","position":2,"name":"Exposici\u00f3n &#8220;Miguel Hern\u00e1ndez, a plena luz&#8221; (Alicante)"}]},{"@type":"WebSite","@id":"https:\/\/costablancaup.com\/es\/#website","url":"https:\/\/costablancaup.com\/es\/","name":"COSTA BLANCA UP","description":"Costa Blanca Events and Agenda","publisher":{"@id":"https:\/\/costablancaup.com\/es\/#organization"},"potentialAction":[{"@type":"SearchAction","target":{"@type":"EntryPoint","urlTemplate":"https:\/\/costablancaup.com\/es\/?s={search_term_string}"},"query-input":{"@type":"PropertyValueSpecification","valueRequired":true,"valueName":"search_term_string"}}],"inLanguage":"es"},{"@type":"Organization","@id":"https:\/\/costablancaup.com\/es\/#organization","name":"Costa Blanca Up","url":"https:\/\/costablancaup.com\/es\/","logo":{"@type":"ImageObject","inLanguage":"es","@id":"https:\/\/costablancaup.com\/es\/#\/schema\/logo\/image\/","url":"https:\/\/costablancaup.com\/wp-content\/uploads\/2018\/07\/titulo_web-1.png","contentUrl":"https:\/\/costablancaup.com\/wp-content\/uploads\/2018\/07\/titulo_web-1.png","width":1973,"height":303,"caption":"Costa Blanca Up"},"image":{"@id":"https:\/\/costablancaup.com\/es\/#\/schema\/logo\/image\/"}}]}},"_links":{"self":[{"href":"https:\/\/costablancaup.com\/es\/wp-json\/wp\/v2\/class\/50698","targetHints":{"allow":["GET"]}}],"collection":[{"href":"https:\/\/costablancaup.com\/es\/wp-json\/wp\/v2\/class"}],"about":[{"href":"https:\/\/costablancaup.com\/es\/wp-json\/wp\/v2\/types\/class"}],"wp:attachment":[{"href":"https:\/\/costablancaup.com\/es\/wp-json\/wp\/v2\/media?parent=50698"}],"wp:term":[{"taxonomy":"wcs-type","embeddable":true,"href":"https:\/\/costablancaup.com\/es\/wp-json\/wp\/v2\/wcs-type?post=50698"},{"taxonomy":"wcs-room","embeddable":true,"href":"https:\/\/costablancaup.com\/es\/wp-json\/wp\/v2\/wcs-room?post=50698"},{"taxonomy":"wcs-instructor","embeddable":true,"href":"https:\/\/costablancaup.com\/es\/wp-json\/wp\/v2\/wcs-instructor?post=50698"}],"curies":[{"name":"wp","href":"https:\/\/api.w.org\/{rel}","templated":true}]}}

Exposición «Miguel Hernández, a plena luz» (Alicante)

<h2>Alicante acoge esta exposición dedicada a la vida y la obra del poeta alicantino, que se podrá visitar hasta el 28 de marzo en el Palacio Provincial de la Diputación de Alicante.</h2>
<p>La muestra está formada por más de un centenar de piezas originales que ofrecen un recorrido por la vida de Miguel Hernández a través de manuscritos, cartas, fotografías, dibujos, partituras, ediciones de libros y otros objetos personales.</p>
<p>La exposición llega a Alicante coincidiendo con el 111 aniversario del nacimiento del poeta, tras haber sido acogida los últimos años en varias ciudades españolas y extranjeras como Manchester, Nueva York, Dublín, Manila, Toulouse y París.</p>
<p class="tickets"><a title="Ampliar información" href="https://www.diputacionalicante.es/noticias/la-exposicion-miguel-hernandez-a-plena-luz-llega-a-alicante-con-mas-de-un-centenar-de-piezas-del-legado/" target="_blank" rel="noopener noreferrer">Ampliar información</a></p>
<h3>Horario</h3>
<ul>
<li>De lunes a sábado: de 11:00 a 13:00 y de 17:30 a 20:00 horas.</li>
</ul>
<p>&nbsp;</p>
<h3>Localización</h3>

            
            
            
            <a name='map19'></a>
            
            
            
            
            <div class="wpgmza_map "  id="wpgmza_map_19" style="display:block; overflow:auto; width:100%; height:400px; float:left;" data-settings='{"id":"19","map_title":"Palacio Provincial de Diputaci\u00f3n de Alicante","map_width":"100","map_height":"400","map_start_lat":"38.344382","map_start_lng":"-0.491763","map_start_location":"38.34438167117851,-0.49176322777452697","map_start_zoom":"16","default_marker":"0","type":"1","alignment":"1","directions_enabled":"0","styling_enabled":"0","styling_json":"","active":"0","kml":"","bicycle":"0","traffic":"0","dbox":"1","dbox_width":"100","listmarkers":"0","listmarkers_advanced":"0","filterbycat":"0","ugm_enabled":"0","ugm_category_enabled":"0","fusion":"","map_width_type":"\\%","map_height_type":"px","mass_marker_support":"0","ugm_access":"0","order_markers_by":"1","order_markers_choice":"2","show_user_location":"2","default_to":"","other_settings":{"wpgmza_store_locator_restrict":"","wpgmza_sl_animation":"1","store_locator_query_string":"ZIP \/ Address:","store_locator_name_string":"Title \/ Description:","store_locator_default_address":"","wpgmza_dbox_width_type":"%","map_max_zoom":"3","map_min_zoom":"21","sl_stroke_color":"FF0000","sl_stroke_opacity":"0.25","sl_fill_color":"FF0000","sl_fill_opacity":"0.15","click_open_link":2,"transport_layer":0,"iw_primary_color":"2A3744","iw_accent_color":"252F3A","iw_text_color":"FFFFFF","wpgmza_iw_type":"0","list_markers_by":"0","push_in_map":"","push_in_map_placement":"9","wpgmza_push_in_map_width":"","wpgmza_push_in_map_height":"","wpgmza_theme_data":"","upload_default_ul_marker":"","upload_default_sl_marker":"","shortcodeAttributes":{"id":"19"}}}' data-map-id='19' data-shortcode-attributes='{"id":"19"}'> </div>

<p>Alicante acoge esta exposición dedicada a la vida y la obra del poeta alicantino, que se podrá visitar hasta el 28 de marzo en el Palacio Provincial de la Diputación de Alicante. La muestra está formada por más de un centenar de piezas originales que ofrecen un recorrido por la vida de Miguel Hernández a través de manuscritos, cartas, fotografías, dibujos, partituras, ediciones de libros y otros objetos personales. La exposición llega a Alicante coincidiendo con el 111 aniversario del nacimiento del poeta, tras haber sido acogida los últimos años en varias ciudades españolas y extranjeras como Manchester, Nueva York, [&hellip;]</p>

<!-- This site is optimized with the Yoast SEO plugin v27.4 - https://yoast.com/product/yoast-seo-wordpress/ -->
<title>Exposición &quot;Miguel Hernández, a plena luz&quot; (Alicante) - COSTA BLANCA UP</title>
<meta name="robots" content="index, follow, max-snippet:-1, max-image-preview:large, max-video-preview:-1" />
<link rel="canonical" href="https://costablancaup.com/es/class/exposicion-miguel-hernandez-a-plena-luz-alicante/" />
<meta property="og:locale" content="es_ES" />
<meta property="og:type" content="article" />
<meta property="og:title" content="Exposición &quot;Miguel Hernández, a plena luz&quot; (Alicante) - COSTA BLANCA UP" />
<meta property="og:description" content="Alicante acoge esta exposición dedicada a la vida y la obra del poeta alicantino, que se podrá visitar hasta el 28 de marzo en el Palacio Provincial de la Diputación de Alicante. La muestra está formada por más de un centenar de piezas originales que ofrecen un recorrido por la vida de Miguel Hernández a través de manuscritos, cartas, fotografías, dibujos, partituras, ediciones de libros y otros objetos personales. La exposición llega a Alicante coincidiendo con el 111 aniversario del nacimiento del poeta, tras haber sido acogida los últimos años en varias ciudades españolas y extranjeras como Manchester, Nueva York, [&hellip;]" />
<meta property="og:url" content="https://costablancaup.com/es/class/exposicion-miguel-hernandez-a-plena-luz-alicante/" />
<meta property="og:site_name" content="COSTA BLANCA UP" />
<meta property="article:modified_time" content="2021-11-23T19:38:08+00:00" />
<meta name="twitter:card" content="summary_large_image" />
<meta name="twitter:label1" content="Tiempo de lectura" />
	<meta name="twitter:data1" content="1 minuto" />
<script type="application/ld+json" class="yoast-schema-graph">{"@context":"https:\/\/schema.org","@graph":[{"@type":"WebPage","@id":"https:\/\/costablancaup.com\/es\/class\/exposicion-miguel-hernandez-a-plena-luz-alicante\/","url":"https:\/\/costablancaup.com\/es\/class\/exposicion-miguel-hernandez-a-plena-luz-alicante\/","name":"Exposición \"Miguel Hernández, a plena luz\" (Alicante) - COSTA BLANCA UP","isPartOf":{"@id":"https:\/\/costablancaup.com\/es\/#website"},"datePublished":"2021-11-23T19:36:05+00:00","dateModified":"2021-11-23T19:38:08+00:00","breadcrumb":{"@id":"https:\/\/costablancaup.com\/es\/class\/exposicion-miguel-hernandez-a-plena-luz-alicante\/#breadcrumb"},"inLanguage":"es","potentialAction":[{"@type":"ReadAction","target":["https:\/\/costablancaup.com\/es\/class\/exposicion-miguel-hernandez-a-plena-luz-alicante\/"]}]},{"@type":"BreadcrumbList","@id":"https:\/\/costablancaup.com\/es\/class\/exposicion-miguel-hernandez-a-plena-luz-alicante\/#breadcrumb","itemListElement":[{"@type":"ListItem","position":1,"name":"Home","item":"https:\/\/costablancaup.com\/es\/"},{"@type":"ListItem","position":2,"name":"Exposición &#8220;Miguel Hernández, a plena luz&#8221; (Alicante)"}]},{"@type":"WebSite","@id":"https:\/\/costablancaup.com\/es\/#website","url":"https:\/\/costablancaup.com\/es\/","name":"COSTA BLANCA UP","description":"Costa Blanca Events and Agenda","publisher":{"@id":"https:\/\/costablancaup.com\/es\/#organization"},"potentialAction":[{"@type":"SearchAction","target":{"@type":"EntryPoint","urlTemplate":"https:\/\/costablancaup.com\/es\/?s={search_term_string}"},"query-input":{"@type":"PropertyValueSpecification","valueRequired":true,"valueName":"search_term_string"}}],"inLanguage":"es"},{"@type":"Organization","@id":"https:\/\/costablancaup.com\/es\/#organization","name":"Costa Blanca Up","url":"https:\/\/costablancaup.com\/es\/","logo":{"@type":"ImageObject","inLanguage":"es","@id":"https:\/\/costablancaup.com\/es\/#\/schema\/logo\/image\/","url":"https:\/\/costablancaup.com\/wp-content\/uploads\/2018\/07\/titulo_web-1.png","contentUrl":"https:\/\/costablancaup.com\/wp-content\/uploads\/2018\/07\/titulo_web-1.png","width":1973,"height":303,"caption":"Costa Blanca Up"},"image":{"@id":"https:\/\/costablancaup.com\/es\/#\/schema\/logo\/image\/"}}]}</script>
<!-- / Yoast SEO plugin. -->

Exposición "Miguel Hernández, a plena luz" (Alicante) - COSTA BLANCA UP

Alicante acoge esta exposición dedicada a la vida y la obra del poeta alicantino, que se podrá visitar hasta el 28 de marzo en el Palacio Provincial de la Diputación de Alicante. La muestra está formada por más de un centenar de piezas originales que ofrecen un recorrido por la vida de Miguel Hernández a través de manuscritos, cartas, fotografías, dibujos, partituras, ediciones de libros y otros objetos personales. La exposición llega a Alicante coincidiendo con el 111 aniversario del nacimiento del poeta, tras haber sido acogida los últimos años en varias ciudades españolas y extranjeras como Manchester, Nueva York, [&hellip;]

Exposición &#8220;Miguel Hernández, a plena luz&#8221; (Alicante)
